NOAA-Style Climate Reports

Select a Year or Month report
2018: Jan Feb Mar Apr May Jun Jul Aug Sep Oct Nov Dec
2017: Jan Feb Mar Apr May Jun Jul Aug Sep Oct Nov Dec
2016: Jan Feb Mar Apr May Jun Jul Aug Sep Oct Nov Dec
2015: Jan Feb Mar Apr May Jun Jul Aug Sep Oct Nov Dec
2014: Jan Feb Mar Apr May Jun Jul Aug Sep Oct Nov Dec
2013: Jan Feb Mar Apr May Jun Jul Aug Sep Oct Nov Dec
2012: Jan Feb Mar Apr May Jun Jul Aug Sep Oct Nov Dec
2011: Jan Feb Mar Apr May Jun Jul Aug Sep Oct Nov Dec

Report for 2015 February
                   Monthly Climatological Summary for Feb 2015

Name: Jared Court   City: Windsor   State: NS
Elevation: 48 m  Lat: N 44° 58' 41"   Lon: W 064° 06' 20"

                  Temperature (°C), Rain (mm), Wind Speed (km/h)

                                      Heat  Cool        Avg
    Mean                              Deg   Deg         Wind                 Dom
Day Temp  High   Time   Low    Time   Days  Days  Rain  Speed High   Time    Dir
----------------------------------------------------------------------------------
 1  -9.1  -4.1   1:14a -14.1  11:54p  27.1   0.0   0.0   5.7  45.1   8:18p   WSW
 2 -14.1 -11.1  11:59p -18.4   7:24a  32.1   0.0   0.0   6.5  30.6   1:27a    NW
 3 -11.5  -8.7   3:59a -17.4  11:57p  29.5   0.0   0.0  11.1  61.2   6:18a     W
 4 -10.0  -1.1  11:58p -20.5   3:47a  28.0   0.0   0.0   6.4  30.6   7:01p   ESE
 5  -0.3   3.8  12:28p  -8.2  11:53p  18.3   0.0   2.6   8.9  35.4   5:48a   ESE
 6 -11.8  -8.2  12:00a -14.7  10:47p  29.8   0.0   0.0   8.2  35.4   5:29a     W
 7 -12.3  -5.3   1:09p -21.6   8:00a  30.3   0.0   0.0   2.8  24.1   3:19p    SW
 8 -12.1  -9.7   3:34p -14.3  11:55p  30.1   0.0   0.0   4.5  27.4   7:22p   NNW
 9 -14.0 -11.3   2:45p -15.9   6:51a  32.0   0.0   0.0   8.3  29.0   6:14a   NNW
10  -9.9  -4.4   3:10p -14.3  12:00a  27.9   0.0   0.0   3.9  17.7   4:00p    NW
11 -11.6  -9.0   1:43p -13.9   6:45a  29.6   0.0   0.0  10.1  35.4   2:19p   NNW
12  -8.0  -3.8   3:44p -12.8  12:00a  26.0   0.0   0.0   4.9  20.9   2:03a   WNW
13  -9.4  -7.4  12:00a -13.4  11:43p  27.4   0.0   0.0   8.8  37.0   3:23p     W
14 -12.8  -7.2   2:54p -18.2   5:12a  30.8   0.0   0.2   3.5  24.1  12:42a   SSW
15  -9.8  -7.1  10:40a -12.0  12:28a  27.7   0.0   0.0  14.5  66.0   6:34p   WNW
16 -12.0 -10.5   8:30p -13.4  10:23a  30.0   0.0   0.0  18.5  56.3   5:53p     W
17  -9.3  -4.7   2:34p -14.0   7:02a  27.3   0.0   0.0   4.9  37.0  12:00a     W
18  -7.4  -2.3   2:40p -12.4  12:00a  25.4   0.0   0.0   1.3  12.9   3:07p   NNE
19  -2.2   0.6   4:19p  -5.2   2:48a  20.2   0.0   0.0   2.9  25.7   2:30p    NE
20  -5.3  -0.3  12:00a  -9.0  11:49p  23.3   0.0   0.0  14.9  56.3   7:21a   SSE
21  -7.1  -1.8   3:54p -12.8   6:54a  25.1   0.0   0.0   7.2  32.2   1:48a   SSW
22   1.4   6.4  10:25a  -3.2  12:00a  16.5   0.0   6.6  10.3  54.7   2:21a    SE
23  -5.4  -0.6  12:43p -16.1  11:56p  23.4   0.0   0.2   7.3  43.5   8:00p   WSW
24 -16.4 -10.7   4:31p -20.2   4:40a  34.4   0.0   0.0   7.3  37.0   2:48a   WSW
25  -6.4   3.1   4:08p -17.8  12:12a  24.4   0.0   4.4   9.6  48.3  10:52a   ESE
26  -7.8  -5.8  12:00a  -9.5  11:45p  25.8   0.0   0.0   4.5  24.1   9:23a     W
27  -9.9  -6.2   2:22p -14.3   8:48p  27.9   0.0   0.0   6.0  25.7  12:37p     W
28 -10.3  -1.6   3:05p -22.2   7:06a  28.3   0.0   0.0   3.3  20.9   2:25p   SSW
----------------------------------------------------------------------------------
    -9.1   6.4    22   -22.2    28   758.6   0.0  14.0   7.4  66.0    15       W

Max >=  27.0:  0
Max <=   0.0: 24
Min <=   0.0: 28
Min <= -18.0:  6
Max Rain: 6.6 on day 22
Days of Rain: 5 (>= 0.2 mm)  3 (>= 2.0 mm)  0 (>= 20.0 mm)
Heat Base: 18.0  Cool Base: 18.0  Method: Integration