NOAA-Style Climate Reports


Report for 2015 January
                   Monthly Climatological Summary for Jan 2015

Name: Jared Court   City: Windsor   State: NS
Elevation: 48 m  Lat: N 44° 58' 41"   Lon: W 064° 06' 20"

                  Temperature (°C), Rain (mm), Wind Speed (km/h)

                                      Heat  Cool        Avg
    Mean                              Deg   Deg         Wind                 Dom
Day Temp  High   Time   Low    Time   Days  Days  Rain  Speed High   Time    Dir
----------------------------------------------------------------------------------
 1  -5.9  -0.2  12:29p -11.8  12:00a  23.9   0.0   0.0   5.0  22.5  12:29p    SE
 2  -2.0   2.7   1:59p  -7.2  11:56p  20.0   0.0   0.4   8.3  51.5   2:47p   WSW
 3 -10.6  -7.2  12:00a -13.0   7:40a  28.6   0.0   0.0   9.0  41.8   2:19a     W
 4  -1.6  10.4  10:32p -11.7   2:49a  19.6   0.0  13.4   8.0  37.0  12:41p     E
 5   2.0  10.2  12:08a -10.5  11:59p  16.0   0.0   5.2  13.6  66.0   1:02p   WSW
 6 -13.1 -10.5  12:00a -15.3   9:28a  31.1   0.0   0.0  10.6  46.7   4:15a   WSW
 7 -13.0 -10.3   3:19p -16.8   8:00a  31.0   0.0   0.0   2.6  12.9  12:11a     N
 8 -13.9 -10.7   5:01a -16.3   6:15p  31.9   0.0   0.0   6.9  29.0   6:52a     W
 9  -4.8   4.3   3:34p -16.1   3:21a  22.8   0.0   3.8  11.6  53.1  10:09a    SE
10  -7.2  -4.3  12:12p -11.2   8:15a  25.2   0.0   0.0   3.4  25.7  12:36p    SW
11  -6.2  -3.2   2:56p  -9.1   7:59a  24.2   0.0   0.0   3.8  27.4  12:15p   SSE
12   0.7   3.7   3:46p  -3.9  12:00a  17.2   0.0   2.8   6.0  30.6   4:29a    SE
13  -8.7  -0.9  12:00a -16.0  11:58p  26.7   0.0   0.0   6.0  27.4   6:18a    NW
14 -11.6  -3.2   1:20p -18.6   5:06a  29.6   0.0   1.8   2.3  20.9   2:14p   ESE
15  -5.7  -0.1   2:47p -13.0   2:09a  23.7   0.0   0.6   1.9  14.5   3:53p   NNW
16  -0.3   3.8  12:00p  -7.1  11:55p  18.3   0.0   1.4   6.7  48.3   8:44p     S
17 -12.7  -7.1  12:00a -15.2   8:21a  30.7   0.0   0.0  10.0  41.8  12:56p   WSW
18  -4.3   6.3  10:57p -17.4   2:45a  22.3   0.0   0.8   9.2  48.3   2:26p   ESE
19   7.3   9.6   9:48a   2.2  11:39p  10.7   0.0  18.6  16.5  66.0  11:10a     E
20   0.9   2.8  12:50a  -4.9  11:58p  17.1   0.0   0.0   8.8  45.1  12:37p     S
21  -8.6  -4.9  12:00a -10.7   6:53a  26.6   0.0   0.0   8.0  32.2   2:03a     W
22  -7.5  -3.8   3:14p -12.3   3:22a  25.4   0.0   0.0   4.9  29.0  10:17p    NW
23  -4.3  -2.2   2:46p  -6.6   8:14a  22.3   0.0   0.0   8.0  35.4   1:43p     W
24   1.7  10.5  11:26p  -4.3  12:11a  16.3   0.0  29.8   9.6  54.7  11:44p   ESE
25   0.9   9.8  12:00a  -8.2  11:51p  17.1   0.0   0.6  12.5  46.7  12:19a    SW
26  -9.2  -6.4   3:17p -11.4   8:08a  27.2   0.0   0.0   7.5  37.0   1:03a     W
27  -6.6  -4.0  11:53p -10.2   3:21a  24.6   0.0   0.0  14.1  51.5   8:15a   NNW
28  -3.9  -1.1  12:12p  -7.5  11:28p  21.9   0.0   0.0   6.3  30.6   7:44p    NW
29  -7.4  -2.9   1:50p -14.4  11:47p  25.4   0.0   3.4   2.7  19.3  12:06a   WNW
30  -7.5  -2.0   4:25p -13.7  12:00a  25.5   0.0   0.4   2.1  17.7   6:00p     E
31  -2.0   0.2   9:43a  -4.2  11:28p  20.0   0.0   0.2   3.0  24.1   4:01a     N
----------------------------------------------------------------------------------
    -5.3  10.5    24   -18.6    14   722.9   0.0  83.2   7.4  66.0     5      SW

Max >=  27.0:  0
Max <=   0.0: 19
Min <=   0.0: 30
Min <= -18.0:  1
Max Rain: 29.8 on day 24
Days of Rain: 15 (>= 0.2 mm)  7 (>= 2.0 mm)  1 (>= 20.0 mm)
Heat Base: 18.0  Cool Base: 18.0  Method: Integration