NOAA-Style Climate Reports

Select a Year or Month report
2018: Jan Feb Mar Apr May Jun Jul Aug Sep Oct Nov Dec
2017: Jan Feb Mar Apr May Jun Jul Aug Sep Oct Nov Dec
2016: Jan Feb Mar Apr May Jun Jul Aug Sep Oct Nov Dec
2015: Jan Feb Mar Apr May Jun Jul Aug Sep Oct Nov Dec
2014: Jan Feb Mar Apr May Jun Jul Aug Sep Oct Nov Dec
2013: Jan Feb Mar Apr May Jun Jul Aug Sep Oct Nov Dec
2012: Jan Feb Mar Apr May Jun Jul Aug Sep Oct Nov Dec
2011: Jan Feb Mar Apr May Jun Jul Aug Sep Oct Nov Dec

Report for 2015
                   Annual Climatological Summary for 2015

Name: Jared Court   City: Windsor   State: NS
Elevation: 48 m  Lat: N 44° 58' 41"   Lon: W 064° 06' 20"

                  Temperature (°C), Heat Base: 18.0  Cool Base: 18.0
                          Dep.  Heat  Cool                       Max  Max  Min  Min
        Mean  Mean        From  Deg   Deg                        >=   <=   <=   <=
 YR MO  Max   Min   Mean  Norm  Days  Days  Hi  Date  Low  Date 27.0  0.0  0.0 -18.0
------------------------------------------------------------------------------------
 15  1  -0.3 -10.9  -5.3  -1.2   722     0  10.5  24 -18.6   14    0   19   30    1
 15  2  -4.6 -14.3  -9.1  -6.4   758     0   6.4  22 -22.2   28    0   24   28    6
 15  3   1.7  -9.2  -3.4  -3.3   661     0  10.6  11 -17.9   14    0    8   29    0
 15  4   8.4  -1.5   3.2  -2.0   444     0  20.4  13 -13.9    6    0    0   18    0
 15  5  19.8   5.9  12.8   1.3   188    28  30.3  27  -1.3    3    2    0    2    0
 15  6  19.5   9.1  14.2  -2.5   133    20  26.5  12   2.6    8    0    0    0    0
 15  7  25.5  13.9  19.3  -0.7    36    75  30.7  31   8.1   17   12    0    0    0
 15  8  27.5  15.6  21.4   2.0    16   120  32.3  19   0.0   10   19    0    1    0
 15  9  23.8  11.7  17.7   1.8    71    62  30.8   7   1.4   27    6    0    0    0
 15 10  14.4   3.4   9.1   0.5   278     2  21.7  12  -3.5   27    0    0    6    0
 15 11   9.3   1.7   5.6   1.6   372     0  18.6   6  -7.6   26    0    1    9    0
 15 12   6.0  -1.1   2.5   3.2   479     0  14.9  24 -12.9   29    0    3   18    0
------------------------------------------------------------------------------------
        12.6   2.0   7.3  -0.5  4163   310  32.3 Aug -22.2  Feb   39   55  141    7

                                Precipitation (mm)

              Dep.   Max        Days of Rain
              From   Obs.           >=
 YR MO Total  Norm   Day Date  0.2  2.0 20.0
---------------------------------------------
 15  1  83.2  22.2  29.8  24    15    7    1
 15  2  14.0 -27.0   6.6  22     5    3    0
 15  3  41.8 -16.2   9.0  24    15    8    0
 15  4  69.6  10.6  16.2  23    15    8    0
 15  5  38.0 -44.0  24.4  31    11    4    1
 15  6 149.6  71.6  28.2  21    15   13    3
 15  7  58.4 -34.6  18.2  25    13    5    0
 15  8  56.6 -22.4  28.8   9    10    5    1
 15  9  54.2 -42.8  17.8  10    11    5    0
 15 10 121.6  24.6  49.4   1    14    9    2
 15 11 123.8  27.8  59.6  23    11    6    2
 15 12  98.4  29.4  21.4  15    17   11    1
---------------------------------------------
       909.2  -0.8  59.6  Nov  152   84   11

                                Wind Speed (km/h)
                          Dom
 YR MO   Avg.  Hi   Date  Dir
------------------------------
 15  1   7.4  66.0    5    SW
 15  2   7.4  66.0   15     W
 15  3   7.2  53.1   22   WSW
 15  4   6.4  53.1   21   WSW
 15  5   6.6  49.9    6   SSE
 15  6   6.1  48.3    9   ESE
 15  7   4.2  38.6    1   ESE
 15  8   4.7  41.8    4   ESE
 15  9   4.3  62.8   30   SSE
 15 10   5.8  70.8   29     S
 15 11   6.9  88.5   23     S
 15 12   5.2  53.1   20   WSW
------------------------------
         6.0  88.5  Nov   SSW