NOAA-Style Climate Reports


Report for 2014 December
                   Monthly Climatological Summary for Dec 2014

Name: Jared Court   City: Windsor   State: NS
Elevation: 48 m  Lat: N 44° 58' 41"   Lon: W 064° 06' 20"

                  Temperature (°C), Rain (mm), Wind Speed (km/h)

                                      Heat  Cool        Avg
    Mean                              Deg   Deg         Wind                 Dom
Day Temp  High   Time   Low    Time   Days  Days  Rain  Speed High   Time    Dir
----------------------------------------------------------------------------------
 1  12.3  18.0   1:51p   6.0  11:59p   5.7   0.0   0.0  10.3  35.4   8:21a   SSE
 2  -4.1   6.0  12:00a  -8.7  10:21p  22.1   0.0   0.0   9.4  40.2   3:31a   WNW
 3   4.9  12.1   5:15p  -7.8  12:00a  13.1   0.0  16.0  14.9  56.3   2:49p   ESE
 4   3.2  12.7  12:32a  -3.7  11:53p  14.8   0.0   1.6   9.1  48.3   1:22a   WSW
 5  -6.5  -3.5   3:27p  -9.6  11:30p  24.5   0.0   0.0   3.8  25.7   3:25a   WNW
 6   0.1  11.2  10:40p  -9.5  12:00a  17.9   0.0   8.8   6.1  48.3   6:46p   ESE
 7  -1.5   9.8  12:00a -10.2  11:11p  19.5   0.0   5.2  10.2  37.0   7:15p   WNW
 8  -8.5  -4.9   2:21p -10.6   1:34a  26.5   0.0   0.0   5.3  29.0   5:29a    NW
 9  -1.7   4.3  11:57p  -9.2  12:00a  19.5   0.0   0.2   4.8  41.8  10:20p    NE
10   9.7  12.2   4:19p   4.3  12:00a   8.3   0.0  60.6  18.1  56.3   7:02a   ENE
11  10.0  12.8   1:06p   7.1   7:09p   8.0   0.0  22.2   7.3  48.3  12:11a     E
12   6.4   8.8   5:25p   4.3   2:27a  11.6   0.0   2.8   1.3  14.5  11:07p   SSW
13   2.4   6.4   3:10p  -0.3   8:48p  15.6   0.0   0.4   1.8  11.3   9:51a   ESE
14   2.0   4.5  12:39p   0.3   5:42a  16.0   0.0   0.8   4.3  27.4   2:22p   WNW
15   1.6   3.1  11:29a  -0.7  11:04p  16.4   0.0   0.4   8.7  29.0   5:20a    NW
16  -0.7   0.1   3:03p  -1.2   6:31a  18.7   0.0   0.0   3.4  25.7   2:12a   NNW
17   1.0   6.4  11:42p  -0.8   1:27a  17.0   0.0  11.8   4.1  25.7  11:18p    NE
18   4.3   7.6   8:58a   0.6  11:02p  13.7   0.0   8.2   7.5  46.7   9:58a    SE
19   0.3   1.9   2:14p  -0.6   6:27p  17.7   0.0   0.6   8.2  30.6   4:13a     W
20   0.2   2.1   1:37p  -1.3   5:46a  17.8   0.0   0.6   6.1  25.7   1:11a    NW
21  -0.2   0.6   1:49p  -0.6   6:10a  18.2   0.0   0.0   2.7  14.5  10:27a   NNE
22  -1.2  -0.6  12:00a  -1.9  11:55p  19.2   0.0   0.0   3.6  14.5   2:24a    NE
23  -1.5   1.3   1:39p  -4.4   6:52a  19.5   0.0   0.0   2.2  14.5   3:45p    NE
24   4.6  12.3  10:59p  -0.4  12:04a  13.4   0.0   5.6   4.4  35.4  11:51p     E
25  12.6  16.0   2:08p   6.8  11:03p   5.4   0.0  13.2  15.7  51.5   8:05a    SE
26   6.3   8.3   1:24p   4.4  11:53p  11.7   0.0   0.0   9.9  54.7  12:00p    SW
27   4.3   7.3  11:11a  -1.1  11:51p  13.7   0.0   0.0   8.4  51.5   1:22p   WSW
28   4.0   7.8   5:30p  -2.3   1:59a  14.0   0.0   5.6   5.8  27.4  10:02a     S
29   1.0   4.2  12:00a  -4.2  11:58p  17.0   0.0   0.0   8.8  35.4   3:45p   WSW
30  -9.3  -4.2  12:00a -12.2  10:59p  27.3   0.0   0.0  10.4  32.2   4:14p     W
31 -11.2  -8.1   2:46p -13.6   3:48a  29.2   0.0   0.0   4.8  40.2  12:00p   WSW
----------------------------------------------------------------------------------
     1.4  18.0     1   -13.6    31   513.0   0.0 164.6   7.1  56.3     3      SW

Max >=  27.0:  0
Max <=   0.0:  5
Min <=   0.0: 23
Min <= -18.0:  0
Max Rain: 60.6 on day 10
Days of Rain: 18 (>= 0.2 mm)  11 (>= 2.0 mm)  2 (>= 20.0 mm)
Heat Base: 18.0  Cool Base: 18.0  Method: Integration