NOAA-Style Climate Reports

Select a Year or Month report
2018: Jan Feb Mar Apr May Jun Jul Aug Sep Oct Nov Dec
2017: Jan Feb Mar Apr May Jun Jul Aug Sep Oct Nov Dec
2016: Jan Feb Mar Apr May Jun Jul Aug Sep Oct Nov Dec
2015: Jan Feb Mar Apr May Jun Jul Aug Sep Oct Nov Dec
2014: Jan Feb Mar Apr May Jun Jul Aug Sep Oct Nov Dec
2013: Jan Feb Mar Apr May Jun Jul Aug Sep Oct Nov Dec
2012: Jan Feb Mar Apr May Jun Jul Aug Sep Oct Nov Dec
2011: Jan Feb Mar Apr May Jun Jul Aug Sep Oct Nov Dec

Report for 2014 November
                   Monthly Climatological Summary for Nov 2014

Name: Jared Court   City: Windsor   State: NS
Elevation: 48 m  Lat: N 44° 58' 41"   Lon: W 064° 06' 20"

                  Temperature (°C), Rain (mm), Wind Speed (km/h)

                                      Heat  Cool        Avg
    Mean                              Deg   Deg         Wind                 Dom
Day Temp  High   Time   Low    Time   Days  Days  Rain  Speed High   Time    Dir
----------------------------------------------------------------------------------
 1   6.2   7.4  11:15a   5.2   3:11a  11.7   0.0   9.8   5.6  29.0  10:15p   NNW
 2   8.0  11.0   6:39p   5.7   1:45a  10.2   0.0  34.4   5.2  33.8  12:45a    NW
 3   2.7   8.4  12:00a   1.5   7:17p  15.3   0.0   1.4   6.9  33.8   3:29a    SW
 4   4.5   8.3   2:02p   2.5  12:00a  13.5   0.0   0.0   5.8  32.2   3:55a     W
 5   9.9  15.0   3:41p   3.5  12:00a   8.1   0.0   0.0   6.2  45.1  11:48a    SE
 6   7.5  11.6   2:29p   1.9   7:32a  10.5   0.0   0.2   1.6  16.1   5:17p     E
 7  10.4  14.9  11:40a   2.9  11:57p   7.6   0.0  15.8   7.4  43.5  11:03p    SE
 8   2.0   4.5   1:10p  -1.1  11:23p  16.0   0.0   1.2  11.7  57.9  12:07p   WSW
 9   6.2  13.1   1:30p  -1.2   3:48a  11.8   0.0   0.0   4.9  32.2   1:04p    SE
10   5.9  12.4   2:46p   1.3   7:33a  12.1   0.0   0.0   1.7  16.1   2:59p     S
11   5.7  14.6   1:03p  -1.3   6:12a  12.3   0.0   0.0   4.4  33.8   2:42p   ESE
12   9.8  12.6   3:42p   6.8   2:25a   8.2   0.0   1.2   1.7  16.1   1:11p    NE
13   6.9  11.5  12:00a  -0.7  11:41p  11.1   0.0   0.4   3.3  25.7   6:33a   WNW
14   0.9   2.8  10:24a  -1.2  12:52a  17.1   0.0   0.6   3.4  37.0   9:27p   WNW
15  -2.0   0.3   1:00a  -4.1  10:46p  20.0   0.0   0.2   5.1  35.4  10:33a   WSW
16  -1.0   3.6  11:28p  -6.9   7:04a  19.0   0.0   3.4   3.6  24.1  11:58p    SE
17   4.5  15.0  11:58p   2.6  11:44a  13.5   0.0  29.2   3.2  32.2  11:32p   ESE
18  10.6  17.0  10:39a  -0.6  11:52p   7.4   0.0  26.6  10.3  56.3   1:00p   SSE
19  -0.6   2.1   2:54p  -2.6   6:44a  18.6   0.0   0.0   7.1  40.2  10:28a     S
20   2.0   7.1   2:39p  -3.9   1:49a  16.0   0.0   1.4   6.9  33.8  12:42p   ESE
21  -0.8   3.3  12:00a  -3.8  11:42p  18.8   0.0   0.0   8.8  41.8   6:04p   WSW
22  -1.5   4.0  10:38p  -4.8   8:15a  19.5   0.0   0.0   9.5  40.2   9:53p   SSW
23   4.3   8.4  12:40p  -1.2  10:04p  13.7   0.0   0.0   5.1  32.2  12:00a   SSW
24   8.5  17.9  11:59p   0.5  12:00a   9.5   0.0   5.0  13.6  64.4   5:55p   ESE
25  16.1  19.5  11:46a  10.2  11:59p   2.0   0.1   0.0  11.0  46.7  12:15a    SE
26   6.0  10.4  12:35a   0.8   8:20p  12.0   0.0  16.6   3.3  25.7  11:49p   WNW
27   1.6   3.4   9:46a  -1.3  10:48p  16.4   0.0  31.8  10.4  48.3   5:01a    NW
28  -1.4  -0.3   1:18p  -2.2  10:26p  19.4   0.0   0.0   4.7  19.3   8:11p   NNW
29  -3.3  -0.8   1:11p  -7.1  11:57p  21.3   0.0   0.0   5.1  25.7   1:24p     W
30   2.3  11.3  11:48p  -7.6   1:34a  15.7   0.0   0.2  11.2  43.5  12:46p   ESE
----------------------------------------------------------------------------------
     4.4  19.5    25    -7.6    30   408.3   0.1 179.4   6.3  64.4    24       S

Max >=  27.0:  0
Max <=   0.0:  2
Min <=   0.0: 17
Min <= -18.0:  0
Max Rain: 34.4 on day 2
Days of Rain: 18 (>= 0.2 mm)  9 (>= 2.0 mm)  4 (>= 20.0 mm)
Heat Base: 18.0  Cool Base: 18.0  Method: Integration