NOAA-Style Climate Reports


Report for 2014 October
                   Monthly Climatological Summary for Oct 2014

Name: Jared Court   City: Windsor   State: NS
Elevation: 48 m  Lat: N 44° 58' 41"   Lon: W 064° 06' 20"

                  Temperature (°C), Rain (mm), Wind Speed (km/h)

                                      Heat  Cool        Avg
    Mean                              Deg   Deg         Wind                 Dom
Day Temp  High   Time   Low    Time   Days  Days  Rain  Speed High   Time    Dir
----------------------------------------------------------------------------------
 1  14.0  15.4  12:26p  11.2  11:46p   4.0   0.0   0.0   3.7  25.7  11:28p   NNW
 2  12.5  18.5   3:17p   5.6   7:30a   5.5   0.0   0.0   4.2  27.4   2:08p     N
 3  12.4  18.8   4:12p   7.4   3:17a   5.6   0.1   0.0   3.7  22.5   5:45p     N
 4  15.2  18.2   1:15p  12.5   4:21a   2.8   0.0   1.0   5.6  29.0  12:26p   ENE
 5  16.3  17.7  12:22p  11.4  11:59p   1.7   0.0   4.0   9.8  45.1  11:41a     E
 6  12.4  18.3   3:41p   6.6  11:12p   5.6   0.0   0.2   2.6  17.7   4:41a    SW
 7  11.1  18.7   3:56p   3.4   7:23a   7.0   0.0   0.0   5.4  27.4   3:04p   ESE
 8  16.1  21.4  12:35p  11.1   3:28a   2.3   0.4   6.2  10.4  46.7  11:30a   ESE
 9  14.3  17.4   3:04p   9.6  10:40p   3.7   0.0   0.0   5.4  37.0   3:54p     S
10  11.4  17.2   4:26p   7.6   6:40a   6.6   0.0   0.0   5.7  33.8  12:23p   SSE
11   8.8  12.7  12:22p   6.3   6:40a   9.2   0.0   4.4   2.0  14.5   1:27a   SSE
12   8.7  13.4   3:24p   4.6  11:58p   9.3   0.0   0.0   3.7  32.2   1:18p     W
13   9.4  18.3   3:34p   0.8   7:14a   8.6   0.0   0.0   3.0  22.5   2:39p   SSW
14  14.3  19.1   3:31p   6.5   2:49a   3.8   0.1   0.0   4.7  25.7  11:25p   SSE
15  20.2  25.1   3:04p  16.4   4:35a   0.3   2.5   0.0   6.1  38.6   2:22p     S
16  18.6  22.8   3:53p  16.3   7:44a   0.4   1.0   0.2   5.3  19.3  12:35p   ESE
17  17.9  20.7  10:06a  14.5  11:54p   0.8   0.7  16.8  13.4  72.4   2:40p   ESE
18  15.6  20.2   2:35p  13.2  11:56p   2.7   0.3   0.0   6.5  27.4   3:35p   ESE
19  14.7  19.3   1:55p   8.1  11:57p   3.4   0.1   7.2   4.7  27.4  11:46p   SSE
20   6.1   8.8   3:18p   4.3   4:25a  11.9   0.0   7.0   8.3  43.5  10:19a   WSW
21   8.0  16.7   2:49p   0.9   7:52a  10.0   0.0   0.0   2.1  17.7   1:50p    SE
22   8.4   9.9   4:42p   5.7  12:42a   9.6   0.0  11.8   4.1  30.6   2:47p     N
23  11.4  12.0  10:36p   9.8  12:00a   6.6   0.0   8.0   7.5  32.2  10:02p   NNE
24  12.4  14.4   3:48p  11.3  11:47p   5.6   0.0  28.6   4.6  24.1   8:21a   NNW
25   9.7  11.3  12:00a   8.2  11:37p   8.3   0.0   0.6   5.4  20.9   4:09a     W
26   8.8  10.9   4:36p   5.6   6:16a   9.2   0.0  21.4   3.3  19.3  10:04a   SSW
27   8.4   9.3  12:00a   7.3   8:18a   9.6   0.0   0.0  11.7  40.2   1:28p     W
28   7.0   9.0   3:33p   2.9  11:51p  11.0   0.0   0.0   6.7  33.8   5:56a     W
29  12.9  18.5  10:05p   2.8  12:01a   5.1   0.0   0.0   8.4  33.8   2:56p   ESE
30  12.6  18.1  12:00a   6.4   9:11p   5.4   0.0   0.0   5.0  27.4   6:34a    SW
31   7.3  13.2   2:47p   0.0   8:08a  10.7   0.0   0.0   2.1  19.3  11:26p   NNE
----------------------------------------------------------------------------------
    12.2  25.1    15     0.0    31   186.3   5.2 117.4   5.7  72.4    17      SE

Max >=  27.0:  0
Max <=   0.0:  0
Min <=   0.0:  1
Min <= -18.0:  0
Max Rain: 28.6 on day 24
Days of Rain: 14 (>= 0.2 mm)  10 (>= 2.0 mm)  2 (>= 20.0 mm)
Heat Base: 18.0  Cool Base: 18.0  Method: Integration