NOAA-Style Climate Reports

Select a Year or Month report
2018: Jan Feb Mar Apr May Jun Jul Aug Sep Oct Nov Dec
2017: Jan Feb Mar Apr May Jun Jul Aug Sep Oct Nov Dec
2016: Jan Feb Mar Apr May Jun Jul Aug Sep Oct Nov Dec
2015: Jan Feb Mar Apr May Jun Jul Aug Sep Oct Nov Dec
2014: Jan Feb Mar Apr May Jun Jul Aug Sep Oct Nov Dec
2013: Jan Feb Mar Apr May Jun Jul Aug Sep Oct Nov Dec
2012: Jan Feb Mar Apr May Jun Jul Aug Sep Oct Nov Dec
2011: Jan Feb Mar Apr May Jun Jul Aug Sep Oct Nov Dec

Report for 2014 September
                   Monthly Climatological Summary for Sep 2014

Name: Jared Court   City: Windsor   State: NS
Elevation: 48 m  Lat: N 44° 58' 41"   Lon: W 064° 06' 20"

                  Temperature (°C), Rain (mm), Wind Speed (km/h)

                                      Heat  Cool        Avg
    Mean                              Deg   Deg         Wind                 Dom
Day Temp  High   Time   Low    Time   Days  Days  Rain  Speed High   Time    Dir
----------------------------------------------------------------------------------
 1  21.2  24.7  12:46p  19.2   5:29a   0.0   3.2   5.4   2.2  17.7  12:41p   WNW
 2  20.9  24.3   4:41p  18.3  11:51p   0.0   2.9   0.0   5.5  25.7  11:57p   ESE
 3  21.0  25.2   3:49p  17.6  11:58p   0.0   3.1   3.2   6.4  30.6  10:14a   SSE
 4  21.2  27.8   4:01p  13.8   7:21a   0.5   3.7   0.0   3.0  24.1   5:51p    SW
 5  22.1  30.5   3:18p  14.7   7:35a   0.3   4.4   0.0   2.0  19.3   3:05p    SW
 6  22.5  26.2   4:18p  18.7   5:10a   0.0   4.5   0.2   9.3  46.7   6:25p   SSE
 7  17.0  22.4  12:02a   0.0  12:02a   1.7   0.7  12.2   4.0  24.1   2:10a     W
 8  13.2  19.4   4:08p   6.7  11:56p   5.0   0.2   0.0   2.9  22.5   1:20p     W
 9  12.1  22.4   3:02p   3.9   5:57a   6.5   0.7   0.0   3.1  24.1   4:05p     E
10  15.1  24.4   4:59p   6.7   6:05a   4.4   1.5   0.0   2.0  16.1   1:33p     E
11  16.0  21.7   1:56p   9.6   6:54a   2.8   0.9   1.8   6.3  32.2   3:41p   ESE
12  16.6  19.1   4:44p   9.3  11:58p   1.6   0.2   0.2   5.2  27.4   2:24p   WSW
13  13.1  20.7   2:31p   5.1   6:42a   5.3   0.3   0.0   3.9  24.1   5:19p     E
14  15.2  19.4   5:02p  10.2  11:59p   2.8   0.0   7.8   4.2  40.2   2:09a   WNW
15  11.4  15.9   3:47p   8.0   5:50a   6.6   0.0   0.0   3.2  24.1  12:49p   WSW
16  11.1  16.5   3:42p   4.3   6:23a   6.9   0.0   0.0   1.8  14.5  11:16a   SSW
17  14.2  21.1   2:53p   7.4  11:50p   4.3   0.5   0.0   2.5  20.9  11:39a    SW
18  12.5  20.7   3:08p   4.1   6:46a   5.8   0.3   0.0   3.5  30.6   8:03p     S
19   8.3  12.6   3:56p   2.3   7:05a   9.7   0.0   0.0   4.7  30.6  12:50p     W
20  11.2  18.7   3:58p   1.7   7:18a   6.8   0.0   0.0   7.8  46.7  11:16a    SE
21  18.4  26.0   1:54p  11.2   6:41a   1.9   2.3   6.6  11.3  48.3   3:39p   ESE
22  21.1  25.9   2:16p  13.2  11:58p   0.3   3.4  69.2  10.4  43.5   3:01p   SSE
23  11.7  14.9   2:19p   8.7   7:03a   6.3   0.0   0.0   6.6  27.4  12:38a    SW
24  10.9  16.8   5:35p   5.3  11:23p   7.1   0.0   0.0   3.3  25.7   4:22a     W
25  11.5  20.9   4:00p   2.2   7:09a   7.0   0.5   0.0   3.0  22.5   2:01p    SE
26  13.7  23.2   4:46p   5.4   3:59a   5.4   1.0   0.0   1.7  14.5  11:55a    NW
27  16.6  24.1   2:51p   9.5   4:43a   2.9   1.6   0.0   2.9  24.1  12:53p     W
28  18.8  28.1   4:32p   9.4   1:37a   2.5   3.3   0.0   3.6  29.0   2:54p     S
29  13.4  16.8  12:21a   9.9  10:54p   4.6   0.0   0.0   5.0  27.4  10:51a     N
30  12.1  15.0   5:07p   9.2   5:38a   5.9   0.0   0.0   1.4  12.9   5:40a     N
----------------------------------------------------------------------------------
    15.5  30.5     5     0.0     7   114.9  39.2 106.6   4.4  48.3    21       S

Max >=  27.0:  3
Max <=   0.0:  0
Min <=   0.0:  1
Min <= -18.0:  0
Max Rain: 69.2 on day 22
Days of Rain: 9 (>= 0.2 mm)  6 (>= 2.0 mm)  1 (>= 20.0 mm)
Heat Base: 18.0  Cool Base: 18.0  Method: Integration