NOAA-Style Climate Reports

Select a Year or Month report
2018: Jan Feb Mar Apr May Jun Jul Aug Sep Oct Nov Dec
2017: Jan Feb Mar Apr May Jun Jul Aug Sep Oct Nov Dec
2016: Jan Feb Mar Apr May Jun Jul Aug Sep Oct Nov Dec
2015: Jan Feb Mar Apr May Jun Jul Aug Sep Oct Nov Dec
2014: Jan Feb Mar Apr May Jun Jul Aug Sep Oct Nov Dec
2013: Jan Feb Mar Apr May Jun Jul Aug Sep Oct Nov Dec
2012: Jan Feb Mar Apr May Jun Jul Aug Sep Oct Nov Dec
2011: Jan Feb Mar Apr May Jun Jul Aug Sep Oct Nov Dec

Report for 2014 August
                   Monthly Climatological Summary for Aug 2014

Name: Jared Court   City: Windsor   State: NS
Elevation: 48 m  Lat: N 44° 58' 41"   Lon: W 064° 06' 20"

                  Temperature (°C), Rain (mm), Wind Speed (km/h)

                                      Heat  Cool        Avg
    Mean                              Deg   Deg         Wind                 Dom
Day Temp  High   Time   Low    Time   Days  Days  Rain  Speed High   Time    Dir
----------------------------------------------------------------------------------
 1  19.8  28.2   1:53p  10.7   5:30a   1.9   3.7   0.0   1.7  14.5   4:35p    NW
 2  20.7  25.1   3:11p  16.4   6:19a   0.3   3.0   0.2   1.4  12.9   5:25p   WNW
 3  19.5  22.7   7:05p  17.3   5:20a   0.1   1.6   5.0   1.5  11.3   4:49p     E
 4  20.8  27.3   3:03p  17.9   7:26a   0.0   2.8   0.4   3.3  24.1   5:19p   ESE
 5  20.9  27.1   5:25p  17.2   6:29a   0.1   3.0   0.2   2.3  20.9   2:50p    SW
 6  20.8  30.4   4:11p  14.9   6:21a   0.6   3.4   0.8   3.1  20.9  11:14a   ESE
 7  19.9  25.2   3:39p  14.9  11:58p   0.2   2.1   1.4   2.7  19.3  12:01p   WNW
 8  17.2  24.2   1:10p  11.7   5:12a   2.1   1.4   3.0   3.8  29.0   4:25p    SW
 9  18.5  22.8   4:47p  15.8   7:32a   0.8   1.3   1.0   5.7  29.0   1:16p   WNW
10  17.4  21.1   5:09p  15.5   3:40a   1.1   0.5   0.0   5.7  27.4  12:46p   WNW
11  18.4  23.6   5:44p  14.5  11:52p   1.1   1.5   0.0   4.3  22.5   9:53a   WNW
12  18.1  25.4   3:58p  11.3   3:53a   2.2   2.3   0.0   1.9  16.1   2:35p    NW
13  18.4  25.5   2:12p  11.4   5:32a   1.8   2.2   0.0   5.9  29.0  12:13p   ESE
14  21.0  24.9   1:06p  17.7  12:00a   0.0   3.0   0.0  11.9  40.2   1:24p     E
15  19.4  25.9   3:20p  14.7  11:44p   0.3   1.8  15.6   8.0  38.6   7:39a     E
16  17.7  23.2  12:17p  13.2   2:31a   1.7   1.4   0.0   4.0  22.5   4:11p    SE
17  17.6  24.3   2:26p  13.8   5:21a   1.4   1.0   1.0   5.7  40.2   3:06p   ESE
18  17.3  20.4   6:26p  15.9   6:34a   0.9   0.2   9.6   4.4  32.2   8:10p   WSW
19  18.5  23.4   3:32p  14.2   5:51a   1.2   1.7   0.0   5.0  29.0   1:41p   WSW
20  20.4  26.8   1:08p  14.8   6:17a   0.7   3.1   0.0   3.2  24.1   3:39p     W
21  18.1  23.4   4:31p  12.4   7:09a   1.5   1.6   0.0   2.5  22.5   3:02p    NW
22  17.6  21.4   3:37p  13.7   6:21a   1.2   0.8   0.0   2.7  25.7   7:31p    NW
23  17.4  20.4   3:25p  13.9  11:54p   1.1   0.5   0.0   2.8  22.5   1:02p   NNW
24  17.0  24.7   3:52p   9.8   6:19a   2.8   1.8   0.0   1.8  14.5   3:24p   NNW
25  18.8  27.2  12:52p  10.0   5:02a   2.4   3.2   0.0   2.7  17.7   7:38p   SSE
26  20.4  29.1   2:14p  12.4   6:38a   1.4   3.8   0.0   2.4  19.3   1:32p    SE
27  22.8  30.0   2:36p  14.2   5:08a   0.4   5.2   0.0   5.4  33.8   2:45p   SSE
28  20.6  26.2   6:00p  17.3   8:16a   0.1   2.7   5.0   3.0  29.0   7:00p     W
29  15.1  18.4   3:07p   7.8  11:57p   2.9   0.0   0.2   7.6  37.0   7:15a    NW
30  14.2  23.9   2:35p   3.7   6:37a   5.1   1.4   0.0   5.4  33.8   5:09p    SE
31  19.1  25.2   2:44p  13.3   2:11a   1.4   2.4   1.6   7.0  33.8   2:29p    SE
----------------------------------------------------------------------------------
    18.8  30.4     6     3.7    30    38.8  64.4  45.0   4.2  40.2    14       S

Max >=  27.0:  7
Max <=   0.0:  0
Min <=   0.0:  0
Min <= -18.0:  0
Max Rain: 15.6 on day 15
Days of Rain: 14 (>= 0.2 mm)  5 (>= 2.0 mm)  0 (>= 20.0 mm)
Heat Base: 18.0  Cool Base: 18.0  Method: Integration