NOAA-Style Climate Reports

Select a Year or Month report
2018: Jan Feb Mar Apr May Jun Jul Aug Sep Oct Nov Dec
2017: Jan Feb Mar Apr May Jun Jul Aug Sep Oct Nov Dec
2016: Jan Feb Mar Apr May Jun Jul Aug Sep Oct Nov Dec
2015: Jan Feb Mar Apr May Jun Jul Aug Sep Oct Nov Dec
2014: Jan Feb Mar Apr May Jun Jul Aug Sep Oct Nov Dec
2013: Jan Feb Mar Apr May Jun Jul Aug Sep Oct Nov Dec
2012: Jan Feb Mar Apr May Jun Jul Aug Sep Oct Nov Dec
2011: Jan Feb Mar Apr May Jun Jul Aug Sep Oct Nov Dec

Report for 2014 July
                   Monthly Climatological Summary for Jul 2014

Name: Jared Court   City: Windsor   State: NS
Elevation: 48 m  Lat: N 44° 58' 41"   Lon: W 064° 06' 20"

                  Temperature (°C), Rain (mm), Wind Speed (km/h)

                                      Heat  Cool        Avg
    Mean                              Deg   Deg         Wind                 Dom
Day Temp  High   Time   Low    Time   Days  Days  Rain  Speed High   Time    Dir
----------------------------------------------------------------------------------
 1  24.2  30.8   2:39p  17.1   6:01a   0.1   6.3   0.0   2.2  22.5   6:03p    SE
 2  23.9  30.2   4:58p  17.3   5:03a   0.0   6.0   0.0   5.6  35.4   5:27p    SE
 3  23.8  29.2   3:16p  19.0   3:37a   0.0   5.8   0.0   6.0  32.2   4:59p    SE
 4  23.0  30.4   1:56p  18.9   1:20a   0.0   5.0   0.0   3.5  22.5  11:53a    SE
 5  16.5  21.7   7:48a  11.6  10:34p   2.1   0.7   4.2  11.0  74.0   2:04p    SE
 6  21.4  29.8  12:31p  12.7  12:00a   1.0   4.4   0.0   5.9  40.2   3:26p    SW
 7  22.6  28.9   3:22p  16.8  11:56p   0.1   4.7   0.0   7.1  41.8   4:54p    SE
 8  21.2  30.2   2:59p  15.2   5:19a   0.7   3.9   3.0   9.8  35.4   4:21p   ESE
 9  21.3  30.0   3:22p  15.3   4:42a   0.7   4.0   0.0  10.4  41.8   1:15p    SE
10  22.0  30.9   4:22p  14.9   3:07a   0.7   4.7   0.0   5.6  29.0  12:44p   ESE
11  19.1  23.9   5:40p  13.9   6:16a   1.0   2.1   0.0   2.2  19.3   1:13p   WNW
12  20.3  28.0   4:24p  10.4   5:43a   1.9   4.2   0.0   2.5  17.7   2:51p    NW
13  20.2  28.8   2:59p  11.3   6:06a   1.6   3.8   0.0   7.2  38.6   5:34p    SE
14  19.5  24.3   5:40p  16.3   2:26a   0.4   2.0   0.0   7.9  37.0   4:59p    SE
15  21.5  25.5   4:48p  18.5   5:49a   0.0   3.4  15.2   8.5  29.0   4:08p   ESE
16  23.0  28.6   3:39p  19.6   1:21a   0.0   5.0   0.4  13.7  45.1   6:10p   ESE
17  20.8  23.5   2:20p  18.9  11:44p   0.0   2.8   5.8   8.7  30.6  12:06a   ESE
18  21.4  26.4   2:55p  15.7   6:41a   0.2   3.7   0.0   3.6  30.6   3:59p    SW
19  21.3  28.2   5:12p  14.2   6:24a   0.6   3.9   0.0   2.1  16.1   1:35a   WNW
20  20.8  29.4   2:45p  12.5   6:23a   1.3   4.1   0.0   4.3  30.6   5:09p   ESE
21  21.0  27.8   2:20p  16.2   6:19a   0.3   3.4   0.0   3.1  20.9   4:31p   ESE
22  21.2  29.1   3:10p  12.4   5:56a   1.3   4.5   0.0   2.7  24.1   5:19p   ESE
23  24.6  31.0   2:32p  16.4   6:17a   0.1   6.7   0.0   7.6  35.4   3:28p    SE
24  20.0  24.4  11:31a  16.9   6:30a   0.1   2.1   7.4   4.1  22.5   6:18a    SE
25  19.1  24.0   5:21p  13.9  11:57p   0.7   1.8   0.4   2.9  17.7   2:14p    NW
26  20.7  28.4   4:02p  12.3   4:42a   1.7   4.4   0.0   4.5  32.2   4:16p   SSE
27  20.5  26.3   3:20p  15.7   6:42a   0.4   2.9   0.0  12.5  43.5   2:47p   ESE
28  21.2  26.1   2:31p  18.3  12:00a   0.0   3.2   6.8  12.4  40.2   3:14p   ESE
29  21.8  25.9   1:06p  17.7  11:59p   0.0   3.8   0.0  13.9  45.1   3:09a   ESE
30  19.7  25.3  12:02p  14.8   5:53a   0.7   2.4   4.4   5.1  24.1   1:22p   ESE
31  21.5  26.7   4:43p  16.6  11:56p   0.1   3.6  14.2   6.0  22.5  12:56a    SE
----------------------------------------------------------------------------------
    21.3  31.0    23    10.4    12    17.8 119.3  61.8   6.5  74.0     5      SE

Max >=  27.0: 18
Max <=   0.0:  0
Min <=   0.0:  0
Min <= -18.0:  0
Max Rain: 15.2 on day 15
Days of Rain: 10 (>= 0.2 mm)  8 (>= 2.0 mm)  0 (>= 20.0 mm)
Heat Base: 18.0  Cool Base: 18.0  Method: Integration