NOAA-Style Climate Reports

Select a Year or Month report
2018: Jan Feb Mar Apr May Jun Jul Aug Sep Oct Nov Dec
2017: Jan Feb Mar Apr May Jun Jul Aug Sep Oct Nov Dec
2016: Jan Feb Mar Apr May Jun Jul Aug Sep Oct Nov Dec
2015: Jan Feb Mar Apr May Jun Jul Aug Sep Oct Nov Dec
2014: Jan Feb Mar Apr May Jun Jul Aug Sep Oct Nov Dec
2013: Jan Feb Mar Apr May Jun Jul Aug Sep Oct Nov Dec
2012: Jan Feb Mar Apr May Jun Jul Aug Sep Oct Nov Dec
2011: Jan Feb Mar Apr May Jun Jul Aug Sep Oct Nov Dec

Report for 2014 June
                   Monthly Climatological Summary for Jun 2014

Name: Jared Court   City: Windsor   State: NS
Elevation: 48 m  Lat: N 44° 58' 41"   Lon: W 064° 06' 20"

                  Temperature (°C), Rain (mm), Wind Speed (km/h)

                                      Heat  Cool        Avg
    Mean                              Deg   Deg         Wind                 Dom
Day Temp  High   Time   Low    Time   Days  Days  Rain  Speed High   Time    Dir
----------------------------------------------------------------------------------
 1  13.2  22.4   5:12p   3.8   4:00a   5.8   1.0   0.0   2.6  20.9   2:19p    NW
 2  14.6  24.8   1:04p   4.0   5:43a   4.9   1.6   0.0   3.0  32.2   3:53p    SE
 3  16.0  27.2   2:52p   6.2   5:58a   3.9   2.0   0.0   1.6  27.4   5:05p   ESE
 4  15.9  21.4   2:41p  12.3   5:10a   2.4   0.4   0.0   2.6  24.1   7:15p    SE
 5  16.7  22.0   2:37p  13.6   5:09a   2.0   0.6   1.4   2.6  22.5   4:41p    SE
 6  15.0  19.1   4:15p  12.3   9:23a   3.0   0.0   8.6   3.2  24.1   3:32p    SE
 7  13.3  15.5   3:17p   9.1  11:56p   4.7   0.0   0.2   4.1  30.6   2:03p    NW
 8  14.5  22.6   5:32p   6.3   5:21a   4.5   1.0   0.0   2.2  19.3   4:35p    NW
 9  17.8  27.7   5:30p   7.1   5:46a   3.4   3.2   0.0   1.2  16.1   5:53p    SE
10  17.5  25.9   2:11p  11.8   5:52a   2.2   1.7   0.6   2.0  17.7   2:17p    NW
11  15.3  22.6   5:00p   6.8   5:55a   3.9   1.2   0.2   2.2  20.9   2:32p    NW
12  15.0  24.1   3:31p   7.3   5:01a   4.4   1.5   0.0   1.9  24.1   6:50p    SE
13  14.2  19.7  12:52p  10.7  11:57p   3.9   0.1   0.0   3.3  29.0   3:47p    SE
14  15.3  18.1   3:02p  10.3  12:43a   2.7   0.0   3.0   2.6  33.8  11:28a   ESE
15  15.1  17.2   1:26p  11.4  11:29p   2.9   0.0   4.2   2.9  20.9   9:37p    NW
16  13.2  18.5   5:26p   8.6  11:50p   4.8   0.0   2.6   5.5  29.0   1:57p    NW
17  15.4  25.1   3:30p   5.8   2:49a   4.4   1.8   0.0   2.0  27.4   5:58p    SE
18  14.0  15.3   4:17p  12.9  12:01a   4.0   0.0  13.4   5.6  40.2  12:45p    SE
19  18.4  25.1   4:32p  12.0  11:59p   1.6   2.0   0.0   2.7  22.5   6:39p    NW
20  13.1  17.3   1:50p  10.2   5:21a   4.9   0.0   0.2   2.5  29.0   3:46p   WNW
21  13.5  16.8   3:44p  10.6   1:47a   4.5   0.0   0.0   3.0  24.1  11:21a    NW
22  17.0  22.7   5:31p  11.9   5:27a   2.3   1.4   0.0   1.6  20.9   2:16p    NW
23  18.1  25.5   3:08p  10.4   6:16a   2.3   2.4   0.0   2.3  24.1   6:20p    SE
24  18.3  26.3   2:36p  10.9   5:36a   2.0   2.3   0.0   4.4  35.4   5:13p    SE
25  18.4  23.2   3:21p  15.3  11:35p   0.9   1.3   0.6   3.4  22.5   9:12a    SE
26  15.8  17.3   4:52p  13.9  11:42p   2.2   0.0  56.4   1.5  19.3  11:15p   NNW
27  16.8  22.4   5:25p  12.0  11:56p   2.2   1.1   0.0   3.8  24.1  11:07a    NW
28  17.9  27.8   4:30p   7.5   5:47a   3.3   3.2   0.0   1.4  12.9  11:57a    NW
29  20.0  30.7   1:58p   9.8   6:05a   2.3   4.4   0.0   1.6  20.9   5:28p   SSE
30  23.8  31.1   3:28p  14.4   1:58a   0.4   6.2   0.0   1.4  19.3   4:17p   WNW
----------------------------------------------------------------------------------
    16.1  31.1    30     3.8     1    96.7  40.4  91.4   2.7  40.2    18       S

Max >=  27.0:  5
Max <=   0.0:  0
Min <=   0.0:  0
Min <= -18.0:  0
Max Rain: 56.4 on day 26
Days of Rain: 12 (>= 0.2 mm)  6 (>= 2.0 mm)  1 (>= 20.0 mm)
Heat Base: 18.0  Cool Base: 18.0  Method: Integration