NOAA-Style Climate Reports


Report for 2014 May
                   Monthly Climatological Summary for May 2014

Name: Jared Court   City: Windsor   State: NS
Elevation: 48 m  Lat: N 44° 58' 41"   Lon: W 064° 06' 20"

                  Temperature (°C), Rain (mm), Wind Speed (km/h)

                                      Heat  Cool        Avg
    Mean                              Deg   Deg         Wind                 Dom
Day Temp  High   Time   Low    Time   Days  Days  Rain  Speed High   Time    Dir
----------------------------------------------------------------------------------
 1   4.5   9.2  11:44a  -0.9   5:58a  13.5   0.0   0.6   3.3  33.8   6:14p   ESE
 2   8.8  16.9   2:02p   5.3  11:33p   9.2   0.0   2.4   2.5  25.7   2:10p   ESE
 3  10.6  17.7  12:44p   1.7   6:02a   7.4   0.0   0.2   2.2  22.5  11:57a     W
 4   9.7  17.7   1:18p   6.2   5:59a   8.3   0.0   2.6   3.4  43.5   4:16p    SE
 5   6.0   7.9   6:32p   4.4   8:36a  12.0   0.0   4.8   3.9  29.0  12:20p    NW
 6   7.6  11.6  12:11p   3.0  11:58p  10.4   0.0   0.0   3.0  19.3  11:35a    NW
 7   8.0  15.4   3:42p   1.9   6:01a  10.0   0.0   0.0   2.9  25.7   3:48p    NW
 8   8.2  17.3   1:54p   0.3   4:43a   9.8   0.0   0.0   3.4  35.4   3:29p    SE
 9   8.1  15.7   2:45p  -0.3   6:21a   9.9   0.0   0.0   5.1  37.0   3:31p    SE
10  11.4  16.7   2:52p   7.2  12:00a   6.6   0.0   4.2   6.8  38.6  11:38a    SE
11  14.7  22.8   3:20p   6.1  11:53p   4.0   0.7   1.0   3.4  25.7   5:11p   WNW
12   5.8  10.3   3:20p   2.7   5:31a  12.2   0.0   0.6   3.5  20.9   3:06p     N
13   8.4  15.9   3:53p   1.7   5:54a   9.6   0.0   0.0   3.3  20.9   2:50p    NW
14   9.7  19.8   3:03p  -0.8   6:03a   8.4   0.1   0.0   2.2  19.3   3:19p   NNW
15  13.7  19.7   3:41p   8.9   1:46a   4.5   0.1   0.0   5.3  32.2   4:34p    SE
16  17.0  24.5   1:17p   9.6   5:40a   2.7   1.7   0.0   5.5  37.0   5:19p    SE
17  14.7  20.6   2:33p  10.1  11:51p   3.7   0.4   0.0   6.5  35.4  12:18p    SE
18  12.8  21.6   1:01p   8.2   4:58a   5.5   0.3   0.0   3.4  27.4   1:21p   ESE
19  11.5  15.8   3:46p   7.2   6:05a   6.5   0.0   1.0   2.3  14.5  12:05a     E
20  11.4  14.4   2:29p   8.3  11:25p   6.6   0.0   2.4   1.8  16.1   7:39p     E
21  12.6  20.1   5:49p   6.8   5:44a   5.5   0.1   0.0   1.9  14.5  12:49p    NW
22  13.9  19.8   4:52p  10.5  10:25p   4.3   0.2   0.0   2.9  20.9   3:05p    NW
23   9.5  10.8   3:05p   6.8  11:10p   8.5   0.0   0.0   3.9  20.9   9:03a    NW
24   8.2  12.6   3:40p   5.2  11:26p   9.8   0.0   0.0   5.8  25.7   4:52p    NW
25   7.0  10.6   2:37p   2.8  11:55p  11.0   0.0   0.0   5.5  22.5  12:24p    NW
26   6.0  10.1   6:35p  -1.1   5:19a  12.0   0.0   6.8   2.4  25.7   3:31p    SE
27   8.2  11.8   4:48p   5.6  11:57p   9.8   0.0   0.0   5.1  24.1   9:57a    NW
28   7.9  14.7   5:09p   3.4  11:59p  10.1   0.0   0.0   3.9  22.5   4:08p    NW
29   9.9  20.4   5:21p  -1.1   5:56a   8.2   0.3   0.0   2.0  22.5   7:33p     W
30  11.8  21.4  12:30p   2.8   6:04a   6.6   0.4   0.0   3.3  25.7  12:54p    SE
31  12.6  22.3   3:21p   2.7   5:54a   6.2   0.8   0.0   3.1  32.2   6:21p    NW
----------------------------------------------------------------------------------
    10.0  24.5    16    -1.1    26   252.8   5.1  26.6   3.7  43.5     4      NE

Max >=  27.0:  0
Max <=   0.0:  0
Min <=   0.0:  5
Min <= -18.0:  0
Max Rain: 6.8 on day 26
Days of Rain: 11 (>= 0.2 mm)  6 (>= 2.0 mm)  0 (>= 20.0 mm)
Heat Base: 18.0  Cool Base: 18.0  Method: Integration