NOAA-Style Climate Reports

Select a Year or Month report
2018: Jan Feb Mar Apr May Jun Jul Aug Sep Oct Nov Dec
2017: Jan Feb Mar Apr May Jun Jul Aug Sep Oct Nov Dec
2016: Jan Feb Mar Apr May Jun Jul Aug Sep Oct Nov Dec
2015: Jan Feb Mar Apr May Jun Jul Aug Sep Oct Nov Dec
2014: Jan Feb Mar Apr May Jun Jul Aug Sep Oct Nov Dec
2013: Jan Feb Mar Apr May Jun Jul Aug Sep Oct Nov Dec
2012: Jan Feb Mar Apr May Jun Jul Aug Sep Oct Nov Dec
2011: Jan Feb Mar Apr May Jun Jul Aug Sep Oct Nov Dec

Report for 2014 April
                   Monthly Climatological Summary for Apr 2014

Name: Jared Court   City: Windsor   State: NS
Elevation: 48 m  Lat: N 44° 58' 41"   Lon: W 064° 06' 20"

                  Temperature (°C), Rain (mm), Wind Speed (km/h)

                                      Heat  Cool        Avg
    Mean                              Deg   Deg         Wind                 Dom
Day Temp  High   Time   Low    Time   Days  Days  Rain  Speed High   Time    Dir
----------------------------------------------------------------------------------
 1  -1.1  -0.5   2:24p  -1.8   9:40p  19.1   0.0   0.0  13.0  43.5   3:58a    NW
 2   0.6   4.2   4:25p  -1.7   1:41a  17.4   0.0   7.2   3.4  22.5   1:18a    NW
 3   1.9   6.0   1:00p   0.2   3:13a  16.1   0.0  10.0   1.4  17.7  11:11a    SE
 4   2.9   7.9   3:09p  -0.8  11:51p  15.1   0.0   0.0   1.8  20.9  12:08p    NW
 5   2.9   6.8  10:42p  -1.2  12:18a  15.1   0.0   3.6   6.3  38.6   4:52p   ESE
 6   4.0   7.2   4:40p  -0.1  11:58p  14.0   0.0   0.0   5.3  45.1   4:05p   WSW
 7   6.3  14.3   4:38p  -0.6  12:16a  11.7   0.0   0.0   2.2  25.7   2:22p     W
 8   6.7  11.5   9:35p   0.9   2:07a  11.3   0.0  12.2   8.5  51.5   4:36p   ESE
 9   8.7  13.3  12:48a   4.7  11:57p   9.3   0.0   0.0   4.3  27.4  12:38a    SW
10   3.7  10.0   6:09p  -2.2   6:26a  14.3   0.0   0.0   4.6  22.5  10:17a   WSW
11   8.5  15.6   1:30p   2.1   2:01a   9.5   0.0   0.0   6.6  29.0   8:50a    SE
12   6.9  12.3   6:25p   4.3   9:57p  11.1   0.0   8.6   1.4  19.3  10:41p   WNW
13   4.8  10.1   2:07p  -0.6   4:50a  13.2   0.0   0.4   3.1  27.4   7:12p     E
14  13.2  23.5   4:01p   2.6  12:00a   5.8   1.1   0.0   8.4  43.5   5:23a    SE
15  16.2  21.4   2:33p  10.8   7:01a   2.4   0.6   1.2  11.8  51.5   4:07p    SE
16   7.5  14.1  12:54a  -0.7  11:27p  10.5   0.0  16.0  11.2  69.2   8:12a   SSE
17   1.2   6.6   3:30p  -3.7   6:45a  16.8   0.0   0.0   5.8  27.4   2:19a   NNW
18   2.2  11.0   3:44p  -5.8   6:56a  15.8   0.0   0.0   2.8  25.7   6:02p   ESE
19   4.9  11.6   2:53p   0.4   5:33a  13.1   0.0   0.0   2.9  25.7   5:14p     W
20   5.1   9.7   3:54p   0.4  11:59p  12.9   0.0   0.6   4.6  24.1  12:44p    NW
21   8.3  17.1   4:39p  -1.2   6:07a   9.7   0.0   0.0   3.8  27.4  12:18p   SSE
22  11.3  17.5   1:52p   6.3   6:58a   6.7   0.0   0.0   4.2  38.6   4:55p    SE
23   9.0  11.9   1:55p   5.2   5:36a   9.0   0.0   0.0   3.5  20.9  12:51a     E
24   3.7   6.2  12:00a   0.5   7:39p  14.3   0.0  25.2   4.6  29.0  12:46p   NNW
25   2.1   4.6   3:37p   0.7   5:28a  15.9   0.0   5.4   7.7  38.6  10:58a    NW
26   5.9  12.7   3:56p  -1.4   5:58a  12.1   0.0   0.0   3.5  19.3   3:40p    NW
27   4.3   6.3   3:30p   2.6  11:24p  13.7   0.0  10.8   4.2  20.9   4:04p    NW
28   4.6   6.7   1:06p   2.6  12:00a  13.4   0.0   5.2   7.2  30.6   4:01p   NNW
29   4.2   7.5   2:21p   1.3  11:55p  13.8   0.0   0.0   6.9  29.0   1:12p   NNW
30   4.5  10.9   5:33p   0.2   6:05a  13.5   0.0   0.0   3.4  17.7  12:46a    NW
----------------------------------------------------------------------------------
     5.5  23.5    14    -5.8    18   376.6   1.7 106.4   5.3  69.2    16     WNW

Max >=  27.0:  0
Max <=   0.0:  1
Min <=   0.0: 13
Min <= -18.0:  0
Max Rain: 25.2 on day 24
Days of Rain: 13 (>= 0.2 mm)  10 (>= 2.0 mm)  1 (>= 20.0 mm)
Heat Base: 18.0  Cool Base: 18.0  Method: Integration