NOAA-Style Climate Reports

Select a Year or Month report
2018: Jan Feb Mar Apr May Jun Jul Aug Sep Oct Nov Dec
2017: Jan Feb Mar Apr May Jun Jul Aug Sep Oct Nov Dec
2016: Jan Feb Mar Apr May Jun Jul Aug Sep Oct Nov Dec
2015: Jan Feb Mar Apr May Jun Jul Aug Sep Oct Nov Dec
2014: Jan Feb Mar Apr May Jun Jul Aug Sep Oct Nov Dec
2013: Jan Feb Mar Apr May Jun Jul Aug Sep Oct Nov Dec
2012: Jan Feb Mar Apr May Jun Jul Aug Sep Oct Nov Dec
2011: Jan Feb Mar Apr May Jun Jul Aug Sep Oct Nov Dec

Report for 2014 March
                   Monthly Climatological Summary for Mar 2014

Name: Jared Court   City: Windsor   State: NS
Elevation: 48 m  Lat: N 44° 58' 41"   Lon: W 064° 06' 20"

                  Temperature (°C), Rain (mm), Wind Speed (km/h)

                                      Heat  Cool        Avg
    Mean                              Deg   Deg         Wind                 Dom
Day Temp  High   Time   Low    Time   Days  Days  Rain  Speed High   Time    Dir
----------------------------------------------------------------------------------
 1  -7.0  -1.0   3:19p -14.0   6:58a  25.0   0.0   0.0   6.2  32.8   3:24p   SSE
 2  -1.1   1.5  11:43a  -6.0  11:51p  19.1   0.0   1.0   6.1  26.6  12:17a     W
 3  -8.5  -6.0  12:00a -11.9   5:40a  26.5   0.0   0.0   5.8  27.7   4:07p    NW
 4 -10.0  -3.5   4:38p -17.2   7:22a  28.0   0.0   0.0   5.6  26.3  12:24a    NW
 5  -9.2  -5.8   3:35p -13.9  11:55p  27.2   0.0   0.0   5.1  16.6   7:56a     N
 6 -10.1  -2.3   4:37p -18.0   4:15a  28.0   0.0   0.0   4.6  17.6   9:48a   NNW
 7  -5.5   2.8   1:58p -16.3   6:34a  23.5   0.0   0.0   7.5  38.2   2:30p   SSE
 8   0.9   5.6   3:43p  -3.2   1:30a  17.1   0.0   0.0   3.6  20.2  11:41p   NNW
 9  -3.0  -0.2   5:20p  -6.4  11:57p  20.1   0.0   0.0   7.0  24.8   3:31p   NNW
10  -4.4  -0.7   3:22p  -7.9   3:36a  22.4   0.0   0.0   4.4  19.4   3:28p     N
11  -1.4   3.3   2:42p  -7.6   1:12a  19.4   0.0   0.0   5.7  22.0   2:25p    SE
12   3.3   6.1   1:57p   0.9   4:23a  14.7   0.0   9.4   6.1  41.8  10:33p   SSE
13  -0.8   9.9   6:01a  -8.2  11:32p  18.8   0.0  14.7   3.8  60.1   6:01a    SE
14  -6.5  -0.3   6:09p -10.2   6:17a  24.5   0.0   0.0   0.0   0.0  12:00a     E
15   2.3   8.0   1:54p  -6.9  12:01a  15.7   0.0   0.0  10.7  48.6  11:47a   SSE
16   0.7   4.8  12:00a  -6.0  11:52p  17.3   0.0   0.0  11.0  43.6   5:44p     W
17  -7.4  -4.2   3:50p -10.4   6:23a  25.4   0.0   0.0  10.1  34.2   3:44a   WNW
18  -8.4   0.1   5:41p  -9.8   2:36a  25.4   0.0   0.0   7.0  32.4   2:13p   WNW
19  -3.7   2.4   3:56p -11.3   7:15a  21.4   0.0   0.0   0.7  16.1   2:11p    NW
20   1.7   6.4   7:42p  -3.7   5:00a  15.7   0.0   8.0   7.0  46.7   4:26p   ESE
21   3.4   5.3  12:40p   1.3   6:23a  14.6   0.0   0.0   4.5  29.0  10:59a     S
22   2.0   7.7   3:18p  -0.8   7:00a  16.0   0.0   0.0   4.8  32.2   5:04p    SW
23   0.8   5.1   1:52p  -3.2  11:56p  17.2   0.0   4.4   3.7  27.4   3:39a   WSW
24  -7.6  -3.2  12:00a -12.2   8:25a  25.4   0.0   0.0   6.1  33.8   3:44p   WNW
25  -5.3   1.1   4:21p -11.4   6:06a  23.3   0.0   0.0   3.8  29.0   6:34p   SSW
26  -3.9  -2.1   5:13p  -5.8   3:16a  21.9   0.0   0.0   9.3  57.9  10:47p   NNW
27  -2.7   0.1   5:37p  -5.3   2:01a  20.7   0.0   0.0  10.0  49.9   4:08a     W
28   1.4   8.7  11:55p  -7.4   4:02a  16.6   0.0   1.4   4.8  35.4   5:46p    SE
29   6.7   9.7   4:43p   1.4  11:43p  11.3   0.0   0.2   2.9  22.5  12:55a   WNW
30   1.3   2.8  11:58p   0.3   2:30a  16.0   0.0  38.4   1.9  14.5   1:25p    NE
31   1.5   2.9   4:22a  -0.7  10:58p  16.5   0.0  13.6   6.0  33.8   5:01p   NNW
----------------------------------------------------------------------------------
    -2.6   9.9    13   -18.0     6   634.7   0.0  91.1   5.7  60.1    13       W

Max >=  27.0:  0
Max <=   0.0: 11
Min <=   0.0: 27
Min <= -18.0:  1
Max Rain: 38.4 on day 30
Days of Rain: 9 (>= 0.2 mm)  6 (>= 2.0 mm)  1 (>= 20.0 mm)
Heat Base: 18.0  Cool Base: 18.0  Method: Integration