NOAA-Style Climate Reports

Select a Year or Month report
2018: Jan Feb Mar Apr May Jun Jul Aug Sep Oct Nov Dec
2017: Jan Feb Mar Apr May Jun Jul Aug Sep Oct Nov Dec
2016: Jan Feb Mar Apr May Jun Jul Aug Sep Oct Nov Dec
2015: Jan Feb Mar Apr May Jun Jul Aug Sep Oct Nov Dec
2014: Jan Feb Mar Apr May Jun Jul Aug Sep Oct Nov Dec
2013: Jan Feb Mar Apr May Jun Jul Aug Sep Oct Nov Dec
2012: Jan Feb Mar Apr May Jun Jul Aug Sep Oct Nov Dec
2011: Jan Feb Mar Apr May Jun Jul Aug Sep Oct Nov Dec

Report for 2014 February
                   Monthly Climatological Summary for Feb 2014

Name: Jared Court   City: Windsor   State: NS
Elevation: 48 m  Lat: N 44° 58' 41"   Lon: W 064° 06' 20"

                  Temperature (°C), Rain (mm), Wind Speed (km/h)

                                      Heat  Cool        Avg
    Mean                              Deg   Deg         Wind                 Dom
Day Temp  High   Time   Low    Time   Days  Days  Rain  Speed High   Time    Dir
----------------------------------------------------------------------------------
 1  -1.6   1.9   1:32p  -5.0   8:58a  19.6   0.0   0.0   3.3  17.3   1:32p   SSE
 2   2.5   6.3  12:41p  -0.8  12:00a  15.5   0.0   0.0   6.8  32.0   4:40a     S
 3   0.1   1.6  12:00a  -2.6  11:53p  17.9   0.0   0.0   3.9  17.3   9:05p     N
 4  -3.4  -0.7   2:25p  -7.1   7:45a  21.4   0.0   0.0   3.4  15.5   2:47p     N
 5  -6.6  -5.6   5:13a  -8.0  11:30p  24.1   0.0   0.0   4.2  13.0   7:00a   NNE
 6  -9.5  -6.9   3:48p -12.3   8:00p  26.1   0.0   0.0   5.7  21.2   7:52a    NW
 7  -6.7  -1.6   3:30p -11.5  12:00a  24.7   0.0   0.0   4.3  21.2  12:30p    SW
 8  -6.4  -1.3   3:59p -10.1   6:31a  24.4   0.0   0.0   4.4  26.6  12:24p     W
 9  -8.7  -5.7  12:50p -12.7   9:17p  26.7   0.0   0.0   2.8  13.7   2:17p   NNE
10  -8.2  -3.2   3:04p -11.9  12:06a  26.2   0.0   0.0   2.2  12.6   3:56p   NNW
11 -10.2  -5.4   3:33p -16.0   7:12a  28.2   0.0   0.0   3.9  23.8  10:53p   WNW
12 -12.0  -8.5   2:37p -16.0   4:00a  30.0   0.0   0.0   5.9  23.4  11:59a    NW
13 -13.5 -13.5  12:00a -13.5  12:00a  25.2   0.0   0.0   7.0  32.0   3:44p   ESE
14   0.0   0.0  12:00a   0.0  12:00a   0.0   0.0   0.0  17.0  60.5   1:10a   SSE
15   0.2  17.0  12:28p  -1.9  11:55p   7.5   0.0   0.0   9.1  35.3  12:37a   NNW
16  -4.1  -1.9  12:00a  -6.4  10:26p  22.1   0.0   0.0  14.1  47.5  11:51a    NW
17  -6.6  -5.3  12:31a  -9.0   7:27a  24.6   0.0   0.0  11.4  32.4   3:14p    NW
18  -5.5   0.8   2:38p -13.7   7:57a  23.5   0.0   0.0   6.6  31.0   5:41p   SSE
19   0.6   2.6   2:13p  -2.0  12:00a  17.4   0.0   0.0   7.4  27.7  11:10p    NE
20   1.0   2.6   3:44p  -0.3   6:45a  17.0   0.0   0.0   9.7  41.8   4:15p    NW
21   0.5   3.1   2:19p  -3.3   7:33a  17.5   0.0   0.0   6.0  48.6  11:50p    SE
22   4.4   7.8   3:09p   1.4  12:00a  13.6   0.0   0.0  11.9  55.8   1:13a     S
23   3.3   5.9   1:47p  -0.1   6:52a  14.7   0.0  50.8   9.7  41.8   5:57p   SSW
24   1.7   4.4  10:55a  -3.7  11:54p  16.3   0.0   0.0   7.5  33.5  10:51p     W
25  -6.5  -3.7  12:00a  -9.0  11:55p  24.5   0.0   0.0   8.4  35.3   9:10a   WNW
26  -7.3  -3.2   1:57p -13.1   6:45a  25.3   0.0   0.0   4.4  21.2   1:12p   SSW
27  -5.3   0.1   2:17p -11.8   6:35a  23.1   0.0   0.0   4.0  30.6   2:06p    SE
28  -6.9  -4.2  12:00a -11.0  11:59p  24.9   0.0   0.0   7.7  37.4   2:23p   WNW
----------------------------------------------------------------------------------
    -4.1  17.0    15   -16.0    11   582.0   0.0  50.8   6.9  60.5    14       W

Max >=  27.0:  0
Max <=   0.0: 16
Min <=   0.0: 27
Min <= -18.0:  0
Max Rain: 50.8 on day 23
Days of Rain: 1 (>= 0.2 mm)  1 (>= 2.0 mm)  1 (>= 20.0 mm)
Heat Base: 18.0  Cool Base: 18.0  Method: Integration