NOAA-Style Climate Reports


Report for 2014 January
                   Monthly Climatological Summary for Jan 2014

Name: Jared Court   City: Windsor   State: NS
Elevation: 48 m  Lat: N 44° 58' 41"   Lon: W 064° 06' 20"

                  Temperature (°C), Rain (mm), Wind Speed (km/h)

                                      Heat  Cool        Avg
    Mean                              Deg   Deg         Wind                 Dom
Day Temp  High   Time   Low    Time   Days  Days  Rain  Speed High   Time    Dir
----------------------------------------------------------------------------------
 1 -11.0  -8.9   4:00p -13.1   7:49a  29.0   0.0   0.0   6.7  40.7  12:21p   WNW
 2 -17.6 -12.2  12:00a -20.0   7:34p  35.6   0.0   0.0   8.9  23.4   2:49a     N
 3 -13.9 -10.4   3:00p -18.7  12:00a  31.8   0.0   0.0  14.1  46.4   3:22p     N
 4 -12.5  -4.5  11:55p -18.1   3:41a  30.5   0.0   0.0   7.3  31.0   7:18a     W
 5  -0.8   2.2   3:07p  -4.5  12:00a  18.8   0.0   0.0   4.9  27.0  12:22a   SSW
 6   3.8   9.7  11:05p  -4.6  12:22a  14.2   0.0   0.0  17.0  56.5  10:01p    SE
 7  -2.3   9.5  12:00a -10.4   7:33p  20.3   0.0   0.0  12.5  50.4   6:03p     W
 8  -8.1  -5.6   2:29p -10.6   5:08a  26.1   0.0   0.0   8.6  31.7  10:43a   WSW
 9  -7.0  -5.4   7:48a -10.3  11:06p  25.0   0.0   0.0   8.9  42.1   1:35p   WNW
10  -5.6   0.5  11:46p -12.9   8:02a  23.6   0.0   0.0   5.8  21.6   1:27p     S
11   4.5  10.8  10:13p   0.5  12:00a  13.5   0.0   0.0  15.5  68.0   8:48p   SSE
12   8.1  11.8   5:11a   2.1  11:42p   9.9   0.0   0.0  16.6  78.8   1:31a   SSW
13   2.3   5.0   2:40p  -0.3   8:40p  15.7   0.0   0.0   8.1  32.0  12:34a   WNW
14   6.8  11.3  11:06p   1.3   2:24a  11.2   0.0   0.0  14.7  54.4  10:58p   SSE
15   6.7  11.9   3:01a   2.4   9:20p  11.3   0.0   0.0   9.1  59.0   2:19a     S
16   3.6   4.3   1:27p   2.6  11:55p  14.4   0.0   0.0   2.7  19.4   1:12a   ENE
17   3.0   5.3   2:13p   1.3   5:29a  15.0   0.0   0.0   4.2  20.2   2:38p   SSE
18   1.6   3.5   2:19p  -0.5   7:30a  16.4   0.0   0.0   3.1  15.8   1:14a    SE
19   0.8   1.7   4:21p  -0.8   7:28a  17.1   0.0   0.0   8.0  37.8   5:43p     S
20   0.2   2.1  11:22a  -2.1   7:24a  17.8   0.0   0.0   8.9  31.0  12:23a     S
21  -8.6  -2.1  12:00a -10.7   6:28p  26.6   0.0   0.0   7.7  32.0   4:01a   WNW
22  -9.8  -7.1   4:06p -12.2   3:15a  27.8   0.0   0.0  12.8  43.9   9:29p     N
23 -10.3  -7.2   1:29p -11.9   4:19a  28.3   0.0   0.0   7.1  32.0  12:11a   WNW
24 -13.0  -8.7   3:22p -17.3   5:01a  31.0   0.0   0.0   4.5  21.2  11:37a     W
25  -5.9   4.1  11:59p -18.3   3:15a  23.8   0.0   0.0  14.7  52.6  11:54p   SSE
26  -2.0   5.8   2:05a -10.2  10:34p  20.0   0.0   0.0  15.0  69.5   2:36a   SSW
27  -1.3   6.2   6:42p -10.2  12:05a  19.3   0.0   0.0  12.5  51.8  12:14p   SSE
28  -7.1   0.6  12:00a -11.1  11:34p  25.1   0.0   0.0  10.9  37.8  12:43a   WNW
29  -8.8  -6.9  11:38p -10.8   1:13a  26.8   0.0   0.0   2.8  17.3  10:38p     E
30  -8.9  -3.9   5:23p -12.7   7:59a  26.9   0.0   0.0   4.0  24.5  11:35a     W
31  -1.7   3.2   3:17p -12.7  12:00a  19.7   0.0   0.0   7.9  37.1  11:33a     S
----------------------------------------------------------------------------------
    -3.7  11.9    15   -20.0     2   672.5   0.0   0.0   9.2  78.8    12     SSW

Max >=  27.0:  0
Max <=   0.0: 12
Min <=   0.0: 25
Min <= -18.0:  4
Max Rain: 0.0 on day 0
Days of Rain: 0 (>= 0.2 mm)  0 (>= 2.0 mm)  0 (>= 20.0 mm)
Heat Base: 18.0  Cool Base: 18.0  Method: Integration