NOAA-Style Climate Reports

Select a Year or Month report
2018: Jan Feb Mar Apr May Jun Jul Aug Sep Oct Nov Dec
2017: Jan Feb Mar Apr May Jun Jul Aug Sep Oct Nov Dec
2016: Jan Feb Mar Apr May Jun Jul Aug Sep Oct Nov Dec
2015: Jan Feb Mar Apr May Jun Jul Aug Sep Oct Nov Dec
2014: Jan Feb Mar Apr May Jun Jul Aug Sep Oct Nov Dec
2013: Jan Feb Mar Apr May Jun Jul Aug Sep Oct Nov Dec
2012: Jan Feb Mar Apr May Jun Jul Aug Sep Oct Nov Dec
2011: Jan Feb Mar Apr May Jun Jul Aug Sep Oct Nov Dec

Report for 2014
                   Annual Climatological Summary for 2014

Name: Jared Court   City: Windsor   State: NS
Elevation: 48 m  Lat: N 44° 58' 41"   Lon: W 064° 06' 20"

                  Temperature (°C), Heat Base: 18.0  Cool Base: 18.0
                          Dep.  Heat  Cool                       Max  Max  Min  Min
        Mean  Mean        From  Deg   Deg                        >=   <=   <=   <=
 YR MO  Max   Min   Mean  Norm  Days  Days  Hi  Date  Low  Date 27.0  0.0  0.0 -18.0
------------------------------------------------------------------------------------
 14  1   0.9  -8.2  -3.7   0.4   672     0  11.9  15 -20.0    2    0   12   25    4
 14  2  -0.6  -7.6  -4.1  -1.4   582     0  17.0  15 -16.0   11    0   16   27    0
 14  3   2.1  -7.5  -2.6  -2.5   634     0   9.9  13 -18.0    6    0   11   27    1
 14  4  10.6   0.8   5.5   0.3   376     1  23.5  14  -5.8   18    0    1   13    0
 14  5  16.3   4.4  10.0  -1.5   252     5  24.5  16  -1.1   26    0    0    5    0
 14  6  22.5  10.0  16.1  -0.6    96    40  31.1  30   3.8    1    5    0    0    0
 14  7  27.5  15.5  21.3   1.3    17   119  31.0  23  10.4   12   18    0    0    0
 14  8  24.8  13.6  18.8  -0.6    38    64  30.4   6   3.7   30    7    0    0    0
 14  9  21.5   8.9  15.5  -0.4   114    39  30.5   5   0.0    7    3    0    1    0
 14 10  16.3   7.7  12.2   3.6   186     5  25.1  15   0.0   31    0    0    1    0
 14 11   9.0  -0.2   4.4   0.4   408     0  19.5  25  -7.6   30    0    2   17    0
 14 12   5.7  -2.6   1.4   2.1   513     0  18.0   1 -13.6   31    0    5   23    0
------------------------------------------------------------------------------------
        13.1   2.9   7.9   0.1  3894   275  31.1 Jun -20.0  Jan   33   47  139    5

                                Precipitation (mm)

              Dep.   Max        Days of Rain
              From   Obs.           >=
 YR MO Total  Norm   Day Date  0.2  2.0 20.0
---------------------------------------------
 14  1   0.0 -61.0   0.0   0     0    0    0
 14  2  50.8   9.8  50.8  23     1    1    1
 14  3  91.1  33.1  38.4  30     9    6    1
 14  4 106.4  47.4  25.2  24    13   10    1
 14  5  26.6 -55.4   6.8  26    11    6    0
 14  6  91.4  13.4  56.4  26    12    6    1
 14  7  61.8 -31.2  15.2  15    10    8    0
 14  8  45.0 -34.0  15.6  15    14    5    0
 14  9 106.6   9.6  69.2  22     9    6    1
 14 10 117.4  20.4  28.6  24    14   10    2
 14 11 179.4  83.4  34.4   2    18    9    4
 14 12 164.6  95.6  60.6  10    18   11    2
---------------------------------------------
      1041.1 131.1  69.2  Sep  129   78   13

                                Wind Speed (km/h)
                          Dom
 YR MO   Avg.  Hi   Date  Dir
------------------------------
 14  1   9.2  78.8   12   SSW
 14  2   6.9  60.5   14     W
 14  3   5.7  60.1   13     W
 14  4   5.3  69.2   16   NNW
 14  5   3.7  43.5    4   ENE
 14  6   2.7  40.2   18     W
 14  7   6.5  74.0    5    SE
 14  8   4.2  40.2   14   SSE
 14  9   4.4  48.3   21   SSE
 14 10   5.7  72.4   17    SE
 14 11   6.3  64.4   24     S
 14 12   7.1  56.3   10   WSW
------------------------------
         5.6  78.8  Jan   SSW