NOAA-Style Climate Reports


Report for 2013 December
                   Monthly Climatological Summary for Dec 2013

Name: Jared Court   City: Windsor   State: NS
Elevation: 48 m  Lat: N 44° 58' 41"   Lon: W 064° 06' 20"

                  Temperature (°C), Rain (mm), Wind Speed (km/h)

                                      Heat  Cool        Avg
    Mean                              Deg   Deg         Wind                 Dom
Day Temp  High   Time   Low    Time   Days  Days  Rain  Speed High   Time    Dir
----------------------------------------------------------------------------------
 1  -1.1   2.6   2:11p  -6.4   1:26a  19.1   0.0   0.0   5.1  33.5  11:27a   SSE
 2   2.9   5.5   3:12p  -0.7  12:18a  15.1   0.0   0.0   0.7   8.6  10:17a   NNE
 3   4.6   6.1   4:56p   3.1   7:41a  13.4   0.0   0.0   3.6  36.4  11:27p     N
 4   3.2   5.3  12:44a   1.1  11:48p  14.8   0.0   0.0  16.2  45.7   4:24a    NW
 5   1.5   4.5  11:56p   0.2   8:04a  16.5   0.0   0.0   7.0  28.8   9:08p    SE
 6   7.6  11.5  11:29a   4.3  11:51p  10.4   0.0   0.0   8.0  39.6   4:08a     S
 7   0.7   4.3  12:00a  -3.1  11:56p  17.3   0.0   0.0   6.0  28.4  11:45p   WNW
 8  -4.3  -2.1  12:40p  -6.0   8:05p  22.3   0.0   0.0   9.6  33.5   1:22a    NW
 9  -5.0  -0.1  11:58p  -7.0   8:45a  23.0   0.0   0.0   5.9  23.4   1:08a   ENE
10   0.5   2.0  11:54a  -3.2  11:58p  17.5   0.0   0.0   4.4  22.3  11:44p   WNW
11  -4.9  -3.1  12:56p  -6.9   6:27a  21.8   0.0   0.0   9.4  36.4  11:11a   WNW
12  -9.9  -4.7  12:30a -14.2  11:58p  26.7   0.0   0.0   7.4  30.6  11:46a   WNW
13 -10.7  -4.4  12:40p -15.7   2:23a  28.7   0.0   0.0   6.3  27.4   9:53p   WNW
14 -13.3 -10.7   2:40p -16.3   6:57a  31.3   0.0   0.0   7.1  23.4   9:38a    NW
15  -6.8   0.8   5:01p -13.9   1:26a  24.7   0.0   0.0   7.1  32.8  12:53p   ENE
16  -4.7  -1.4   1:40a -10.0  11:53p  22.8   0.0   0.0   7.7  36.0   2:55p     N
17 -10.1  -5.4   3:08p -14.9  10:54p  28.1   0.0   0.0   3.2  14.4   1:01a     N
18  -6.7  -2.5   1:29p -14.5  12:06a  24.6   0.0   0.0   7.8  39.6   8:09p     N
19  -3.0  -0.5   1:29p  -6.4   6:13a  21.0   0.0   0.0   4.8  29.2   1:15a   NNW
20  -1.4   0.7   9:02p  -3.9   6:55a  19.4   0.0   0.0   3.8  13.7   3:41p     E
21   2.7   5.9   3:24p   0.4  12:39a  15.3   0.0   0.0   2.0  13.7   1:30p   SSE
22   0.3   3.1  12:00a  -1.2  11:44p  17.7   0.0   0.0   1.8  17.6   4:14a   NNE
23  -0.4   0.7  10:15p  -1.6   4:33a  18.4   0.0   0.0   0.0   0.0  12:00a     E
24   0.0   0.7   9:43a  -1.8  10:02p  18.0   0.0   0.0   1.1  15.5  11:23a   NNW
25  -1.8  -1.8  12:00a  -1.8  12:00a  19.8   0.0   0.0   0.0   0.0  12:00a     E
26  -1.8  -1.8  12:00a  -1.8  12:00a  19.8   0.0   0.0   0.0   0.0  12:00a     E
27  -1.8  -1.8  12:00a  -1.8  12:00a  19.8   0.0   0.0   0.0   0.0  12:00a     E
28  -0.7   1.4   7:12p  -1.8  12:00a  18.7   0.0   0.0   4.9  45.0   1:07p     S
29  -1.3   1.3   2:41a  -3.4  12:46p  19.3   0.0   0.0   4.3  20.9  10:13a    NE
30  -0.2   1.8   1:24p  -7.6  11:57p  18.2   0.0   0.0   9.4  31.0   8:43p    NW
31 -10.5  -7.6  12:00a -12.9   7:58a  28.5   0.0   0.0   4.3  21.2  12:58a    NW
----------------------------------------------------------------------------------
    -2.5  11.5     6   -16.3    14   632.0   0.0   0.0   5.1  45.7     4      NW

Max >=  27.0:  0
Max <=   0.0: 14
Min <=   0.0: 26
Min <= -18.0:  0
Max Rain: 0.0 on day 0
Days of Rain: 0 (>= 0.2 mm)  0 (>= 2.0 mm)  0 (>= 20.0 mm)
Heat Base: 18.0  Cool Base: 18.0  Method: Integration