NOAA-Style Climate Reports

Select a Year or Month report
2018: Jan Feb Mar Apr May Jun Jul Aug Sep Oct Nov Dec
2017: Jan Feb Mar Apr May Jun Jul Aug Sep Oct Nov Dec
2016: Jan Feb Mar Apr May Jun Jul Aug Sep Oct Nov Dec
2015: Jan Feb Mar Apr May Jun Jul Aug Sep Oct Nov Dec
2014: Jan Feb Mar Apr May Jun Jul Aug Sep Oct Nov Dec
2013: Jan Feb Mar Apr May Jun Jul Aug Sep Oct Nov Dec
2012: Jan Feb Mar Apr May Jun Jul Aug Sep Oct Nov Dec
2011: Jan Feb Mar Apr May Jun Jul Aug Sep Oct Nov Dec

Report for 2013 November
                   Monthly Climatological Summary for Nov 2013

Name: Jared Court   City: Windsor   State: NS
Elevation: 48 m  Lat: N 44° 58' 41"   Lon: W 064° 06' 20"

                  Temperature (°C), Rain (mm), Wind Speed (km/h)

                                      Heat  Cool        Avg
    Mean                              Deg   Deg         Wind                 Dom
Day Temp  High   Time   Low    Time   Days  Days  Rain  Speed High   Time    Dir
----------------------------------------------------------------------------------
 1  16.3  19.0   2:49p  10.2  12:00a   1.9   0.1  10.4  19.9  64.1   5:39p     S
 2  13.4  17.5  12:00a  11.3  11:39p   4.6   0.0   0.0   6.6  36.0  12:34a     S
 3   4.9  11.7  12:28a   0.5  11:48p  13.7   0.0   2.0   6.1  23.4   2:52p     N
 4   2.8   5.2   1:56p   0.6  12:00a  15.2   0.0   0.0   7.4  22.0   5:55p     N
 5   2.7   7.1   3:09p  -1.5   7:22a  15.3   0.0   0.0   3.0  17.3   7:20p    SE
 6   6.6  11.5   3:02p   2.0  12:00a  11.4   0.0   0.0   6.5  28.1  11:40p     S
 7  13.2  15.5  11:33a   9.4  12:00a   4.8   0.0  13.7  12.4  42.5   3:40p     S
 8   4.6  10.6  12:00a   2.5   8:21p  13.4   0.0   2.0   6.4  26.3   1:11p    NW
 9   2.5   2.9  12:56a   2.1   3:48a  15.5   0.0   0.0   9.5  37.8   9:14a    NW
10   3.3   6.2   9:52p  -0.5   5:41a  14.7   0.0  13.7   5.5  23.8  11:03a   ESE
11   4.4   6.1  12:25a   2.7  11:32p  13.6   0.0   0.0   7.1  35.6   1:20p   WNW
12   2.7   7.4  10:32a  -0.5   8:54p  15.3   0.0   3.3   8.4  26.6   7:30p    SW
13  -1.1   0.5  11:27a  -3.5  11:31p  19.1   0.0   1.0   9.2  25.2  10:24a    NW
14   1.3   5.5   3:25p  -3.5  12:29a  16.0   0.0   0.0   5.2  20.9   2:42p     S
15   6.3  12.2   3:01p   1.9  11:57p  11.7   0.0   0.0   5.6  23.8   9:42a     S
16   3.3   7.4   2:59p  -0.5   6:01a  14.7   0.0   0.0   1.3   9.4   6:13p     E
17   4.9   6.3   2:43p   3.0  12:34a  13.1   0.0   0.0   3.7  17.6  10:51p    SE
18  10.9  14.9   6:22p   4.7  12:00a   7.1   0.0  10.4  20.6  67.3   4:11p   SSE
19   7.4  12.5  12:00a   1.5  11:59p  10.6   0.0   0.0   7.5  30.6  11:52p   WNW
20  -0.5   1.5  12:00a  -2.2  11:19p  18.5   0.0   0.0  15.6  48.6   4:13a    NW
21   2.1   6.7   2:42p  -2.0   2:41a  15.9   0.0   0.0  13.0  36.7  12:51a    NW
22   3.7   8.8   1:56p  -1.9   7:34a  14.3   0.0   0.0   2.2  14.0   1:42a   WNW
23   2.7   5.7  11:05a  -0.8  11:52p  15.3   0.0   0.0   8.1  37.8  11:45a     W
24  -3.0  -0.5  12:41a  -5.9   7:58p  21.0   0.0   0.0   8.9  32.0   9:06a     W
25  -3.8  -1.6   3:07p  -5.1  12:00a  21.8   0.0   0.0  11.4  40.7   7:33a   WNW
26   0.7   5.5   2:57p  -6.1   1:43a  17.3   0.0   0.0   6.1  30.6  11:56a   SSE
27   9.4  14.7  11:56p   2.3  12:50a   8.6   0.0   0.0  24.9  96.5   7:55p   SSE
28   6.6  15.5   1:39a  -1.9  11:17p  10.1   0.0   0.0  19.5  95.8   1:38a   SSW
29  -3.7  -1.8  12:00a  -5.6  11:58p  21.7   0.0   0.0   8.7  31.3   2:14a   WNW
30  -4.8  -1.4   3:16p  -7.8   6:35a  22.8   0.0   0.0   4.9  24.5   2:23a    NW
----------------------------------------------------------------------------------
     4.0  19.0     1    -7.8    30   419.0   0.1  56.5   9.1  96.5    27      SW

Max >=  27.0:  0
Max <=   0.0:  4
Min <=   0.0: 16
Min <= -18.0:  0
Max Rain: 13.7 on day 7
Days of Rain: 8 (>= 0.2 mm)  7 (>= 2.0 mm)  0 (>= 20.0 mm)
Heat Base: 18.0  Cool Base: 18.0  Method: Integration