NOAA-Style Climate Reports


Report for 2013 October
                   Monthly Climatological Summary for Oct 2013

Name: Jared Court   City: Windsor   State: NS
Elevation: 48 m  Lat: N 44° 58' 41"   Lon: W 064° 06' 20"

                  Temperature (°C), Rain (mm), Wind Speed (km/h)

                                      Heat  Cool        Avg
    Mean                              Deg   Deg         Wind                 Dom
Day Temp  High   Time   Low    Time   Days  Days  Rain  Speed High   Time    Dir
----------------------------------------------------------------------------------
 1  13.7  14.7  12:42a  12.7   7:15p   4.3   0.0  27.4   2.2  16.9   6:04p     N
 2  15.4  21.7   5:14p   8.5   7:10a   3.3   0.7   0.0   3.6  23.8   3:34p     W
 3  15.3  19.3   4:55p  11.7   7:39a   2.9   0.2   0.0   6.7  37.1  12:22p   WNW
 4  13.3  17.5   5:26p   8.2  11:57p   4.7   0.0   0.0   6.7  32.0   4:03p   WNW
 5  10.1  15.9   1:12p   4.5   7:41a   7.9   0.0   0.0   3.3  20.9   1:26p   WNW
 6   9.7  14.5   5:16p   4.8  11:56p   8.3   0.0   0.0   3.8  20.5   1:07p   NNW
 7  11.6  17.2   5:24p   4.2   1:13a   6.4   0.0   0.0   9.6  51.5  10:08p   SSE
 8  15.4  19.4   9:35a   8.3  11:59p   2.8   0.2   4.1  14.4  58.3   4:37a     S
 9   9.3  15.5   3:43p   3.0   7:34a   8.7   0.0   0.0   2.6  16.2  10:42a   NNW
10  10.5  20.5   3:57p   2.8   7:00a   7.8   0.3   0.0   2.3  14.8  11:48a    SW
11  11.8  20.1   3:44p   4.4   7:08a   6.4   0.2   0.0   2.8  17.6   3:57p     N
12   8.9  13.1  12:00a   2.5  11:59p   9.1   0.0   0.0   3.6  19.8   2:31p   NNE
13   5.4  12.9   3:42p  -0.5   7:27a  12.6   0.0   0.0   2.0  14.0   1:16p   NNW
14   7.4  16.9   4:03p   0.2   5:30a  10.2   0.0   0.0   2.1  14.0   4:08p   ENE
15  12.3  17.1   2:22p   7.3  11:32p   5.7   0.0   0.0   2.8  16.2   1:17p    NW
16  10.4  15.4   1:00p   4.0   7:29a   7.6   0.0  14.7   5.0  29.2   2:50p    SE
17  16.7  21.8   3:09p  12.9  10:57p   1.9   0.6   9.4   4.6  16.9   1:32p   SSE
18  13.1  15.2   4:45p  11.1   8:16a   4.9   0.0   0.0   6.3  29.9   2:45p     S
19  11.8  15.9   3:45p   8.8  11:55p   6.2   0.0   0.0   5.3  33.1  12:20p     W
20  11.4  16.5   3:07p   7.6   8:17a   6.6   0.0   1.3   4.7  28.4  12:27p   SSE
21   8.7  12.5   3:33p   5.7   8:22a   9.3   0.0   0.0   6.1  32.4  10:09a     W
22   9.2  14.6   3:08p   2.8   4:54a   8.8   0.0   0.0   8.9  46.1  11:49p   SSE
23   9.8  13.8  12:01a   6.0  10:51p   8.2   0.0  13.7   3.5  49.3   1:22a   SSE
24   7.4   9.9   1:58p   5.5   8:17p  10.6   0.0   2.0   5.8  35.6   2:55p   WSW
25   7.0  10.1  12:45p   5.1   3:58a  11.0   0.0   0.0   5.4  24.8  12:08p   WSW
26   5.9   9.4  12:13p   2.2   7:59a  12.1   0.0   0.0   5.0  31.7  11:58p   SSW
27   7.9   9.5   3:09p   5.7  10:37p  10.1   0.0   8.4   5.5  47.2  12:31a     S
28   6.4   9.7   3:34p   3.3   8:17a  11.6   0.0   2.0   6.3  36.7  11:46a     W
29   3.0   7.0   3:57p  -0.6  11:12p  15.0   0.0   0.0   3.4  22.7   3:19p    NW
30   1.7   7.9   3:39p  -3.3   8:18a  16.3   0.0   0.0   3.0  27.4   2:06p     S
31   3.4  10.2  11:57p  -2.8   7:52a  14.6   0.0   1.3   4.7  42.1  11:48p     S
----------------------------------------------------------------------------------
     9.8  21.8    17    -3.3    30   255.9   2.2  84.3   4.9  58.3     8      SW

Max >=  27.0:  0
Max <=   0.0:  0
Min <=   0.0:  4
Min <= -18.0:  0
Max Rain: 27.4 on day 1
Days of Rain: 10 (>= 0.2 mm)  8 (>= 2.0 mm)  1 (>= 20.0 mm)
Heat Base: 18.0  Cool Base: 18.0  Method: Integration