NOAA-Style Climate Reports


Report for 2013 September
                   Monthly Climatological Summary for Sep 2013

Name: Jared Court   City: Windsor   State: NS
Elevation: 48 m  Lat: N 44° 58' 41"   Lon: W 064° 06' 20"

                  Temperature (°C), Rain (mm), Wind Speed (km/h)

                                      Heat  Cool        Avg
    Mean                              Deg   Deg         Wind                 Dom
Day Temp  High   Time   Low    Time   Days  Days  Rain  Speed High   Time    Dir
----------------------------------------------------------------------------------
 1  18.8  20.7   2:52p  17.6  12:00a   0.0   0.8  16.8   5.8  23.8  10:56a   SSE
 2  17.9  19.2   4:18p  16.9   5:00a   0.3   0.2   2.3   5.1  25.2   9:41p     E
 3  20.4  22.0   3:41p  18.0  12:00a   0.0   2.4  50.5  13.8  52.6  10:22a   SSE
 4  20.4  25.3   5:09p  17.5  11:27p   0.0   2.4   0.0   6.5  21.6   3:25a     S
 5  14.2  17.5  12:00a  10.2  10:58p   3.8   0.0   7.4   1.8  17.3  12:04p    NW
 6  12.7  19.3   5:29p   8.1   7:24a   5.4   0.1   0.0   4.0  20.9   1:50p     W
 7  16.2  23.8   4:33p   8.9   5:04a   3.2   1.3   0.0   6.8  26.3  11:18a   SSW
 8  14.8  17.1  12:07p   9.8  11:28p   3.2   0.0   4.1   6.7  21.2   6:13p   SSW
 9  12.6  19.5   5:05p   7.6   5:03a   5.5   0.1   0.0   5.5  21.2  12:25p   WSW
10  16.2  22.8   3:03p  10.4  12:51a   2.7   0.9   0.0   6.7  21.2   1:16p     S
11  19.9  26.5   3:36p  16.3  12:44a   0.5   2.4   0.0   9.3  21.2   5:15p   SSE
12  22.0  27.4   4:14p  18.2  11:58p   0.0   4.0   0.0   6.8  21.2   3:14p   SSE
13  19.7  21.6  11:13a  17.9  12:29a   0.0   1.7  23.1   9.6  38.9   1:46p   SSE
14  18.7  21.8   3:10p  16.5  11:53p   0.2   1.0   0.0   5.2  23.0   4:27p   SSE
15  16.5  21.5   5:37p  12.8  11:21p   2.1   0.6   0.0   4.1  23.0   1:05p   WNW
16  15.1  19.7  12:44p  11.4  11:25p   3.1   0.3   0.0   4.4  23.0   2:27a   WSW
17  11.1  16.3   5:31p   7.0   7:18a   6.9   0.0   0.0   5.2  20.9  12:27p   NNW
18  13.4  21.5   4:55p   5.6   5:52a   5.2   0.6   0.0   4.3  24.8   4:56p     W
19  14.3  22.4   5:22p   6.6   6:59a   4.6   0.9   0.0   1.8  10.1   3:46p   NNE
20  15.0  21.7   4:18p   9.4   4:44a   3.7   0.7   0.0   2.7  16.2   5:13p   NNE
21  17.6  22.4   3:53p  14.6  12:36a   1.4   0.9   0.0  12.7  36.7  11:32a   SSE
22  19.9  24.9   3:40p  15.4  12:27a   0.4   2.3   0.0  16.8  61.6   1:09p   SSE
23  15.3  19.0  12:00a  10.8  11:33p   2.8   0.1   6.3   7.3  28.4   6:59p     W
24  10.7  12.2  12:43p   9.5  11:04p   7.3   0.0   0.0   4.4  27.0   3:22a   WSW
25  11.0  14.1   2:02p   8.8   7:46a   7.0   0.0   9.7   3.5  19.1   2:47p    NW
26  13.2  15.5   1:50p  11.8  12:00a   4.8   0.0   0.0   7.6  29.9   2:02p   NNW
27  13.8  17.4   3:34p   9.1  11:57p   4.2   0.0   0.0   5.5  23.4  12:15p     N
28  10.4  13.8  10:44a   4.4   7:44a   7.6   0.0   0.0   1.5  10.1   3:41p    NW
29  13.4  23.2   3:54p   5.5   7:19a   5.5   0.9   0.0   2.5  17.6   4:47p     S
30  13.0  19.7   3:13p   5.6   7:03a   5.2   0.2   0.0   1.8  19.4   4:23p    SE
----------------------------------------------------------------------------------
    15.6  27.4    12     4.4    28    96.6  24.8 120.2   6.0  61.6    22       S

Max >=  27.0:  1
Max <=   0.0:  0
Min <=   0.0:  0
Min <= -18.0:  0
Max Rain: 50.5 on day 3
Days of Rain: 8 (>= 0.2 mm)  8 (>= 2.0 mm)  2 (>= 20.0 mm)
Heat Base: 18.0  Cool Base: 18.0  Method: Integration