NOAA-Style Climate Reports


Report for 2013 August
                   Monthly Climatological Summary for Aug 2013

Name: Jared Court   City: Windsor   State: NS
Elevation: 48 m  Lat: N 44° 58' 41"   Lon: W 064° 06' 20"

                  Temperature (°C), Rain (mm), Wind Speed (km/h)

                                      Heat  Cool        Avg
    Mean                              Deg   Deg         Wind                 Dom
Day Temp  High   Time   Low    Time   Days  Days  Rain  Speed High   Time    Dir
----------------------------------------------------------------------------------
 1  20.9  27.7   4:08p  14.8   7:09a   0.5   3.4   0.0   5.0  33.8   6:29p   SSE
 2  19.7  22.1  11:10a  16.4   5:41a   0.2   1.9   0.0   4.2  17.6   4:55p   SSE
 3  21.6  26.5   5:29p  17.6  11:57p   0.0   3.6   0.0   6.5  40.3   3:38p   SSE
 4  20.0  27.6   4:45p  14.0   5:54a   1.0   3.0   0.0   2.9  23.8   1:05p   WSW
 5  18.9  25.2   3:28p  13.4   6:38a   1.2   2.1   0.0   4.7  31.0   5:33p   WNW
 6  19.1  26.1   5:14p  14.8  11:59p   0.8   1.9   0.0   5.3  24.5  12:21p     W
 7  18.9  23.2  11:08a  11.8   7:06a   1.7   2.7   0.0   2.2  14.0   3:42p     N
 8  21.1  26.0   5:13p  13.7   7:41a   0.2   3.2   0.0   6.8  35.6   4:28p   SSE
 9  20.2  23.7  11:02a  18.7   3:30a   0.0   2.2  15.0   9.9  38.5  11:57p   SSE
10  22.2  28.1   3:45p  17.4  11:57p   0.0   4.2   0.0  12.0  71.3   3:28a   SSW
11  19.5  25.9   5:27p  13.8   6:18a   1.0   2.5   0.0   6.8  31.0   2:36p     W
12  20.5  27.9   4:23p  15.3   4:35a   0.8   3.3   0.0   4.0  20.2   3:36p     W
13  19.1  25.3   1:32p  15.1   5:06a   0.7   1.8   0.0   5.3  28.4   3:18p   SSE
14  20.3  24.1   4:03p  17.5  11:58p   0.0   2.4   0.0   3.8  23.4   4:14p   SSE
15  19.6  24.7   5:27p  13.9   7:26a   0.5   1.8   0.0   7.3  28.4   2:15p     W
16  19.2  25.6   2:50p  12.3   6:49a   1.3   2.6   0.0   6.1  32.0   5:24p   SSE
17  20.3  25.4   5:43p  15.5  11:43p   0.1   2.4   0.0   2.7  18.4   3:05p   NNW
18  19.6  26.7   3:27p  13.9   2:40a   1.5   3.1   0.0   3.4  19.4   1:23p   WSW
19  20.3  28.6   4:26p  14.1   6:37a   0.8   3.1   0.0   4.6  27.0   3:30p   WSW
20  21.4  26.0  12:09p  15.7   7:33a   0.5   3.9   0.0   2.0  13.7   4:25p   NNW
21  23.1  26.8  11:29a  16.5   7:18a   0.1   5.2   0.0   3.9  23.0   2:02p   SSE
22  23.2  30.7   4:14p  17.5   6:01a   0.0   5.2   0.0   6.4  27.7   3:00p     S
23  19.7  23.3   4:43p  17.2  11:29p   0.0   1.7   0.0   5.3  21.2   3:08p    NE
24  16.3  21.5   1:42p  11.8  11:57p   2.0   0.6   0.0   3.4  21.2  10:50a    NW
25  17.4  26.2   4:05p   8.0   6:34a   3.4   2.8   3.0   2.5  15.8   4:50p     N
26  16.7  23.3  12:07p  10.0   6:39a   2.5   1.2   2.0   5.6  28.1  12:19p   SSE
27  20.4  26.5   3:07p  15.9  12:27a   0.6   3.0   0.0   4.6  19.4  11:37a    SE
28  20.6  27.8   4:42p  14.9   7:04a   0.8   3.4   0.0   2.8  16.6  10:24p     N
29  17.4  19.3  12:00a  16.2   4:05a   0.7   0.1   0.0   6.2  27.7   4:59p   NNE
30  16.2  18.3   5:51p  13.6  11:57p   1.8   0.0   0.0   7.4  30.2   9:28a   NNW
31  19.4  27.5   5:10p  12.9   1:26a   1.1   2.5   0.0   4.8  24.8  10:56p   SSE
----------------------------------------------------------------------------------
    19.8  30.7    22     8.0    25    25.8  80.8  20.0   5.1  71.3    10     SSW

Max >=  27.0:  8
Max <=   0.0:  0
Min <=   0.0:  0
Min <= -18.0:  0
Max Rain: 15.0 on day 9
Days of Rain: 3 (>= 0.2 mm)  3 (>= 2.0 mm)  0 (>= 20.0 mm)
Heat Base: 18.0  Cool Base: 18.0  Method: Integration