NOAA-Style Climate Reports


Report for 2013 July
                   Monthly Climatological Summary for Jul 2013

Name: Jared Court   City: Windsor   State: NS
Elevation: 48 m  Lat: N 44° 58' 41"   Lon: W 064° 06' 20"

                  Temperature (°C), Rain (mm), Wind Speed (km/h)

                                      Heat  Cool        Avg
    Mean                              Deg   Deg         Wind                 Dom
Day Temp  High   Time   Low    Time   Days  Days  Rain  Speed High   Time    Dir
----------------------------------------------------------------------------------
 1  20.7  25.6   4:50p  18.1   5:24a   0.0   2.7   8.4  ----  20.9   2:07p   SSE
 2  17.1  19.6  12:00a  14.9  10:22p   1.1   0.2   8.4  ----  16.9   8:36p   ENE
 3  17.8  23.5   5:44p  14.2   3:19a   1.5   1.3   0.0  ----  13.7   6:19p   NNW
 4  22.5  30.9   4:49p  14.9   5:43a   0.8   5.3   0.0  ----  22.7   3:08p    NW
 5  27.0  32.2   5:17p  19.6   1:31a   0.0   7.4   0.0  ----  30.2   5:18p   WNW
 6  26.2  31.4   3:59p  21.7   6:21a   0.0   8.2   0.0  ----  27.7   3:46p     W
 7  26.0  33.3   4:47p  20.2   5:55a   0.0   8.0   0.0  ----  23.8   3:57p     W
 8  19.3  21.8  12:00a  15.9  11:51p   0.2   1.5  20.1  ----   9.7   1:39p   NNW
 9  17.8  22.8   5:00p  14.5   3:20a   1.2   1.0   0.0  ----  21.2   6:03p    SE
10  16.9  19.5   2:20p  13.6   5:51a   1.4   0.3   0.0  ----  28.1  11:49a    SE
11  21.3  27.0   3:26p  17.3  12:00a   0.0   3.3   0.0  ----  28.4   7:33a   SSE
12  22.2  28.8   4:43p  17.7   6:33a   0.0   4.3   0.0  ----  14.4   4:30p   NNW
13  22.1  28.8   5:04p  15.5   6:27a   0.3   4.3   0.0  ----  16.9   2:06p   NNW
14  22.6  30.9   4:43p  14.8   5:42a   0.7   5.3   0.0  ----  13.7  12:43p     N
15  24.9  33.9   5:02p  16.8   5:54a   0.1   7.0   0.0  ----  24.8   2:49p    NW
16  23.1  27.9   3:14p  16.6  11:57p   0.0   5.1   0.0  ----  20.5   7:08p     N
17  19.4  25.8   2:42p  12.8   6:51a   1.3   2.7   0.0  ----  38.5   5:48p   SSE
18  22.4  28.8   4:49p  18.6   2:51a   0.0   4.4   0.0  ----  30.6   3:02p     W
19  19.6  21.4   7:45p  17.7   6:30a   0.0   1.6   0.0  ----  32.8   1:19p   SSE
20  27.1  33.1   4:35p  21.3  12:00a   0.0   9.1   0.0  ----  28.8   5:30p   SSW
21  21.4  25.3   3:56p  14.9  11:51p   0.2   3.0   0.0  ----  19.8   4:43a    NW
22  19.3  26.3   1:57p  11.8   6:01a   1.8   3.1   0.0  ----  20.2  10:08p   SSE
23  19.2  22.8  11:06a  15.5   2:17a   0.6   1.8   0.0  ----  32.8  12:08p    SE
24  22.3  26.7   5:12p  19.5   3:42a   0.0   4.3   0.0  ----  25.2  10:15a   SSE
25  19.5  20.5   6:34p  18.1   9:21a   0.0   1.5   0.0  ----  10.4   6:43a    NE
26  22.1  24.9   5:15p  19.0   3:29a   0.0   4.1   0.0  ----  46.1  10:44p   SSE
27  20.6  22.8  12:00a  17.7   7:08a   0.0   2.6   0.0  ----  52.2   5:18a     S
28  20.7  25.0   4:31p  15.8   5:59a   0.6   3.3   0.0  ----  17.3   1:29a     N
29  23.3  25.7   5:45p  21.0  11:54p   0.0   5.3   0.0  ----  25.2   8:15a    SE
30  21.1  25.2   1:29p  17.8  11:58p   0.0   2.9   0.0  ----  23.8   3:33p   SSE
31  22.0  27.7   1:24p  16.0   2:27a   0.2   2.4   0.0   1.4  25.9   6:06p   WNW
----------------------------------------------------------------------------------
    21.5  33.9    15    11.8    22    12.0 117.3  36.9   1.4  52.2    27     WNW

Max >=  27.0: 13
Max <=   0.0:  0
Min <=   0.0:  0
Min <= -18.0:  0
Max Rain: 20.1 on day 8
Days of Rain: 3 (>= 0.2 mm)  3 (>= 2.0 mm)  1 (>= 20.0 mm)
Heat Base: 18.0  Cool Base: 18.0  Method: Integration