NOAA-Style Climate Reports

Select a Year or Month report
2018: Jan Feb Mar Apr May Jun Jul Aug Sep Oct Nov Dec
2017: Jan Feb Mar Apr May Jun Jul Aug Sep Oct Nov Dec
2016: Jan Feb Mar Apr May Jun Jul Aug Sep Oct Nov Dec
2015: Jan Feb Mar Apr May Jun Jul Aug Sep Oct Nov Dec
2014: Jan Feb Mar Apr May Jun Jul Aug Sep Oct Nov Dec
2013: Jan Feb Mar Apr May Jun Jul Aug Sep Oct Nov Dec
2012: Jan Feb Mar Apr May Jun Jul Aug Sep Oct Nov Dec
2011: Jan Feb Mar Apr May Jun Jul Aug Sep Oct Nov Dec

Report for 2013 June
                   Monthly Climatological Summary for Jun 2013

Name: Jared Court   City: Windsor   State: NS
Elevation: 48 m  Lat: N 44° 58' 41"   Lon: W 064° 06' 20"

                  Temperature (°C), Rain (mm), Wind Speed (km/h)

                                      Heat  Cool        Avg
    Mean                              Deg   Deg         Wind                 Dom
Day Temp  High   Time   Low    Time   Days  Days  Rain  Speed High   Time    Dir
----------------------------------------------------------------------------------
 1  24.6  35.1   1:07p  16.7  11:39p   0.1   6.4   0.0   4.9  33.1   2:03p    SE
 2  21.0  33.8  12:01p  13.1   5:18a   1.1   4.1   0.0   6.3  30.2   1:20a   SSE
 3  18.8  23.9   1:53p  14.9   5:23a   0.8   1.6   2.0   9.0  31.7   9:18p   SSE
 4  16.8  21.5   1:07p  11.0  11:57p   1.8   0.6   5.3   7.4  31.3   3:53p   WSW
 5  14.6  21.0  12:03p   8.0   5:36a   3.7   0.3   0.0   5.3  24.5   4:27p    NW
 6  15.7  23.7  11:56a   6.7   6:00a   3.6   1.3   0.0   3.1  16.2   3:11p     N
 7  14.2  18.3   2:35p  10.7   4:20a   3.8   0.0   0.0   4.4  16.2   2:11p    SE
 8  13.7  18.0   6:49p  10.3   5:34a   4.3   0.0  55.9   6.6  29.2   4:38p   ESE
 9  12.4  15.2   2:28p  10.0   6:26a   5.6   0.0   0.0   6.1  24.5   4:04a    NW
10  15.2  20.1   5:03p  11.3   3:22a   3.2   0.4   1.0   2.9  17.3   8:15p   SSE
11  15.0  21.2  10:00a  11.2   5:30a   3.2   0.3   0.0   5.3  24.5   1:22p    SE
12  13.2  14.7  12:02p  12.0   9:23p   4.8   0.0   8.4   7.8  41.0   1:13p     E
13  11.9  13.5   6:19p   9.7  10:36p   6.1   0.0   1.3   5.5  28.4   3:48p   NNE
14  11.5  13.5   4:28p  10.0   1:11a   6.5   0.0   3.0   2.3  14.0  11:17a   ENE
15  16.0  24.2  12:37p   8.8   6:05a   3.3   1.3   0.0   4.6  28.1   5:16p     W
16  19.0  26.6  11:45a  11.2   5:49a   2.0   3.0   0.0   6.5  32.0  10:35p    SW
17  17.5  23.4  12:54p  13.2   3:54a   1.7   1.2   8.4   4.8  27.7   1:57a    SE
18  20.9  27.5  11:31a  14.1  11:59p   0.6   3.1   3.3   4.6  28.1   5:31p   WNW
19  17.2  21.5  11:52a  11.8  11:58p   1.5   0.8   1.0   3.2  19.1   4:03p     N
20  17.6  27.1  11:50a   8.0   6:11a   3.1   2.7   0.0   2.8  20.5   4:07p     N
21  19.0  26.0  10:47a  10.8   5:46a   1.8   2.8   0.0   5.2  26.3   2:06p     S
22  18.8  24.1   6:42p  11.3   5:45a   1.8   2.6   0.0   1.7  12.6   3:21p   WSW
23  19.7  27.3   1:15p  13.8   5:54a   0.9   2.5  11.4   3.0  23.8   2:45p   SSE
24  20.3  24.1   6:36p  16.6   5:30a   0.3   2.6   0.0   3.2  13.0   9:40a   SSE
25  23.6  32.9   4:37p  16.8   5:22a   0.1   5.7   0.0   2.5  20.9   4:32p   NNW
26  17.1  20.1  12:00a  13.6  11:56p   1.1   0.2   0.0   3.9  19.4   7:33p   NNE
27  15.9  21.3   3:19p  12.4   7:15a   2.5   0.4   0.0   2.4  11.9   5:23a     N
28  15.6  16.9  11:46p  14.5   7:21a   2.4   0.0  14.7   6.1  30.2  11:44p   ESE
29  19.4  21.9   4:33p  16.9  12:00a   0.0   1.4  10.7  15.1  41.8   7:52a   SSE
30  20.4  26.0   4:37p  17.2   2:47a   0.2   2.5   0.0  10.5  34.6   4:05p   SSE
----------------------------------------------------------------------------------
    17.2  35.1     1     6.7     6    71.9  47.8 126.4   5.3  41.8    29     SSE

Max >=  27.0:  6
Max <=   0.0:  0
Min <=   0.0:  0
Min <= -18.0:  0
Max Rain: 55.9 on day 8
Days of Rain: 13 (>= 0.2 mm)  10 (>= 2.0 mm)  1 (>= 20.0 mm)
Heat Base: 18.0  Cool Base: 18.0  Method: Integration