NOAA-Style Climate Reports

Select a Year or Month report
2018: Jan Feb Mar Apr May Jun Jul Aug Sep Oct Nov Dec
2017: Jan Feb Mar Apr May Jun Jul Aug Sep Oct Nov Dec
2016: Jan Feb Mar Apr May Jun Jul Aug Sep Oct Nov Dec
2015: Jan Feb Mar Apr May Jun Jul Aug Sep Oct Nov Dec
2014: Jan Feb Mar Apr May Jun Jul Aug Sep Oct Nov Dec
2013: Jan Feb Mar Apr May Jun Jul Aug Sep Oct Nov Dec
2012: Jan Feb Mar Apr May Jun Jul Aug Sep Oct Nov Dec
2011: Jan Feb Mar Apr May Jun Jul Aug Sep Oct Nov Dec

Report for 2013 May
                   Monthly Climatological Summary for May 2013

Name: Jared Court   City: Windsor   State: NS
Elevation: 48 m  Lat: N 44° 58' 41"   Lon: W 064° 06' 20"

                  Temperature (°C), Rain (mm), Wind Speed (km/h)

                                      Heat  Cool        Avg
    Mean                              Deg   Deg         Wind                 Dom
Day Temp  High   Time   Low    Time   Days  Days  Rain  Speed High   Time    Dir
----------------------------------------------------------------------------------
 1  12.9  22.1   2:45p   4.8  12:55a   5.5   0.7   0.0   4.3  19.4   3:06p   NNW
 2   8.3  13.5  12:55p   4.3   6:38a   9.7   0.0   0.0  11.6  40.7   2:51p   NNE
 3  10.3  17.0   3:44p   3.7  11:12p   7.7   0.0   0.0   9.2  29.9  12:07p   NNE
 4   9.6  20.9   3:51p  -0.8   3:22a   8.6   0.1   0.0   6.0  23.0   9:16a     E
 5  11.0  23.9   2:15p  -1.3   5:44a   7.8   0.8   0.0   4.7  23.4   7:08p    SE
 6  11.9  23.7  12:59p   0.4   6:11a   6.8   0.8   0.0   7.9  36.4   2:23p   SSE
 7  18.3  29.2   4:13p   8.2   1:50a   2.9   3.1   0.0   6.6  27.0  11:06a   SSW
 8  19.7  28.9  12:09p  11.9  11:46p   1.5   3.2   0.0   6.3  31.3   5:49p    SE
 9  12.9  19.0   9:29a   9.4   4:02a   5.1   0.0   4.3  10.1  30.2  10:16a   SSE
10  13.7  20.6   4:49p   9.9   5:21a   4.5   0.2   1.0   8.2  22.3   4:39p    SE
11  12.2  16.6  12:16p   9.9   2:43a   5.8   0.0   2.0   9.1  32.8   5:23p   SSE
12  13.3  16.7  11:47a  11.0  12:00a   4.7   0.0  18.0  14.6  49.0   6:00p   SSE
13  13.7  19.9   4:15p   6.7  10:55p   4.5   0.2   0.0   8.6  36.4   1:00p   SSW
14   7.5  10.7   1:19p   5.3   3:43a  10.5   0.0   2.0   5.0  22.7   4:59p   NNE
15  10.6  19.0   4:45p   4.3   3:04a   7.5   0.0   6.4   7.9  27.7  12:48p    SW
16  11.0  21.3   6:01p   6.5   1:20a   7.2   0.2   1.0   9.6  44.3   8:59a   SSE
17  10.2  16.6  10:44a   5.1  11:59p   7.8   0.0   0.0   6.8  23.8   7:16p   NNW
18   5.4   9.4   1:22p   0.1  11:57p  12.6   0.0   0.0  11.0  38.9   4:03p   NNW
19   7.7  15.9   5:00p  -0.8   1:54a  10.3   0.0   0.0   5.1  23.8   4:05p   NNW
20   6.3  10.8   2:29p   0.1   3:02a  11.8   0.0   2.3   6.4  25.6   2:47p   SSE
21  10.0  14.1   4:21p   7.6   4:03a   8.0   0.0   1.0   4.9  19.4   8:56p   SSE
22   9.3  12.3   3:37p   7.1   3:53a   8.7   0.0   5.1   6.5  31.3   6:03p    SE
23  13.2  19.7   4:54p   7.8   3:20a   5.0   0.2   0.0  10.3  29.2  11:14p   SSE
24  17.0  21.9   1:49p  12.9   5:45a   1.9   0.8   0.0  19.3  49.3   9:40p   SSE
25  14.7  17.2   3:12p  11.8  11:48p   3.3   0.0  13.7  13.7  56.9   2:37a   SSE
26  11.7  15.6  10:32a   8.4  11:05p   6.3   0.0   0.0  17.6  58.3   1:03p   SSE
27  10.7  15.8   1:28p   8.3   5:57a   7.3   0.0   0.0   7.1  23.8   8:49a   WSW
28  12.9  20.1   4:01p   4.7   5:34a   5.3   0.2   0.0   5.3  20.5   7:58a     N
29  13.6  22.2   1:08p   2.8   4:37a   5.3   1.0   0.0  10.0  39.2   2:32p   SSE
30  16.7  25.3   4:32p  12.5  12:00a   2.5   1.2   6.4   6.2  33.5   2:45a    SE
31  24.1  34.2   3:08p  12.5   5:30a   1.1   7.3   0.0   5.0  25.9   4:41p     W
----------------------------------------------------------------------------------
    12.3  34.2    31    -1.3     5   197.5  20.0  63.2   8.5  58.3    26     SSE

Max >=  27.0:  3
Max <=   0.0:  0
Min <=   0.0:  3
Min <= -18.0:  0
Max Rain: 18.0 on day 12
Days of Rain: 12 (>= 0.2 mm)  9 (>= 2.0 mm)  0 (>= 20.0 mm)
Heat Base: 18.0  Cool Base: 18.0  Method: Integration