NOAA-Style Climate Reports


Report for 2013 April
                   Monthly Climatological Summary for Apr 2013

Name: Jared Court   City: Windsor   State: NS
Elevation: 48 m  Lat: N 44° 58' 41"   Lon: W 064° 06' 20"

                  Temperature (°C), Rain (mm), Wind Speed (km/h)

                                      Heat  Cool        Avg
    Mean                              Deg   Deg         Wind                 Dom
Day Temp  High   Time   Low    Time   Days  Days  Rain  Speed High   Time    Dir
----------------------------------------------------------------------------------
 1   4.5   8.6   5:23p   0.1   3:07a  12.7   0.0   0.0  14.3  52.2  10:20a    SE
 2   2.7   6.3   2:43p  -2.1  11:55p  15.3   0.0   0.0  10.6  38.9   4:40p   WSW
 3  -0.9   2.6   2:05p  -4.7   4:54a  18.9   0.0   0.0   9.3  41.8  12:07p     W
 4   3.0   8.8   5:17p  -1.7   3:15a  15.0   0.0   0.0  11.1  37.4   1:19p   WNW
 5   5.2  11.4   3:29p   1.0   1:17a  12.8   0.0   0.0  10.9  37.4   4:07p     S
 6   2.3   4.6   3:19p  -1.3  11:45p  15.7   0.0   0.0  13.0  42.8   4:08p   WNW
 7   3.1  14.4   2:27p  -5.5   6:05a  15.0   0.0   0.0   9.3  42.1   4:32p     S
 8   6.6  16.3   1:23p   2.0  12:24a  10.6   0.0   0.0   8.5  20.5  12:46a    SE
 9   3.6  10.3   9:42a  -1.0   6:42a  14.4   0.0   0.0   3.4  21.6   2:27p     E
10   4.7  11.0   1:44p   1.0  12:00a  13.3   0.0   0.0   3.9  24.5   4:30p   WNW
11   5.4  10.7   1:37p  -0.3  10:49p  12.6   0.0  10.0   7.7  32.4   5:19p    NW
12   3.8  11.6   1:50p  -2.3   1:59a  14.2   0.0   0.0   5.6  20.2  10:06a   NNW
13   1.9   4.6   3:36p   0.1   1:08a  16.1   0.0   0.0   5.5  22.0   6:04p    NE
14   3.1   6.3   3:19p   0.6   6:17a  14.9   0.0   0.0   4.6  21.2   2:10p    SE
15   4.8  11.7   4:32p  -2.5  11:59p  13.2   0.0   0.0   5.2  18.0   3:15p   NNW
16   5.2  15.4   1:46p  -4.2   3:17a  12.8   0.0   0.0  12.1  49.0   7:07p   SSE
17  10.0  14.8   3:26p   2.5  11:33p   8.0   0.0   0.0  13.2  38.5   2:57a   WNW
18   4.8  15.4   1:46p  -4.2   3:17a  11.8   0.0   0.0   7.0  47.2   4:18p   SSE
19  12.2  24.2   3:14p   4.3  12:00a   6.7   1.0   1.0  14.3  46.4   2:21p   SSE
20  13.2  19.3   2:27p   7.3  11:56p   4.8   0.0   2.3  16.3  56.9   1:42p     S
21   7.2  11.7   4:35p  -0.6  11:59p  10.8   0.0   0.0   7.7  30.6   4:11p   NNW
22   4.4  15.1   4:02p  -5.6   5:55a  13.6   0.0   0.0   5.2  28.8   5:41p   ESE
23   4.9  12.1   1:27p  -1.5   6:00a  13.1   0.0   2.0   9.2  41.4   3:08p    SE
24  10.4  15.1   1:17p   6.3  12:00a   7.6   0.0  23.1  19.1  62.3   6:13p   SSE
25  10.9  18.4   2:11p   6.0   5:30a   7.1   0.0   2.0  12.9  59.0  12:07a   SSE
26   7.8  11.8   2:31p   4.5  11:48p  10.2   0.0   1.0   9.2  26.6   1:17p   NNE
27   5.5  10.5   5:17p   1.7   4:28a  12.5   0.0   0.0   8.6  27.0   2:35p   NNW
28   8.2  18.1   3:16p  -2.2   5:07a   9.7   0.0   0.0   6.6  28.4   1:25p     N
29   9.4  20.3   3:03p  -2.6   5:47a   8.5   0.3   0.0   4.9  23.4   4:19p     N
30  11.4  21.3  12:26p   0.9   5:28a   6.9   0.2   0.0   5.5  28.4   5:30p   ESE
----------------------------------------------------------------------------------
     6.0  24.2    19    -5.6    22   358.8   1.5  41.4   9.6  62.3    24       S

Max >=  27.0:  0
Max <=   0.0:  0
Min <=   0.0: 16
Min <= -18.0:  0
Max Rain: 23.1 on day 24
Days of Rain: 7 (>= 0.2 mm)  5 (>= 2.0 mm)  1 (>= 20.0 mm)
Heat Base: 18.0  Cool Base: 18.0  Method: Integration