NOAA-Style Climate Reports


Report for 2013 March
                   Monthly Climatological Summary for Mar 2013

Name: Jared Court   City: Windsor   State: NS
Elevation: 48 m  Lat: N 44° 58' 41"   Lon: W 064° 06' 20"

                  Temperature (°C), Rain (mm), Wind Speed (km/h)

                                      Heat  Cool        Avg
    Mean                              Deg   Deg         Wind                 Dom
Day Temp  High   Time   Low    Time   Days  Days  Rain  Speed High   Time    Dir
----------------------------------------------------------------------------------
 1   0.0   2.3   2:17p  -1.4   1:56a  18.0   0.0   1.0   7.8  31.7   8:39p     N
 2   1.1   3.4  12:43p  -0.9  12:00a  16.9   0.0   1.0   7.5  27.4  12:48p   NNW
 3   2.0   5.2   3:21p   0.3   2:51a  15.9   0.0   0.0   2.2  12.2  12:36a   NNW
 4   2.5   7.2   1:59p   0.4   1:29a  15.5   0.0   2.3   5.9  20.9   3:43p    SE
 5   1.8   5.6  11:02a   0.0  11:43p  16.1   0.0   3.0   6.9  17.6  11:59a   NNE
 6   1.0   2.4   2:01p  -1.0  12:49a  16.8   0.0   0.0   9.3  29.2  11:06p    NE
 7   1.1   3.9   2:06p  -0.1   3:20a  16.9   0.0   0.0  12.2  36.7  12:47p   ENE
 8   1.1   7.4  12:58p  -1.8   6:49a  16.9   0.0   0.0  13.4  36.4  11:54p   NNE
 9   0.9   6.8   1:42p  -1.9   2:03a  17.1   0.0   0.0  11.9  34.2  12:04a   NNE
10   1.4   8.4   3:34p  -1.7   9:43p  15.9   0.0   0.0   6.2  20.9   6:19a    NE
11   2.4   9.7   3:15p  -1.7  12:58a  15.6   0.0   0.0   9.8  27.4   4:32p   SSE
12   4.0   8.8   3:09p   0.1   1:11a  14.0   0.0   0.0  10.2  30.6   1:27p   SSE
13   9.5  12.1   1:10p   4.7  12:33a   8.5   0.0  48.5  25.7  59.4   7:48p   SSE
14   5.4  10.1   2:48p  -2.1  10:58p  12.6   0.0  11.4   7.7  44.6  12:48a     W
15  -0.2   1.1   1:27p  -1.8  11:58p  18.2   0.0   0.0   4.3  17.6   2:52p     N
16  -1.8   2.8   1:38p  -5.8   7:15a  19.8   0.0   0.0   7.4  24.8   3:49p    NW
17  -3.0   5.7  10:54a -10.4   7:30a  21.0   0.0   0.0   8.8  46.1   6:36p   WNW
18  -7.1  -2.1   5:52p -12.0   7:03a  25.1   0.0   0.0  15.8  46.1   2:57p    NW
19  -3.9   3.1   4:00p  -9.7   6:43a  21.9   0.0   0.0   6.8  26.6  10:06p   ENE
20  -1.0   6.3  11:52a  -6.5  12:57a  19.0   0.0   0.0  10.8  43.9   1:40p   SSE
21   1.7   8.0  11:34a  -4.0   7:10a  16.3   0.0   0.0   9.8  45.7   1:54p   SSE
22   2.2   8.6   3:36p  -1.2   5:44a  15.8   0.0   0.0   9.4  27.4   1:25a    NW
23   0.3   4.7   2:44p  -3.3   7:34a  17.7   0.0   0.0   6.9  32.0   9:29a   SSW
24   1.1   6.7   4:08p  -3.3  10:53p  16.9   0.0   0.0   5.2  24.8  12:03p    NW
25   1.3   8.2   1:27p  -3.3   3:22a  16.7   0.0   0.0   5.9  23.4   2:58p   NNW
26   1.4   5.8  12:08p  -2.3   5:37a  16.6   0.0   0.0   9.5  28.4   4:06p   NNW
27   1.9   3.8   3:22p   0.4   5:41a  16.1   0.0   0.0   6.0  20.9   3:36p     N
28   2.3   9.2   2:48p  -3.8  11:57p  14.2   0.0   0.0   4.9  33.1   2:01p   NNW
29   2.6   9.9   2:49p  -4.7   1:14a  15.4   0.0   0.0   4.9  22.3   3:09p   NNW
30   2.6  10.5   3:49p  -6.1   6:51a  15.4   0.0   0.0   4.7  24.8  12:31p   NNW
31   4.0  15.7   1:34p  -7.2   6:41a  14.0   0.0   0.0   4.8  27.7   6:00p    SE
----------------------------------------------------------------------------------
     1.2  15.7    31   -12.0    18   516.8   0.0  67.2   7.9  59.4    13     NNE

Max >=  27.0:  0
Max <=   0.0:  1
Min <=   0.0: 26
Min <= -18.0:  0
Max Rain: 48.5 on day 13
Days of Rain: 6 (>= 0.2 mm)  4 (>= 2.0 mm)  1 (>= 20.0 mm)
Heat Base: 18.0  Cool Base: 18.0  Method: Integration