NOAA-Style Climate Reports


Report for 2013 February
                   Monthly Climatological Summary for Feb 2013

Name: Jared Court   City: Windsor   State: NS
Elevation: 48 m  Lat: N 44° 58' 41"   Lon: W 064° 06' 20"

                  Temperature (°C), Rain (mm), Wind Speed (km/h)

                                      Heat  Cool        Avg
    Mean                              Deg   Deg         Wind                 Dom
Day Temp  High   Time   Low    Time   Days  Days  Rain  Speed High   Time    Dir
----------------------------------------------------------------------------------
 1  -1.1   3.3  12:00a  -7.8  11:59p  19.1   0.0   0.0  10.4  38.2  12:05a   WSW
 2  -8.5  -4.2   3:15p -11.7   7:35a  26.5   0.0   0.0   7.8  27.7   9:31a   WNW
 3  -4.3   1.4  12:46p  -9.7  12:00a  22.3   0.0   0.0   3.1  11.5   4:37a    NE
 4  -3.8  -0.9  11:35a  -8.5  11:59p  21.8   0.0   0.0  10.8  50.4   2:48p   WNW
 5  -8.8  -2.6  12:50p -16.0  11:34p  26.8   0.0   0.0   7.2  33.8   6:45a     W
 6  -9.0   1.9   3:00p -21.1   7:23a  27.0   0.0   1.0   2.9  21.6   6:06p    SE
 7 -12.2  -5.3  12:43a -19.3  11:59p  30.2   0.0   0.0  13.1  42.1  11:33a    NW
 8 -14.9  -6.7   2:40p -25.4   5:13a  32.9   0.0   0.0   4.3  23.4  10:34p   ENE
 9  -7.4  -4.2   1:40p -12.5  12:53a  25.4   0.0   0.0  17.1  52.2   5:14a   NNE
10  -5.0  -2.3   3:50p  -6.7   7:07a  23.0   0.0   0.0  15.1  42.5   2:22p   NNW
11  -2.5   6.6  12:43p -13.2   6:19a  20.5   0.0   3.3   3.5  25.6   5:11p   SSE
12   3.1   6.0  11:54a   1.1  12:00a  14.9   0.0   4.1  10.6  49.3   1:43a   WSW
13   2.3   7.0   1:02p   0.0  11:59p  15.7   0.0   0.0   6.1  35.6   1:03a   WNW
14  -0.8   6.8  12:54p  -4.7   4:02a  18.8   0.0   0.0   3.6  17.6   2:57p   NNW
15   1.4  10.1   1:41p  -4.3   4:30a  16.6   0.0   0.0   5.6  28.8   4:40p     S
16   3.9  10.9   1:46p   1.1  12:12a  14.1   0.0   4.3   9.6  38.9  11:32a   SSE
17   1.2   2.1   3:05p  -0.3   9:48p  16.8   0.0  24.1   7.7  36.0  10:59p   NNW
18  -3.8  -0.3  12:00a  -5.6   6:48a  21.8   0.0   0.0  18.1  59.8   3:42a   WNW
19  -1.4   5.3   1:56p  -5.5   5:59a  19.4   0.0   2.0   8.9  33.8  12:38a   WNW
20   1.2   7.6   4:40p  -2.8  12:00a  16.8   0.0  11.7   8.9  51.1  11:30a    SE
21   0.2   2.3  12:05p  -0.8   3:43a  17.8   0.0   0.0   5.8  24.5  10:39p    NW
22  -1.9  -0.1  12:00a  -4.3  11:25p  19.9   0.0   0.0  14.6  37.8  10:01a     N
23  -3.4   3.0   2:05p  -8.9  11:42p  21.3   0.0   0.0   5.3  17.3  12:40p     N
24  -3.9   1.7  11:45a -10.8   2:47a  21.9   0.0   0.0   5.7  19.4   6:22p     E
25  -2.1   5.3   1:43p  -7.5   3:27a  20.0   0.0   0.0   7.6  27.0  11:41a     N
26  -2.8   6.3   4:11p -12.2   6:43a  20.8   0.0   0.0   2.8  17.6   2:10p     N
27  -1.4   9.0   1:15p -12.0   6:15a  19.4   0.0   0.0   3.6  14.4   3:26p   ENE
28   2.2   6.9   2:26p  -1.5  12:00a  15.8   0.0   0.0   9.6  34.2  12:38p   ESE
----------------------------------------------------------------------------------
    -3.0  10.9    16   -25.4     8   587.3   0.0  50.5   8.2  59.8    18     NNW

Max >=  27.0:  0
Max <=   0.0:  9
Min <=   0.0: 26
Min <= -18.0:  3
Max Rain: 24.1 on day 17
Days of Rain: 7 (>= 0.2 mm)  6 (>= 2.0 mm)  1 (>= 20.0 mm)
Heat Base: 18.0  Cool Base: 18.0  Method: Integration