NOAA-Style Climate Reports


Report for 2013 January
                   Monthly Climatological Summary for Jan 2013

Name: Jared Court   City: Windsor   State: NS
Elevation: 48 m  Lat: N 44° 58' 41"   Lon: W 064° 06' 20"

                  Temperature (°C), Rain (mm), Wind Speed (km/h)

                                      Heat  Cool        Avg
    Mean                              Deg   Deg         Wind                 Dom
Day Temp  High   Time   Low    Time   Days  Days  Rain  Speed High   Time    Dir
----------------------------------------------------------------------------------
 1  -4.0   1.7  12:54p -10.5  11:57p  21.9   0.0   0.0   8.8  34.6  10:31p   WNW
 2 -11.2  -8.1   1:03p -13.0   5:23a  29.2   0.0   0.0  15.2  48.6   3:18p   WNW
 3  -9.5  -3.7   2:03p -12.5  11:40p  27.5   0.0   0.0   6.9  25.2  12:19a   WNW
 4  -5.7   2.5   1:03p -13.7   6:45a  23.7   0.0   0.0   5.9  28.4   3:11p   SSW
 5  -3.5   2.0  10:10a -11.0  11:57p  21.5   0.0   0.0   8.5  36.4   1:53p    NW
 6  -7.9   2.9  12:49p -17.2   5:45a  25.8   0.0   0.0   3.2  12.6  12:05a   ESE
 7 -10.1  -4.4  12:00a -20.1  11:13p  28.1   0.0   0.0   5.9  21.2  12:15p   NNW
 8  -5.2   5.3   3:10p -20.7  12:51a  23.2   0.0   4.3   6.8  39.6  11:41a     S
 9   1.3   9.8   2:06p  -5.1   8:04a  16.7   0.0   4.1   6.0  30.2   9:21p   SSE
10   2.8   3.7   1:36a   0.9  11:46p  15.2   0.0   4.3  14.4  48.2   6:57p    NW
11  -2.7   0.9  12:00a  -6.1   7:44p  20.7   0.0   0.0   9.9  36.0   6:15a   NNW
12  -2.5   3.1  11:52a  -6.0   7:35a  20.4   0.0   0.0   3.4  13.7  12:36a   NNW
13   2.2   7.5   1:26p  -5.3  12:24a  15.7   0.0   0.0   2.6  14.0  11:56p   SSE
14   6.8  12.1   2:48p   4.0  11:57p  11.2   0.0   0.0   6.9  25.6   2:11a     S
15   0.3   4.0  12:00a  -5.6  11:54p  17.7   0.0   0.0   5.5  21.6   5:32a   NNW
16  -4.8  -1.9  12:07p  -8.8   6:27a  22.8   0.0   0.0   3.2  24.5  12:32p   ESE
17  -0.1   7.7  12:46p  -6.9  11:52p  18.1   0.0   5.3   6.7  32.0   8:04p   WNW
18 -12.7  -6.9  12:00a -18.0   7:35p  30.7   0.0   0.0   7.3  27.4   1:28p   NNW
19  -6.9   2.8   2:26p -17.8   3:16a  24.9   0.0   0.8   4.8  47.9   1:47p   SSE
20   4.1  10.6   1:21p  -2.5  12:49a  13.9   0.0   1.3  11.5  50.4   1:58p     S
21  -5.5   3.6  12:00a  -9.7  10:20p  23.5   0.0   0.0  10.6  41.4   2:01a   WNW
22 -11.0  -7.8   1:42p -16.5  10:33p  29.0   0.0   0.0   6.0  21.2  12:31p   NNE
23 -14.4  -9.9   1:55p -16.8  11:59p  32.4   0.0   0.0   6.7  27.7   4:30p   WNW
24 -15.2  -9.0   3:08p -18.3   6:57a  33.2   0.0   0.0   9.2  31.3   9:17p   WNW
25 -12.9  -6.5   2:36p -18.2   1:03a  30.9   0.0   0.0  10.4  38.5  10:21a   WNW
26  -9.9  -3.3  11:59a -13.7   7:38a  27.9   0.0   0.0   4.9  20.5   3:08p    NW
27 -10.2  -5.0   2:24p -12.6   2:38a  28.2   0.0   0.0   9.3  31.7   8:28a    NW
28  -7.8  -1.0   1:56p -13.0   4:20a  25.7   0.0   0.0   6.2  24.8   3:12p   WNW
29  -6.9   2.3  12:36p -16.9   7:36a  24.9   0.0   0.0   3.0  22.0   1:20p   WNW
30   0.7   9.5  11:55p  -8.1  12:00a  17.3   0.0   1.0  14.0  47.9  10:56p   SSE
31  10.6  14.1   4:23a   3.3  11:55p   7.4   0.0   8.4  24.9  81.0  12:22p     S
----------------------------------------------------------------------------------
    -4.9  14.1    31   -20.7     8   709.3   0.0  29.5   8.0  81.0    31       W

Max >=  27.0:  0
Max <=   0.0: 12
Min <=   0.0: 28
Min <= -18.0:  5
Max Rain: 8.4 on day 31
Days of Rain: 8 (>= 0.2 mm)  5 (>= 2.0 mm)  0 (>= 20.0 mm)
Heat Base: 18.0  Cool Base: 18.0  Method: Integration