NOAA-Style Climate Reports


Report for 2013
                   Annual Climatological Summary for 2013

Name: Jared Court   City: Windsor   State: NS
Elevation: 48 m  Lat: N 44° 58' 41"   Lon: W 064° 06' 20"

                  Temperature (°C), Heat Base: 18.0  Cool Base: 18.0
                          Dep.  Heat  Cool                       Max  Max  Min  Min
        Mean  Mean        From  Deg   Deg                        >=   <=   <=   <=
 YR MO  Max   Min   Mean  Norm  Days  Days  Hi  Date  Low  Date 27.0  0.0  0.0 -18.0
------------------------------------------------------------------------------------
 13  1   1.2 -10.9  -4.9  -0.8   709     0  14.1  31 -20.7    8    0   12   28    5
 13  2   2.7  -8.2  -3.0  -0.3   587     0  10.9  16 -25.4    8    0    9   26    3
 13  3   6.5  -3.0   1.2   1.3   516     0  15.7  31 -12.0   18    0    1   26    0
 13  4  12.8  -0.1   6.0   0.8   358     1  24.2  19  -5.6   22    0    0   16    0
 13  5  19.2   6.3  12.3   0.8   197    19  34.2  31  -1.3    5    3    0    3    0
 13  6  22.8  12.2  17.2   0.5    71    47  35.1   1   6.7    6    6    0    0    0
 13  7  26.4  16.9  21.5   1.5    12   117  33.9  15  11.8   22   13    0    0    0
 13  8  25.4  14.7  19.8   0.4    25    80  30.7  22   8.0   25    8    0    0    0
 13  9  20.3  11.4  15.6  -0.3    96    24  27.4  12   4.4   28    1    0    0    0
 13 10  14.7   5.1   9.8   1.2   255     2  21.8  17  -3.3   30    0    0    4    0
 13 11   7.5   0.4   4.0   0.0   419     0  19.0   1  -7.8   30    0    4   16    0
 13 12   0.3  -5.5  -2.5  -1.8   632     0  11.5   6 -16.3   14    0   14   26    0
------------------------------------------------------------------------------------
        13.3   3.3   8.1   0.3  3883   294  35.1 Jun -25.4  Feb   31   40  145    8

                                Precipitation (mm)

              Dep.   Max        Days of Rain
              From   Obs.           >=
 YR MO Total  Norm   Day Date  0.2  2.0 20.0
---------------------------------------------
 13  1  29.5 -31.5   8.4  31     8    5    0
 13  2  50.5   9.5  24.1  17     7    6    1
 13  3  67.2   9.2  48.5  13     6    4    1
 13  4  41.4 -17.6  23.1  24     7    5    1
 13  5  63.2 -18.8  18.0  12    12    9    0
 13  6 126.4  48.4  55.9   8    13   10    1
 13  7  58.9 -34.1  22.0  30     4    4    2
 13  8  20.0 -59.0  15.0   9     3    3    0
 13  9 120.2  23.2  50.5   3     8    8    2
 13 10  84.3 -12.7  27.4   1    10    8    1
 13 11  56.5 -39.5  13.7   7     8    7    0
 13 12   0.0 -69.0   0.0   0     0    0    0
---------------------------------------------
       718.1-191.9  55.9  Jun   86   69    9

                                Wind Speed (km/h)
                          Dom
 YR MO   Avg.  Hi   Date  Dir
------------------------------
 13  1   8.0  81.0   31     W
 13  2   8.2  59.8   18   NNW
 13  3   7.9  59.4   13    NE
 13  4   9.6  62.3   24    SE
 13  5   8.5  58.3   26   SSE
 13  6   5.3  41.8   29    SE
 13  7   1.4  52.2   27   WSW
 13  8   5.1  71.3   10     S
 13  9   6.0  61.6   22     S
 13 10   4.9  58.3    8    SW
 13 11   9.1  96.5   27    SW
 13 12   5.1  45.7    4    NW
------------------------------
         6.6  96.5  Nov   SSW