NOAA-Style Climate Reports

Select a Year or Month report
2018: Jan Feb Mar Apr May Jun Jul Aug Sep Oct Nov Dec
2017: Jan Feb Mar Apr May Jun Jul Aug Sep Oct Nov Dec
2016: Jan Feb Mar Apr May Jun Jul Aug Sep Oct Nov Dec
2015: Jan Feb Mar Apr May Jun Jul Aug Sep Oct Nov Dec
2014: Jan Feb Mar Apr May Jun Jul Aug Sep Oct Nov Dec
2013: Jan Feb Mar Apr May Jun Jul Aug Sep Oct Nov Dec
2012: Jan Feb Mar Apr May Jun Jul Aug Sep Oct Nov Dec
2011: Jan Feb Mar Apr May Jun Jul Aug Sep Oct Nov Dec

Report for 2012 December
                   Monthly Climatological Summary for Dec 2012

Name: Jared Court   City: Windsor   State: NS
Elevation: 48 m  Lat: N 44° 58' 41"   Lon: W 064° 06' 20"

                  Temperature (°C), Rain (mm), Wind Speed (km/h)

                                      Heat  Cool        Avg
    Mean                              Deg   Deg         Wind                 Dom
Day Temp  High   Time   Low    Time   Days  Days  Rain  Speed High   Time    Dir
----------------------------------------------------------------------------------
 1  -8.3   0.3  10:51a -13.5   4:02a  26.3   0.0   0.0   2.6  10.4  12:02a   WNW
 2  -0.2   8.3  11:56p -13.6  12:21a  18.2   0.0   2.0  11.8  49.7   8:13p   SSE
 3   9.6  12.6  10:57a   4.6  11:59p   8.4   0.0  10.7  12.3  56.5   1:54a     S
 4   3.6   4.8  11:50a   2.7  10:13p  14.4   0.0   0.0   4.6  20.2   8:26p     S
 5   7.7  11.7   3:49p   3.3  10:40p  10.3   0.0   3.0  11.3  48.6  11:12a     S
 6  -0.1   4.0  12:00a  -4.2  11:44p  18.1   0.0   0.0  10.5  34.6  11:45a   NNW
 7  -1.4   6.9   2:32p  -6.1   6:19a  19.4   0.0   0.0   3.2  15.5  10:16p     S
 8   5.5  10.5  11:33p  -0.1  12:00a  12.5   0.0  13.7   5.0  16.9   1:24p    SE
 9   5.7  10.6   3:13a  -1.5  11:21p  12.3   0.0   0.0   8.6  42.8  11:12a   WNW
10   2.9  14.2   9:49p  -4.5   2:43a  15.1   0.0   5.3   8.0  45.0  11:09p    SE
11   8.5  16.4   1:42a   0.6  11:47p   9.5   0.0   4.1  10.2  68.0   1:10a     W
12  -1.2   4.5   1:31p  -5.6   6:59a  19.1   0.0   0.0   5.0  23.8  12:15a    NW
13  -2.8   3.8   2:30p  -7.2   4:49a  20.8   0.0   0.0   2.8  13.7  10:00a   NNW
14   1.0   8.7   2:08p  -6.0   4:47a  17.0   0.0   0.0   5.0  24.8   2:46p     S
15  -3.6   2.6   1:13a  -9.5  11:55p  21.7   0.0   0.0  11.6  34.6   5:07p    NW
16  -7.3  -0.5   2:51p -10.7  10:39p  25.1   0.0   0.0   6.9  28.1  12:31a    NW
17  -1.5   2.8   2:44p -10.2  12:00a  19.5   0.0   0.0   3.9  16.9   3:01p   ENE
18   3.1   5.2  12:32p   1.7  12:35a  14.9   0.0  11.7   8.9  38.2  12:51p     E
19   1.5   3.2  12:58a   0.6  11:31a  16.5   0.0   5.1   8.4  27.0   4:01a    NE
20   0.9   2.8  11:09a  -0.7   9:23p  17.1   0.0   3.3   5.1  19.4  12:02p     N
21   1.9   7.6  11:59p  -0.7   3:12a  16.0   0.0  17.8   7.4  58.7  11:46p   ESE
22   8.1  12.1   2:17p   2.8  11:53p   9.9   0.0  24.4  12.1  71.6   2:33a    SE
23  -0.4   3.7   2:22a  -3.7   4:53p  18.4   0.0   0.0   7.5  35.3   3:17p    SW
24  -3.0  -1.0  10:03a  -4.7  11:59p  21.0   0.0   0.0   8.1  37.4  10:05a     W
25  -3.3   3.1  12:34p  -6.9  10:23p  21.3   0.0   0.0   5.1  22.7   5:57a   WNW
26  -4.5   1.9  12:47p  -9.3  11:48p  22.5   0.0   0.0   3.7  19.4   5:48a   NNW
27  -2.7   1.7   9:52p  -9.3  12:05a  20.7   0.0   8.4   6.8  33.8   3:20p   ENE
28   1.3   2.5   9:19a  -1.2  11:58p  16.7   0.0  14.7   8.4  34.6   8:58p    NW
29  -2.7   0.9   2:25p  -4.8   5:39p  20.6   0.0   0.0   5.4  31.7   4:14a   WNW
30  -1.0   1.5   2:40p  -3.4   2:44a  19.0   0.0   0.0  18.5  51.5   4:21p   NNW
31  -5.4  -2.1   2:50p  -7.9   8:06a  23.4   0.0   0.0  16.3  49.0  12:44a   WNW
----------------------------------------------------------------------------------
     0.4  16.4    11   -13.6     2   545.7   0.0 124.2   7.8  71.6    22     WNW

Max >=  27.0:  0
Max <=   0.0:  3
Min <=   0.0: 24
Min <= -18.0:  0
Max Rain: 24.4 on day 22
Days of Rain: 13 (>= 0.2 mm)  13 (>= 2.0 mm)  1 (>= 20.0 mm)
Heat Base: 18.0  Cool Base: 18.0  Method: Integration