NOAA-Style Climate Reports

Select a Year or Month report
2018: Jan Feb Mar Apr May Jun Jul Aug Sep Oct Nov Dec
2017: Jan Feb Mar Apr May Jun Jul Aug Sep Oct Nov Dec
2016: Jan Feb Mar Apr May Jun Jul Aug Sep Oct Nov Dec
2015: Jan Feb Mar Apr May Jun Jul Aug Sep Oct Nov Dec
2014: Jan Feb Mar Apr May Jun Jul Aug Sep Oct Nov Dec
2013: Jan Feb Mar Apr May Jun Jul Aug Sep Oct Nov Dec
2012: Jan Feb Mar Apr May Jun Jul Aug Sep Oct Nov Dec
2011: Jan Feb Mar Apr May Jun Jul Aug Sep Oct Nov Dec

Report for 2012 November
                   Monthly Climatological Summary for Nov 2012

Name: Jared Court   City: Windsor   State: NS
Elevation: 48 m  Lat: N 44° 58' 41"   Lon: W 064° 06' 20"

                  Temperature (°C), Rain (mm), Wind Speed (km/h)

                                      Heat  Cool        Avg
    Mean                              Deg   Deg         Wind                 Dom
Day Temp  High   Time   Low    Time   Days  Days  Rain  Speed High   Time    Dir
----------------------------------------------------------------------------------
 1  14.3  18.8  11:06a  10.8   8:00a   3.8   0.0   0.0   3.9  24.5  12:01a   SSE
 2  11.0  14.6   2:16p   6.3   7:18a   7.0   0.0   0.0   5.4  23.8  12:59p   SSE
 3  10.3  15.8   2:44p   6.1   4:52a   7.7   0.0   0.0   5.1  24.8   4:10p    NW
 4   8.0   9.9  12:00a   5.5  11:55p  10.4   0.0   0.0   5.7  23.0  11:42a   WNW
 5   4.8   8.9  10:49a   2.4  11:57p  13.2   0.0   1.0   4.8  19.4  11:31a    NW
 6   2.2   6.7   1:14p  -2.5  11:58p  15.8   0.0   0.0   7.4  27.4   1:04p   WNW
 7  -0.5   3.6   8:14p  -6.3   5:42a  18.5   0.0   4.3   5.9  24.8   5:17p    NE
 8   6.8   9.1   2:40p   2.0  12:00a  11.1   0.0  14.7   5.6  22.7  12:14a   NNE
 9   6.5   9.2  11:08a   2.1  11:58p  11.5   0.0   0.0   6.8  26.6  12:46p   NNW
10   3.7   7.7   1:30p  -0.2  11:19p  14.3   0.0   0.0   8.6  38.2  12:01p    NW
11   4.2  10.8  12:47p  -2.7   3:14a  13.8   0.0   0.0   4.4  21.2  12:56p    SW
12  13.2  20.5   3:03p   7.4  12:00a   5.0   0.2   0.0   7.7  27.7   6:18a     S
13  15.1  20.9  11:48a   7.5  11:55p   3.3   0.4   3.0  12.0  42.1   3:45p   SSE
14   5.2   7.5  12:00a   4.1   8:07p  12.8   0.0  24.4   7.5  21.6  10:00a   NNE
15   5.2   9.8   1:20p   2.2  10:47p  12.8   0.0   0.0   8.1  27.4  12:53p   NNE
16   5.3   8.1  11:29a   3.3  11:57p  12.7   0.0   0.0   5.1  18.0   8:44a     N
17   2.5   7.1   2:34p  -2.8  11:59p  15.4   0.0   0.0   5.3  23.4  11:58a   NNW
18  -0.2   8.5   1:21p  -6.1   5:57a  18.2   0.0   0.0   2.4  12.2  11:55a     E
19   0.4  11.5   3:13p  -6.2   6:06a  17.6   0.0   0.0   2.0  13.0   1:24p     S
20   1.1  11.7   2:23p  -5.5   7:00a  16.9   0.0   0.0   2.4  11.5   1:33p     E
21   2.3  10.6   1:43p  -4.2   3:09a  15.7   0.0   0.0   2.1  14.4   3:48p   ENE
22   5.6  13.9  12:20p  -0.3   7:39a  12.4   0.0   0.0   3.2  15.8   1:44p     S
23   5.2  14.0  11:27a  -2.7   7:13a  12.8   0.0   0.0   4.3  26.3   3:52p   SSE
24   7.7  10.4   3:54p   5.3   1:45a  10.3   0.0   7.4   1.8  21.6  11:43p   SSE
25   0.7   6.7  12:00a  -1.6  10:37p  17.3   0.0   0.0   7.7  38.2  12:03p   WSW
26  -0.8   3.8  12:06p  -4.1  11:57p  18.8   0.0   1.0   6.5  28.1  12:22p   WSW
27  -2.9   2.6  11:20a  -6.9  11:49p  20.9   0.0   0.0   3.1  16.2  12:04p     W
28  -2.4   2.0  12:11p  -7.1   1:22a  20.4   0.0   0.0   3.6  16.9  11:31a     N
29  -0.8   3.7   1:53p  -4.0   4:38a  18.8   0.0   0.0   5.1  23.4   3:32p   WNW
30  -5.6  -2.3   1:01p -10.7  11:00p  23.6   0.0   0.0  10.4  39.2   9:32a   WNW
----------------------------------------------------------------------------------
     4.3  20.9    13   -10.7    30   412.8   0.6  55.8   5.5  42.1    13     WNW

Max >=  27.0:  0
Max <=   0.0:  1
Min <=   0.0: 17
Min <= -18.0:  0
Max Rain: 24.4 on day 14
Days of Rain: 7 (>= 0.2 mm)  5 (>= 2.0 mm)  1 (>= 20.0 mm)
Heat Base: 18.0  Cool Base: 18.0  Method: Integration