NOAA-Style Climate Reports

Select a Year or Month report
2018: Jan Feb Mar Apr May Jun Jul Aug Sep Oct Nov Dec
2017: Jan Feb Mar Apr May Jun Jul Aug Sep Oct Nov Dec
2016: Jan Feb Mar Apr May Jun Jul Aug Sep Oct Nov Dec
2015: Jan Feb Mar Apr May Jun Jul Aug Sep Oct Nov Dec
2014: Jan Feb Mar Apr May Jun Jul Aug Sep Oct Nov Dec
2013: Jan Feb Mar Apr May Jun Jul Aug Sep Oct Nov Dec
2012: Jan Feb Mar Apr May Jun Jul Aug Sep Oct Nov Dec
2011: Jan Feb Mar Apr May Jun Jul Aug Sep Oct Nov Dec

Report for 2012 October
                   Monthly Climatological Summary for Oct 2012

Name: Jared Court   City: Windsor   State: NS
Elevation: 48 m  Lat: N 44° 58' 41"   Lon: W 064° 06' 20"

                  Temperature (°C), Rain (mm), Wind Speed (km/h)

                                      Heat  Cool        Avg
    Mean                              Deg   Deg         Wind                 Dom
Day Temp  High   Time   Low    Time   Days  Days  Rain  Speed High   Time    Dir
----------------------------------------------------------------------------------
16  11.0  12.2   5:31p  10.1   6:31p   0.3   0.0   0.0  ----  32.0   6:12p     W
17   4.6   5.2  11:26p   0.0  10:15p   0.9   0.0   8.4   1.6   6.5  11:28p    NW
18   7.3  16.4   3:29p   0.3   7:48a  10.6   0.0   0.0   2.4   9.7  11:04a   SSE
19   9.5  19.3   1:28p   0.7   7:33a   8.5   0.1   0.0   4.8  23.0   2:55p   SSE
20  17.0  20.2   2:21p  12.9  12:00a   1.4   0.5   8.4  16.8  56.5   4:47p   SSE
21  15.8  21.2   1:27p   8.9  11:58p   2.4   0.2   3.3   6.4  37.4  12:06a     S
22  10.8  14.4   2:54p   8.7  12:54a   7.2   0.0   0.0   5.9  31.0  11:48a   WSW
23   8.1  11.5   1:08p   6.1   4:54a   9.9   0.0   0.0   8.6  27.4  10:52a    NW
24   5.0  12.2  12:42p  -2.5  11:52p  13.0   0.0   0.0   5.3  27.4   1:29p    NW
25   3.9  10.9   1:08p  -2.6  12:12a  14.1   0.0   0.0   4.5  19.8   3:31p    NW
26   6.8  16.0   4:41p  -1.2   4:31a  11.2   0.0   0.0   3.7  23.8  11:59a    NW
27   8.7  18.3   3:01p   0.2   6:18a   9.3   0.0   0.0   4.6  20.9   2:04p   NNE
28  10.8  16.9   1:02p   8.1   5:29a   7.2   0.0   0.0   5.8  27.4   1:32p   NNE
29  13.3  15.9   1:10p  11.5  12:00a   4.7   0.0   0.0   9.5  36.4  11:03a     E
30  15.3  16.8   1:35p  14.2   6:02a   2.7   0.0   2.0  16.8  47.5   2:18p   ESE
31  16.1  17.9   3:32p  15.2   6:38a   1.9   0.0  55.9  16.6  55.1   4:10a    SE
----------------------------------------------------------------------------------
    10.3  21.2    21    -2.6    25   105.3   0.8  78.0   7.9  56.5    20      SE

Max >=  27.0:  0
Max <=   0.0:  0
Min <=   0.0:  4
Min <= -18.0:  0
Max Rain: 55.9 on day 31
Days of Rain: 5 (>= 0.2 mm)  5 (>= 2.0 mm)  1 (>= 20.0 mm)
Heat Base: 18.0  Cool Base: 18.0  Method: Integration