NOAA-Style Climate Reports


Report for 2012 July
                   Monthly Climatological Summary for Jul 2012

Name: Jared Court   City: Windsor   State: NS
Elevation: 48 m  Lat: N 44° 58' 41"   Lon: W 064° 06' 20"

                  Temperature (°C), Rain (mm), Wind Speed (km/h)

                                      Heat  Cool        Avg
    Mean                              Deg   Deg         Wind                 Dom
Day Temp  High   Time   Low    Time   Days  Days  Rain  Speed High   Time    Dir
----------------------------------------------------------------------------------
 1  24.9  33.6   4:53p  14.5   5:51a   0.6   7.2   0.0   5.4  24.5   5:18p    NW
 2  23.0  33.4   4:39p  15.5  11:57p   0.4   5.0   0.0   3.7  20.9   5:57p   NNW
 3  22.7  32.8   4:50p  11.9   5:16a   1.4   5.8   0.0   5.4  19.4   1:42p    NE
 4  22.3  32.4  12:30p  13.2   5:48a   1.0   5.0   0.0   8.9  30.6   4:49p   SSE
 5  20.3  25.9   1:34p  18.3   7:01a   0.0   2.0   9.3   6.9  23.4   2:10a   ESE
 6  22.3  31.3   5:11p  17.7   4:56a   0.1   4.2   1.5   4.4  20.9   7:08p     N
 7  22.2  30.6   4:47p  17.3  12:28a   0.1   4.0   0.3   5.3  29.5   2:33p     S
 8  22.3  27.3   2:07p  16.0   6:15a   0.3   4.2   0.0   8.0  31.7   1:29p   WNW
 9  20.5  27.5   6:06p  12.7   5:26a   1.3   3.6   0.0  10.0  41.8   4:08p     W
10  21.5  30.8   7:03p   9.7   5:51a   1.7   5.0   0.0   6.3  29.5   2:16p     W
11  22.8  31.2   6:50p  13.7   6:13a   0.9   5.3   0.0   7.9  31.7   2:50p   WNW
12  21.7  30.6   3:17p  10.4   5:59a   2.0   5.4   0.0  12.9 169.0   2:48p   SSE
13  24.1  35.2   7:28p  12.6   4:27a   1.4   7.2   0.0   4.7  22.0   3:11p     N
14  24.6  34.3   1:54p  16.9   1:15a   0.1   6.4   0.0   8.7  28.1   5:50p     W
15  22.5  34.5   5:53p  17.4   5:53a   0.1   4.4   0.0   5.8  24.5   7:53p   SSW
16  19.5  25.3  11:23a  17.1   1:23a   0.3   1.5   0.0  11.9  20.9   7:53a   SSE
17  22.0  30.8   3:23p  17.8   6:23a   0.1   3.7   3.0   6.1  23.4   5:53p   SSE
----------------------------------------------------------------------------------
    22.3  35.2    13     9.7    10    11.8  79.9  14.1   7.0 169.0    12      SW

Max >=  27.0: 15
Max <=   0.0:  0
Min <=   0.0:  0
Min <= -18.0:  0
Max Rain: 9.3 on day 5
Days of Rain: 4 (>= 0.2 mm)  2 (>= 2.0 mm)  0 (>= 20.0 mm)
Heat Base: 18.3  Cool Base: 18.3  Method: Integration