NOAA-Style Climate Reports

Select a Year or Month report
2018: Jan Feb Mar Apr May Jun Jul Aug Sep Oct Nov Dec
2017: Jan Feb Mar Apr May Jun Jul Aug Sep Oct Nov Dec
2016: Jan Feb Mar Apr May Jun Jul Aug Sep Oct Nov Dec
2015: Jan Feb Mar Apr May Jun Jul Aug Sep Oct Nov Dec
2014: Jan Feb Mar Apr May Jun Jul Aug Sep Oct Nov Dec
2013: Jan Feb Mar Apr May Jun Jul Aug Sep Oct Nov Dec
2012: Jan Feb Mar Apr May Jun Jul Aug Sep Oct Nov Dec
2011: Jan Feb Mar Apr May Jun Jul Aug Sep Oct Nov Dec

Report for 2012 June
                   Monthly Climatological Summary for Jun 2012

Name: Jared Court   City: Windsor   State: NS
Elevation: 48 m  Lat: N 44° 58' 41"   Lon: W 064° 06' 20"

                  Temperature (°C), Rain (mm), Wind Speed (km/h)

                                      Heat  Cool        Avg
    Mean                              Deg   Deg         Wind                 Dom
Day Temp  High   Time   Low    Time   Days  Days  Rain  Speed High   Time    Dir
----------------------------------------------------------------------------------
 1  15.1  22.6   5:13p   8.2  11:34p   3.7   0.6   0.0   8.1  29.5   3:13p   NNW
 2  15.4  26.0   4:50p   3.8   5:24a   4.8   1.9   0.0   5.3  23.4   5:32p   ESE
 3  15.0  22.0   3:41p   8.3   5:44a   4.0   0.7   0.0   9.4  31.7   6:16p   ESE
 4  10.9  15.3   3:14p   8.8   4:38a   7.4   0.0   0.9  11.4  30.6   3:04p   NNE
 5   9.9  12.2   2:22p   8.6  12:53a   8.4   0.0   4.2  10.0  29.5   3:35p     N
 6   9.9  13.9   1:23p   8.2  11:21p   8.4   0.0   1.8  12.2  31.7   4:31p   NNW
 7  12.7  20.6   5:14p   6.5  11:56p   5.7   0.1   0.0   9.3  31.7  12:46p    NW
 8  15.8  26.7   3:35p   4.7   2:15a   4.7   2.3   0.9   4.7  23.4   2:34p    NW
 9  14.4  24.1   6:51p  10.0  12:00a   4.5   0.6   3.3   7.4  24.5   3:31a   SSE
10  13.6  19.0   4:03p  10.0  11:10p   4.7   0.0   3.3   4.8  27.0   4:39p   NNW
11  16.5  30.3   7:33p   7.0   2:07a   4.3   2.5   0.3   4.4  18.4   5:09p   NNE
12  17.4  28.0   1:20p   6.1   4:55a   4.0   3.1   0.0   8.8  33.1   5:03p   SSE
13  18.4  29.8   4:17p  10.0   5:12a   3.4   3.5   0.0   8.2  22.0   2:36p   SSE
14  15.2  23.1  12:31p   9.3   3:56a   3.7   0.6   0.3   5.2  22.0   4:20p    NW
15  16.3  24.3   1:25p  12.4   9:58p   2.9   0.9   0.0  10.0  33.1   1:26p     N
16  16.3  25.3   4:00p   9.2   5:43a   3.3   1.3   0.0   8.4  30.6   9:34a    NE
17  15.9  27.2   3:26p   4.4   5:50a   4.3   2.0   0.0   7.7  28.1   3:59p    SE
18  15.8  27.4   4:38p   8.6   1:07a   4.3   1.9   0.0   7.5  24.5   5:06p   SSE
19  15.8  26.9   2:07p   9.2  12:48a   4.0   1.5   0.0   6.6  23.4   2:15p   NNW
20  21.2  31.6   2:34p  10.5   1:24a   2.2   5.1   0.0   6.7  33.1   4:11p     W
21  21.2  29.4   4:10p  13.4   6:17a   1.0   4.0   0.0   7.3  27.0   2:44p   NNW
22  17.3  25.5   3:46p  10.6   4:54a   2.4   1.5   0.0  10.1  30.6   6:41p   SSE
23  14.8  18.2  11:18a  13.8   5:35a   3.5   0.0   3.6  11.4  27.0   3:12p   SSE
24  17.1  25.2   3:33p  14.4  12:00a   2.0   0.8   2.7   8.6  24.5   3:36p   SSE
25  21.4  31.0   2:16p  13.0   5:59a   1.1   4.3   0.3  12.3  39.2   4:55p   SSE
26  17.9  19.6  11:04a  16.2  11:42p   0.5   0.1  47.1  14.9  52.6   5:46p    SE
27  18.3  24.1   1:23p  15.0  11:18p   1.4   1.4   0.3  20.0  46.4   5:41p   SSE
28  19.6  28.1   1:59p  15.0  12:00a   1.0   2.3   2.4  12.9  33.1   3:56p   SSE
29  22.4  30.8   4:08p  13.9   5:51a   0.8   4.9   0.0  12.3  40.3   4:45p     S
30  25.0  36.7   7:27p  17.5  12:00a   0.1   6.7   0.0   6.6  22.0   5:06a   SSE
----------------------------------------------------------------------------------
    16.5  36.7    30     3.8     2   106.5  54.6  71.4   9.1  52.6    26      SE

Max >=  27.0: 11
Max <=   0.0:  0
Min <=   0.0:  0
Min <= -18.0:  0
Max Rain: 47.1 on day 26
Days of Rain: 14 (>= 0.2 mm)  7 (>= 2.0 mm)  1 (>= 20.0 mm)
Heat Base: 18.3  Cool Base: 18.3  Method: Integration