NOAA-Style Climate Reports


Report for 2012 May
                   Monthly Climatological Summary for May 2012

Name: Jared Court   City: Windsor   State: NS
Elevation: 48 m  Lat: N 44° 58' 41"   Lon: W 064° 06' 20"

                  Temperature (°C), Rain (mm), Wind Speed (km/h)

                                      Heat  Cool        Avg
    Mean                              Deg   Deg         Wind                 Dom
Day Temp  High   Time   Low    Time   Days  Days  Rain  Speed High   Time    Dir
----------------------------------------------------------------------------------
 1   7.2  17.3   2:15p  -3.1   5:01a  11.1   0.0   0.0   6.4  30.6   4:13p     S
 2   9.1  16.8   6:22p   3.0  11:55p   9.2   0.0   0.0   4.7  18.4   2:31p   NNW
 3   9.5  20.1   4:51p  -1.3   5:07a   8.8   0.0   0.0   8.4  33.1   5:46p   NNW
 4  10.7  20.6   3:03p   2.2   1:09a   7.8   0.2   0.0   6.1  19.4   4:30p   NNW
 5  10.5  19.2   4:07p   1.1   6:13a   7.8   0.0   0.0   7.6  24.5   4:05p   NNW
 6  10.0  17.9   4:02p   4.9  11:28p   8.3   0.0   0.0  12.4  34.2   5:38p   NNW
 7   9.9  20.2   6:18p   4.0  11:43p   8.5   0.1   0.0   9.2  22.0   4:24a     N
 8  10.7  24.5   1:18p  -1.3   5:03a   8.4   0.8   0.0   9.0  36.7   4:39p   SSE
 9  10.5  12.8   5:12p   7.2   2:51a   7.8   0.0   4.8  23.3  45.4   1:23p   SSE
10  14.6  21.4  12:33p  12.0   1:44a   3.8   0.1   8.7  31.2  77.0   6:18p   SSE
11  13.9  22.8   4:11p   6.9  11:58p   4.9   0.5   0.0  17.5  45.4   6:26p   SSE
12  11.2  20.4   1:19p   3.4   6:06a   7.2   0.1   0.0   8.7  39.2  11:38a     S
13  12.1  21.8   6:38p   0.5   4:46a   6.6   0.3   0.0   5.4  24.5   8:00p   ENE
14  15.2  27.5   1:31p   6.0   3:04a   5.0   1.9   0.0  10.1  33.1   2:08p   SSE
15  18.1  27.3   1:55p  11.4   3:53a   2.4   2.3   0.0  17.0  47.9   4:59p   SSE
16  16.3  22.1   2:31p  12.8   5:01a   2.6   0.6   0.3  21.9  47.9  12:29p   SSE
17  16.3  22.9   4:59p   7.9  11:35p   2.7   0.7   5.7  13.1  33.1   1:15a     S
18  13.4  24.5   5:50p   1.1   5:53a   5.9   1.0   0.0   6.9  27.0   2:08p     W
19  17.6  30.5   6:24p   5.9   6:02a   3.9   3.2   0.0   4.9  18.4   2:17p   NNW
20  19.6  28.1   3:16p  -5.5  11:48p   3.5   4.8   0.0   6.0  14.8  12:14p    NW
21   6.0  30.0   1:49p -11.6   6:18a  14.7   2.3   0.0  17.7  45.4   5:28p   SSE
22  16.1  23.2   2:45p   9.5   3:45a   2.9   0.7   3.9   8.8  25.6   4:18p   SSE
23  17.5  26.7  12:47p  11.5  11:53p   2.3   1.5   0.3   7.0  28.1   2:37p   NNW
24  17.0  28.2   2:11p   5.7   5:54a   4.0   2.6   0.0   8.9  33.1   3:28p    SE
25  14.6  23.9   2:26p   8.5   1:35a   4.9   1.2   0.0  14.8  37.8   6:03p   SSE
26  18.4  31.7   6:10p  10.7  12:00a   2.3   2.4   0.0   9.1  25.6   4:15a     S
27  17.0  24.3   4:43p   7.5   5:28a   3.0   1.7   0.0   5.4  23.4   3:28p     N
28  14.6  22.7   1:06p   6.7  11:57p   4.4   0.7   0.3   4.9  28.1   5:12p   NNW
29   7.9  11.4   1:47p   4.1   2:01a  10.4   0.0   1.5   8.1  28.1   3:31p    SE
30  11.7  16.9   6:03p   6.7   2:55a   6.6   0.0   5.7   9.4  30.6   9:58a    SE
31  15.3  25.2   2:00p  11.1   6:04a   4.0   1.0   0.0   8.5  29.5   4:16p   SSE
----------------------------------------------------------------------------------
    13.3  31.7    26   -11.6    21   185.7  30.7  31.2  10.6  77.0    10     SSE

Max >=  27.0:  7
Max <=   0.0:  0
Min <=   0.0:  5
Min <= -18.0:  0
Max Rain: 8.7 on day 10
Days of Rain: 9 (>= 0.2 mm)  5 (>= 2.0 mm)  0 (>= 20.0 mm)
Heat Base: 18.3  Cool Base: 18.3  Method: Integration