NOAA-Style Climate Reports

Select a Year or Month report
2018: Jan Feb Mar Apr May Jun Jul Aug Sep Oct Nov Dec
2017: Jan Feb Mar Apr May Jun Jul Aug Sep Oct Nov Dec
2016: Jan Feb Mar Apr May Jun Jul Aug Sep Oct Nov Dec
2015: Jan Feb Mar Apr May Jun Jul Aug Sep Oct Nov Dec
2014: Jan Feb Mar Apr May Jun Jul Aug Sep Oct Nov Dec
2013: Jan Feb Mar Apr May Jun Jul Aug Sep Oct Nov Dec
2012: Jan Feb Mar Apr May Jun Jul Aug Sep Oct Nov Dec
2011: Jan Feb Mar Apr May Jun Jul Aug Sep Oct Nov Dec

Report for 2012 April
                   Monthly Climatological Summary for Apr 2012

Name: Jared Court   City: Windsor   State: NS
Elevation: 48 m  Lat: N 44° 58' 41"   Lon: W 064° 06' 20"

                  Temperature (°C), Rain (mm), Wind Speed (km/h)

                                      Heat  Cool        Avg
    Mean                              Deg   Deg         Wind                 Dom
Day Temp  High   Time   Low    Time   Days  Days  Rain  Speed High   Time    Dir
----------------------------------------------------------------------------------
 1   3.2  12.6   6:02p  -7.4   7:06a  15.1   0.0   0.0   5.4  24.5   2:01p   NNW
 2   5.2  15.2  11:58a  -1.2  11:24p  13.1   0.0   0.0   7.6  23.4   1:02p     S
 3   0.3   5.8   5:14p  -6.7   6:50a  18.0   0.0   0.0  13.5  43.9   4:05p     N
 4   3.4  10.0   1:25p  -2.4   6:45a  14.9   0.0   0.0  10.6  31.7   2:35p   WNW
 5   3.9   7.8  11:37a   1.0   5:05a  14.4   0.0   0.3  12.4  37.8  12:13p   WNW
 6   4.7  12.5   4:38p  -2.6  11:58p  13.6   0.0   0.0   8.5  30.6   4:21p   WSW
 7   2.2  11.5  12:13p  -6.0   5:27a  16.1   0.0   0.0  12.3  40.3   7:27p     N
 8   1.3   5.9   2:34p  -1.7   5:19a  17.0   0.0   1.2  21.9  42.8   2:38p   SSW
 9   6.9  14.2   5:30p   1.2  12:29a  11.4   0.0   0.3  24.4  49.0  11:20a   SSE
10   9.4  18.0   1:58p   1.2  11:52p   8.9   0.0   0.0  19.0  46.4   2:06p   SSE
11   9.3  20.4   1:32p   0.0   4:26a   9.1   0.0   0.0   8.2  35.6   3:59p   SSE
12   5.2  10.2   2:06p   2.5  11:34p  13.1   0.0   0.9  12.2  34.2   2:43p   NNW
13   5.0  12.5   6:06p  -0.8  11:45p  13.3   0.0   0.0  10.3  27.0   1:18p   NNW
14   8.7  18.2   6:11p  -3.1   6:36a   9.5   0.0   0.0   9.2  31.7   2:44p   WNW
15  10.2  22.5   3:51p  -1.9   5:59a   8.6   0.5   0.0  12.0  40.3  11:32a   SSE
16  11.4  19.9   4:46p   4.3   2:26a   7.0   0.1   0.0  15.9  46.4   4:18p   SSE
17  14.4  23.8   3:59p  10.3   5:14a   4.6   0.6   0.0  14.4  47.9   3:15p   SSE
18  11.3  17.2   5:10p   3.3  11:59p   7.0   0.0   0.0  10.9  30.6   8:02p     N
19   7.4  17.6   6:13p  -1.1   6:15a  10.9   0.0   0.0   5.6  20.9   1:02p   NNW
20  10.8  23.5   1:43p  -1.5   6:11a   8.4   0.9   0.0  10.0  37.8   4:10p   SSE
21  11.4  20.0   1:07p   4.3   5:55a   6.9   0.1   0.0  20.7  55.1   4:04p   SSE
22  11.2  20.6  12:39p   3.2  11:50p   7.3   0.1   2.7  13.5  33.1   8:21a   SSE
23  10.3  19.3   5:55p   2.7   3:27a   8.1   0.0   2.1  18.9  62.3  11:45p    SE
24  15.9  20.0   2:07p   9.5  11:45p   2.4   0.0  18.3  33.8  78.5  12:08a   SSE
25  11.0  19.4   9:49a   4.9   6:19a   7.4   0.0   2.1   6.0  18.4  12:24p   NNW
26  10.9  19.5  12:04p   3.9   5:33a   7.5   0.0   6.0  11.2  39.2   1:58p     S
27  10.2  20.3   2:35p   5.0   1:13a   8.2   0.1  17.1  19.5  56.2   6:26p     S
28   3.6   7.8   6:45p   1.5  11:59p  14.7   0.0   0.3  17.9  49.0   3:05p   WNW
29   6.1  12.7   1:45p  -1.7   6:13a  12.2   0.0   0.0  10.0  33.1  11:11a     W
30   4.3   9.9   1:07p  -2.9   4:03a  14.0   0.0   0.0   9.2  28.1   1:33p   NNW
----------------------------------------------------------------------------------
     7.6  23.8    17    -7.4     1   322.7   2.4  51.3  13.5  78.5    24       S

Max >=  27.0:  0
Max <=   0.0:  0
Min <=   0.0: 15
Min <= -18.0:  0
Max Rain: 18.3 on day 24
Days of Rain: 11 (>= 0.2 mm)  6 (>= 2.0 mm)  0 (>= 20.0 mm)
Heat Base: 18.3  Cool Base: 18.3  Method: Integration