NOAA-Style Climate Reports


Report for 2012 March
                   Monthly Climatological Summary for Mar 2012

Name: Jared Court   City: Windsor   State: NS
Elevation: 48 m  Lat: N 44° 58' 41"   Lon: W 064° 06' 20"

                  Temperature (°C), Rain (mm), Wind Speed (km/h)

                                      Heat  Cool        Avg
    Mean                              Deg   Deg         Wind                 Dom
Day Temp  High   Time   Low    Time   Days  Days  Rain  Speed High   Time    Dir
----------------------------------------------------------------------------------
 1  -8.0  -3.4   3:25p -14.0   4:55a  26.3   0.0   0.0  12.9  33.1  10:14a   NNE
 2  -4.9   0.9   4:00p  -8.2   2:52a  23.2   0.0   0.0  11.1  28.1  12:35a   NNE
 3   1.0   9.0   9:55p  -6.2  12:00a  17.3   0.0   4.8  17.6  77.0   7:34p   SSE
 4   3.7   7.2  12:52p   0.2  10:23p  14.6   0.0   0.3   7.8  39.2   5:15p   SSW
 5   0.6   8.6   1:00p  -4.7  11:05p  17.7   0.0   3.9   2.1  23.4   2:16p   WSW
 6  -3.9  -1.9  10:37a  -7.9  11:59p  22.2   0.0   0.3   0.0   0.0  12:00a     E
 7  -1.6   5.5   1:03p -12.1   5:58a  19.9   0.0   0.3   9.6  40.3   4:04p   SSE
 8  10.7  19.3   3:01p   1.9   5:34a   7.6   0.0   1.2  23.3  66.2  11:02p     S
 9   5.7  15.1   5:47a  -3.9  11:59p  12.6   0.0   5.7  19.2  73.4   4:41a   SSW
10  -1.2   5.1   4:13p  -7.3   6:51a  19.5   0.0   0.0   6.7  24.5  11:39a   NNW
11  -0.3   6.7   4:41p  -9.0   6:05a  17.8   0.0   0.0  11.4  41.8   5:15p     S
12   6.7  15.6   4:47p  -1.2   7:44a  11.6   0.0   0.0   7.0  27.0   3:17p     W
13   3.6  10.8   3:40p  -2.1   6:51a  14.7   0.0   2.7   9.1  34.2   6:50p   ESE
14   0.3   1.2  12:33p  -0.7   6:29a  18.0   0.0   0.9   3.6  31.7   6:02p   NNE
15  -0.8   0.9   2:25p  -1.8   4:21a  19.1   0.0   0.3   4.2  23.4   3:31p     N
16   1.1   6.8   3:17p  -2.3   5:58a  17.2   0.0   2.7   6.4  19.4   1:28a     N
17   4.3  14.2   6:06p   0.3  12:45a  14.0   0.0   3.3   5.6  22.0   9:13a   NNW
18   8.9  20.1   5:06p  -2.6   5:47a   9.5   0.1   0.0   9.9  36.7   1:56p   SSW
19  10.0  15.6   2:58a   0.7  11:57p   8.3   0.0   0.0   9.9  28.1   8:18a     N
20  12.0  25.4   5:01p   0.4  12:20a   7.6   1.3   0.0   7.9  27.0   5:13p   WSW
21  18.1  29.0   2:43p   6.2   7:21a   3.6   3.4   0.0   6.7  27.0   4:10p   WNW
22  21.2  29.5   3:57p  11.9   4:49a   1.5   4.4   0.0   9.9  30.6   4:16p     W
23   9.9  15.7  12:15a  -0.9  11:58p   8.4   0.0   0.0  17.1  54.0  12:49p   NNW
24   2.6   7.9   5:45p  -2.3   7:10a  15.7   0.0   0.0  17.9  39.2  11:07a    NW
25   3.5  12.8   2:21p  -4.0   6:45a  14.8   0.0   0.0   9.2  36.7   3:30p     S
26   2.1   6.5   2:18p  -2.1  11:24p  16.2   0.0   3.0  10.7  40.3   4:16p    NW
27  -2.8   0.9   5:25p  -4.5   7:47a  21.1   0.0   0.0  25.1  50.0   7:01a   NNW
28  -0.1   5.4   5:22p  -4.7   6:49a  18.4   0.0   0.0  12.5  41.8  12:13a   NNW
29   1.5   8.3   5:29p  -3.3   7:02a  16.8   0.0   0.0   8.1  19.4  12:24p     N
30   3.4   8.8   6:29p  -1.5  12:46a  14.9   0.0   0.0  10.3  34.2   2:41p    NW
31   3.3  10.2   4:05p  -3.5   6:43a  15.1   0.0   0.0   9.0  29.5   4:15p   NNW
----------------------------------------------------------------------------------
     3.6  29.5    22   -14.0     1   465.2   9.2  29.4  10.4  77.0     3     WNW

Max >=  27.0:  2
Max <=   0.0:  2
Min <=   0.0: 24
Min <= -18.0:  0
Max Rain: 5.7 on day 9
Days of Rain: 13 (>= 0.2 mm)  7 (>= 2.0 mm)  0 (>= 20.0 mm)
Heat Base: 18.3  Cool Base: 18.3  Method: Integration