NOAA-Style Climate Reports

Select a Year or Month report
2018: Jan Feb Mar Apr May Jun Jul Aug Sep Oct Nov Dec
2017: Jan Feb Mar Apr May Jun Jul Aug Sep Oct Nov Dec
2016: Jan Feb Mar Apr May Jun Jul Aug Sep Oct Nov Dec
2015: Jan Feb Mar Apr May Jun Jul Aug Sep Oct Nov Dec
2014: Jan Feb Mar Apr May Jun Jul Aug Sep Oct Nov Dec
2013: Jan Feb Mar Apr May Jun Jul Aug Sep Oct Nov Dec
2012: Jan Feb Mar Apr May Jun Jul Aug Sep Oct Nov Dec
2011: Jan Feb Mar Apr May Jun Jul Aug Sep Oct Nov Dec

Report for 2012 February
                   Monthly Climatological Summary for Feb 2012

Name: Jared Court   City: Windsor   State: NS
Elevation: 48 m  Lat: N 44° 58' 41"   Lon: W 064° 06' 20"

                  Temperature (°C), Rain (mm), Wind Speed (km/h)

                                      Heat  Cool        Avg
    Mean                              Deg   Deg         Wind                 Dom
Day Temp  High   Time   Low    Time   Days  Days  Rain  Speed High   Time    Dir
----------------------------------------------------------------------------------
 1  -3.8  -0.1   6:06p  -7.6  12:00a  22.0   0.0   0.0   3.2  18.4   8:16a   NNE
 2  -4.0  -1.2  12:00a  -8.1  11:57p  22.3   0.0   0.3   0.0   0.0  12:00a     E
 3  -7.8  -4.2  11:14a -11.6  11:57p  26.1   0.0   0.0   5.4  28.1   4:32p   NNW
 4  -8.1  -2.3  12:12p -12.9  12:39a  26.4   0.0   0.0   6.8  31.7  11:32p   NNW
 5 -10.2  -5.7   4:08p -15.1  11:17p  28.5   0.0   0.0  10.6  28.1  12:00a    NW
 6  -2.2   5.4   4:07p -14.4   2:10a  20.5   0.0   0.6  11.1  36.7   9:33a   SSW
 7   0.4   5.0   9:38a  -5.7  11:59p  17.9   0.0   0.0   8.6  24.5  10:47p    NW
 8  -5.8   2.2   4:08p -14.2   7:28a  24.1   0.0   0.0   8.1  28.1   3:05a   WSW
 9  -2.2   2.6  12:56p  -7.3  12:07a  20.5   0.0   0.0   4.8  15.8   3:52a    SE
10   0.0   8.3   2:04p -10.3   7:35a  18.3   0.0   0.0   9.0  30.6   4:49p     S
11   2.7   5.8  11:22a  -0.6  11:58p  15.6   0.0  19.5  10.5  34.2   1:47a   SSE
12  -7.3  -0.5  12:01a -13.4  11:55p  25.6   0.0   0.0   0.2  25.6  12:00a    NW
13 -10.9  -4.3  12:40p -17.5   6:03a  29.2   0.0   0.0   0.0   0.0  12:00a     E
14  -5.3   4.0   3:21p -16.4   7:18a  23.6   0.0   0.3   4.3  29.5   4:29p   SSW
15   3.7  13.7   1:11p  -1.7  10:52p  14.6   0.0   0.0   3.3  15.8  10:32a   SSE
16   0.1   6.2   1:17p  -3.9   1:33a  18.2   0.0   0.3   3.2  15.8   3:59p   NNW
17  -0.3   5.0   2:46p  -4.2   1:20a  18.6   0.0   0.6   7.0  25.6   5:36p   SSE
18   1.8   5.2   2:02p   0.2   6:27a  16.5   0.0   6.6  11.0  36.7   1:21p   WNW
19  -0.5   2.6   2:58p  -3.9  11:57p  18.8   0.0   0.3  17.6  51.5   9:48a   WNW
20  -3.8   1.6   2:42p  -8.9   7:12a  22.1   0.0   0.0   8.5  25.6   4:47p   NNW
21  -3.6   5.5   3:57p -11.1   6:47a  21.9   0.0   0.0   6.6  22.0   1:04a   NNW
22   2.1  13.2   3:13p  -4.9  12:00a  16.2   0.0   6.0   6.1  25.6   5:14a   SSE
23   3.5   8.7   1:18p  -0.4   3:46a  14.8   0.0   2.1  12.1  42.8  11:23a     S
24   3.7   8.5   1:45p   0.8   8:37p  14.6   0.0   0.0  13.8  47.9   1:54a    NW
25   3.0   8.7   8:26a  -0.2  10:47p  15.3   0.0   7.5  27.2  62.3   5:24a     S
26  -0.3   2.3  12:15p  -4.9  11:54p  18.6   0.0   0.0  21.2  49.0   9:10a    NW
27  -5.1  -0.9   2:06p  -9.0   7:05a  23.4   0.0   0.0  11.0  29.5   2:23a   NNW
28  -2.9   1.4  10:02a  -5.8  11:35p  21.2   0.0   0.3  13.5  36.7   5:35p     N
29  -4.9   2.7   2:11p -11.8   5:11a  23.2   0.0   0.3   7.2  25.6   1:46p    NW
----------------------------------------------------------------------------------
    -2.3  13.7    15   -17.5    13   598.6   0.0  44.7   8.7  62.3    25       W

Max >=  27.0:  0
Max <=   0.0:  8
Min <=   0.0: 27
Min <= -18.0:  0
Max Rain: 19.5 on day 11
Days of Rain: 13 (>= 0.2 mm)  5 (>= 2.0 mm)  0 (>= 20.0 mm)
Heat Base: 18.3  Cool Base: 18.3  Method: Integration