NOAA-Style Climate Reports

Select a Year or Month report
2018: Jan Feb Mar Apr May Jun Jul Aug Sep Oct Nov Dec
2017: Jan Feb Mar Apr May Jun Jul Aug Sep Oct Nov Dec
2016: Jan Feb Mar Apr May Jun Jul Aug Sep Oct Nov Dec
2015: Jan Feb Mar Apr May Jun Jul Aug Sep Oct Nov Dec
2014: Jan Feb Mar Apr May Jun Jul Aug Sep Oct Nov Dec
2013: Jan Feb Mar Apr May Jun Jul Aug Sep Oct Nov Dec
2012: Jan Feb Mar Apr May Jun Jul Aug Sep Oct Nov Dec
2011: Jan Feb Mar Apr May Jun Jul Aug Sep Oct Nov Dec

Report for 2012 January
                   Monthly Climatological Summary for Jan 2012

Name: Jared Court   City: Windsor   State: NS
Elevation: 48 m  Lat: N 44° 58' 41"   Lon: W 064° 06' 20"

                  Temperature (°C), Rain (mm), Wind Speed (km/h)

                                      Heat  Cool        Avg
    Mean                              Deg   Deg         Wind                 Dom
Day Temp  High   Time   Low    Time   Days  Days  Rain  Speed High   Time    Dir
----------------------------------------------------------------------------------
 1   2.5   8.9  12:00a  -0.5   9:56p  15.8   0.0   0.3  11.7  40.3  10:59a   NNW
 2   5.6  13.0   3:20p  -0.3  12:00a  12.7   0.0   4.5  22.0  61.2   9:46a   SSE
 3   0.5   5.8  11:32a  -6.0  11:55p  17.6   0.0   0.0   9.8  25.6  10:03p     W
 4  -8.9  -6.0  12:00a -11.9   7:23a  27.2   0.0   0.0  15.0  34.2   9:31a   NNW
 5  -3.0   1.1   2:55p  -9.9  12:32a  21.2   0.0   0.0   8.4  30.6  10:47a     S
 6  -5.8  -1.7   3:09p  -8.7   7:04p  24.1   0.0   0.0   7.9  30.6   1:55a    NW
 7   1.1   4.8  11:39a  -6.1  12:00a  17.2   0.0   0.6   4.1  14.8   5:19p   SSE
 8   2.7   6.7  12:32p  -1.8  11:46p  15.6   0.0   0.0   8.5  25.6   4:13a    NW
 9  -4.0   0.0   3:03p -10.4  11:59p  22.3   0.0   0.3   6.8  24.5  10:05a    NW
10  -0.9   6.2   2:53p -10.6  12:13a  19.2   0.0   0.0  11.9  35.6  12:37p     S
11  -6.9   1.1   1:06a -13.3  10:37p  25.2   0.0   0.0  13.5  33.1   3:12a   NNW
12  -7.1  -0.5  11:55p -13.8  12:57a  25.4   0.0   0.3   9.8  36.7   9:05p   NNE
13   4.9  10.3   7:04p  -0.5  12:00a  13.4   0.0   4.5  20.1  67.3  11:23p     S
14   0.2   2.4   6:05a  -6.9  11:53p  18.1   0.0   0.0  18.8  63.7   1:27a   WSW
15 -11.2  -6.9  12:00a -13.5   8:36p  29.5   0.0   0.0  13.2  24.5  12:02a    NW
16  -8.9  -0.6   3:25p -14.1   3:12a  27.2   0.0   0.0   9.3  28.1   1:47a   WNW
17   1.1   3.5   1:37p  -5.4  12:00a  17.2   0.0   0.3  12.5  47.9   3:21a     S
18   4.1  12.0  11:16a  -6.8  11:53p  14.2   0.0   0.9  19.9  45.4  12:50p    SW
19  -8.3  -3.9   3:05p -13.7  11:52p  26.6   0.0   0.0  11.5  35.6  12:50a   NNW
20  -5.8   0.2   5:31p -13.9  12:06a  24.1   0.0   0.0   5.3  27.0  10:14p   WNW
21  -7.0  -3.8   1:58p -10.3   6:56a  25.3   0.0   0.0   8.3  29.5   2:04a     W
22 -11.0  -4.8   3:29p -16.6  11:59p  29.3   0.0   0.0  10.6  35.6  10:27a   NNW
23  -6.7   2.6  11:53p -17.7   2:13a  25.0   0.0   0.0   6.6  27.0   2:58p   SSE
24   7.5  10.6   3:07p   2.2   2:13a  10.8   0.0   5.7  17.3  54.0   7:38a   SSE
25   3.2   6.5  10:54a  -1.2   9:11p  15.1   0.0   0.3   7.7  35.6  12:09p   WNW
26  -2.8   0.3   1:40a  -7.1   9:28p  21.1   0.0   0.0  11.2  34.2  11:07a    NW
27  -2.4   3.1  11:59p  -6.6  12:00a  20.7   0.0  11.7  12.7  61.2   9:50p    SE
28   0.5   6.4   4:16a  -4.6  11:34p  17.8   0.0   1.2  16.8  50.0   7:20a   WNW
29   1.3   6.6  11:38a  -4.7  12:10a  17.0   0.0   0.3  13.5  43.9   9:11a    SW
30  -0.9   5.3   9:10a  -5.4  11:56p  19.2   0.0   2.1   5.2  36.7   4:24a     S
31  -7.4  -1.1   3:52p -12.9   7:18a  25.7   0.0   0.0   2.8  18.4  11:14a     W
----------------------------------------------------------------------------------
    -2.4  13.0     2   -17.7    23   640.8   0.0  33.0  11.4  67.3    13     WSW

Max >=  27.0:  0
Max <=   0.0: 10
Min <=   0.0: 30
Min <= -18.0:  0
Max Rain: 11.7 on day 27
Days of Rain: 14 (>= 0.2 mm)  5 (>= 2.0 mm)  0 (>= 20.0 mm)
Heat Base: 18.3  Cool Base: 18.3  Method: Integration