NOAA-Style Climate Reports

Select a Year or Month report
2018: Jan Feb Mar Apr May Jun Jul Aug Sep Oct Nov Dec
2017: Jan Feb Mar Apr May Jun Jul Aug Sep Oct Nov Dec
2016: Jan Feb Mar Apr May Jun Jul Aug Sep Oct Nov Dec
2015: Jan Feb Mar Apr May Jun Jul Aug Sep Oct Nov Dec
2014: Jan Feb Mar Apr May Jun Jul Aug Sep Oct Nov Dec
2013: Jan Feb Mar Apr May Jun Jul Aug Sep Oct Nov Dec
2012: Jan Feb Mar Apr May Jun Jul Aug Sep Oct Nov Dec
2011: Jan Feb Mar Apr May Jun Jul Aug Sep Oct Nov Dec

Report for 2012
                   Annual Climatological Summary for 2012

Name: Jared Court   City: Windsor   State: NS
Elevation: 48 m  Lat: N 44° 58' 41"   Lon: W 064° 06' 20"

                  Temperature (°C), Heat Base: 18.0  Cool Base: 18.0
                          Dep.  Heat  Cool                       Max  Max  Min  Min
        Mean  Mean        From  Deg   Deg                        >=   <=   <=   <=
 YR MO  Max   Min   Mean  Norm  Days  Days  Hi  Date  Low  Date 27.0  0.0  0.0 -18.0
------------------------------------------------------------------------------------
 12  1   3.0  -7.8  -2.1   2.0   590     0  13.0   2 -17.7   23    0    9   28    0
 12  2   3.5  -7.8  -2.3   0.4   557     0  13.7  15 -17.5   13    0    7   25    0
 12  3  10.2  -2.7   3.6   3.7   435     9  29.5  22 -14.0    1    2    2   22    0
 12  4  15.6   0.5   7.7   2.5   300     2  23.8  17  -7.4    1    0    0   14    0
 12  5  22.7   4.8  13.4   1.9   173    30  31.7  26 -11.6   21    7    0    5    0
 12  6  24.5  10.5  16.5  -0.2    98    48  36.7  30   3.8    2    9    0    0    0
 12  7  30.1  14.7  21.8   1.8    20   114  35.2  13   9.1   21   22    0    0    0
 12  8
 12  9  21.1  17.2  18.8   2.9     4     2  26.1  18  13.0   18    0    0    0    0
 12 10  15.3   5.7  10.3   1.7   105     0  21.2  21  -2.6   25    0    0    4    0
 12 11   9.5  -0.3   4.3   0.3   412     0  20.9  13 -10.7   30    0    1   17    0
 12 12   5.3  -4.2   0.4   1.1   545     0  16.4  11 -13.6    2    0    3   24    0
------------------------------------------------------------------------------------
        14.6   2.8   8.4   1.6  3244   209  36.7 Jun -17.7  Jan   40   22  139    0

                                Precipitation (mm)

              Dep.   Max        Days of Rain
              From   Obs.           >=
 YR MO Total  Norm   Day Date  0.2  2.0 20.0
---------------------------------------------
 12  1  32.7 -28.3  11.7  27    13    5    0
 12  2  25.2 -15.8   7.5  25    12    4    0
 12  3  29.4 -28.6   5.7   9    13    7    0
 12  4  50.4  -8.6  18.3  24    10    6    0
 12  5  31.2 -50.8   8.7  10     9    5    0
 12  6  71.1  -6.9  47.1  26    13    7    1
 12  7  24.0 -69.0   9.3   5     8    3    0
 12  8
 12  9  78.0 -19.0  78.0  30     1    1    1
 12 10  78.0 -19.0  55.9  31     5    5    1
 12 11  55.8 -40.2  24.4  14     7    5    1
 12 12 124.2  55.2  24.4  22    13   13    1
---------------------------------------------
       600.0-231.0  78.0  Sep  104   61    5

                                Wind Speed (km/h)
                          Dom
 YR MO   Avg.  Hi   Date  Dir
------------------------------
 12  1  11.4  67.3   13   WSW
 12  2   8.7  62.3   25   WNW
 12  3  10.4  77.0    3    NW
 12  4  13.5  78.5   24     S
 12  5  10.6  77.0   10   SSE
 12  6   9.1  52.6   26    SE
 12  7   7.1  51.5   24    SW
 12  8
 12  9  17.0  53.6   19   SSE
 12 10   7.9  56.5   20   ESE
 12 11   5.5  42.1   13    NW
 12 12   7.8  71.6   22    NW
------------------------------
         9.9  78.5  Apr   SSW