NOAA-Style Climate Reports


Report for 2011 December
                   Monthly Climatological Summary for Dec 2011

Name: Jared Court   City: Windsor   State: NS
Elevation: 48 m  Lat: N 44° 58' 41"   Lon: W 064° 06' 20"

                  Temperature (°C), Rain (mm), Wind Speed (km/h)

                                      Heat  Cool        Avg
    Mean                              Deg   Deg         Wind                 Dom
Day Temp  High   Time   Low    Time   Days  Days  Rain  Speed High   Time    Dir
----------------------------------------------------------------------------------
 1   7.1  11.8  11:58a   3.0  10:51p  11.2   0.0   0.0   8.1  24.5   8:07p     N
 2   1.9  10.3   2:49p  -2.5   7:21a  16.4   0.0   0.0   4.0  17.3  12:05a    NW
 3   1.1   6.5   2:34p  -3.7   7:57a  17.2   0.0   0.0   2.9  18.4  10:48a   NNW
 4   3.0   9.9   3:00p  -2.8   7:20a  15.3   0.0   0.0   9.5  28.1  12:03p     S
 5   9.8  16.9   3:06p   4.9  12:00a   8.5   0.0   0.0   9.6  24.5  12:15a     S
 6  11.4  15.9   3:12p   4.9   2:21a   6.9   0.0   2.1  13.0  34.2   1:34p     S
 7   6.7   8.0   1:49p   5.9   6:08a   8.0   0.0  12.0   3.7  12.2   3:10p     N
 8   7.3  15.5  10:11a   0.4  11:47p  11.0   0.0  16.5  25.7  74.5  10:39a    SW
 9   2.5   9.0  12:09p  -3.2   6:44a  15.8   0.0   0.0   9.7  29.5  11:41a     S
10   4.9   8.9  12:00p   0.3  11:52p  13.4   0.0   5.1  16.8  45.4   2:36a     S
11  -2.9   1.7   9:53a  -7.8  11:40p  21.2   0.0   0.0  10.7  37.8   1:47p    NW
12   2.0  12.5   3:06p  -8.2  12:38a  16.3   0.0   0.0   8.4  41.8   9:44a   SSW
13   3.3  10.4  11:42a  -1.5   6:48a  15.0   0.0   0.0   6.2  24.5  10:52p     W
14   0.7   2.1   1:27p  -2.6  11:19p  17.6   0.0   0.0  12.2  31.7   3:58a   NNE
15   1.8   7.8  11:50p  -2.4   4:41a  16.5   0.0   2.4  16.4  55.1  10:54p   SSE
16   8.2  14.8  10:32a   1.5  11:57p  10.1   0.0   3.3  20.2  54.0  12:07a    SW
17  -1.2   2.5  11:15a  -4.3  11:45p  19.5   0.0   0.0   8.5  24.5  12:06a    NW
18  -3.8  -0.6  10:32a  -5.8   6:07a  22.1   0.0   0.0  12.5  27.0   5:57p   NNE
19  -2.9   2.3   2:57p -10.9   6:57a  21.2   0.0   0.0   9.7  37.8  10:29p     S
20  -1.4   3.1   1:13a  -6.9  11:40p  19.7   0.0   1.8  15.3  49.0  10:41a    NW
21  -2.0   6.4  11:59p -11.3   5:32a  20.3   0.0   5.7  12.9  55.1  11:14p   SSE
22   5.9   9.8   4:12a  -0.8  11:58p  12.4   0.0   3.3   8.0  56.2  12:16a    SW
23   0.2   1.4  11:37a  -2.6  12:51a  18.1   0.0   0.0   0.0   7.2   4:49p     N
24  -6.2   0.2  12:00a -12.8  11:54p  24.5   0.0   0.0   0.0   0.0  12:00a     E
25 -10.1  -3.0   3:08p -16.0   2:25a  28.4   0.0   0.3   0.0   0.0  12:00a     E
26  -0.1   4.1  12:38p  -6.3  12:00a  18.4   0.0   1.5   2.6  17.3  12:15p    NW
27   0.2   7.4   3:17p  -6.9   5:32a  18.1   0.0   0.0   7.1  28.1   9:28p   SSE
28   7.6  12.0   3:27p   3.6  12:00a  10.7   0.0  12.0  26.9  80.6  11:20a   SSE
29  -2.1   4.7  12:00a  -4.1   8:10a  20.4   0.0   0.3  23.5  56.2   3:28p    SW
30  -2.3   2.2   3:15p  -4.7   4:38a  20.9   0.0   0.0  15.1  39.2  12:16a     W
31   3.5  10.2   7:50p  -3.1  12:45a  14.9   0.0  12.3  11.3  41.8   8:24p   SSE
----------------------------------------------------------------------------------
     1.7  16.9     5   -16.0    25   510.0   0.0  78.6  10.6  80.6    28     SSW

Max >=  27.0:  0
Max <=   0.0:  2
Min <=   0.0: 23
Min <= -18.0:  0
Max Rain: 16.5 on day 8
Days of Rain: 14 (>= 0.2 mm)  10 (>= 2.0 mm)  0 (>= 20.0 mm)
Heat Base: 18.3  Cool Base: 18.3  Method: Integration