NOAA-Style Climate Reports

Select a Year or Month report
2018: Jan Feb Mar Apr May Jun Jul Aug Sep Oct Nov Dec
2017: Jan Feb Mar Apr May Jun Jul Aug Sep Oct Nov Dec
2016: Jan Feb Mar Apr May Jun Jul Aug Sep Oct Nov Dec
2015: Jan Feb Mar Apr May Jun Jul Aug Sep Oct Nov Dec
2014: Jan Feb Mar Apr May Jun Jul Aug Sep Oct Nov Dec
2013: Jan Feb Mar Apr May Jun Jul Aug Sep Oct Nov Dec
2012: Jan Feb Mar Apr May Jun Jul Aug Sep Oct Nov Dec
2011: Jan Feb Mar Apr May Jun Jul Aug Sep Oct Nov Dec

Report for 2011
                   Annual Climatological Summary for 2011

Name: Jared Court   City: Windsor   State: NS
Elevation: 48 m  Lat: N 44° 58' 41"   Lon: W 064° 06' 20"

                  Temperature (°C), Heat Base: 18.3  Cool Base: 18.3
                          Dep.  Heat  Cool                       Max  Max  Min  Min
        Mean  Mean        From  Deg   Deg                        >=   <=   <=   <=
 YR MO  Max   Min   Mean  Norm  Days  Days  Hi  Date  Low  Date 27.0  0.0  0.0 -18.0
------------------------------------------------------------------------------------
 11  1   0.6  -8.5  -3.9   0.2   687     0   5.7   1 -19.0   18    0    9   31    2
 11  2   1.9 -10.1  -4.0  -1.3   625     0   9.2  17 -20.6    1    0    9   28    4
 11  3   7.5  -4.9   0.8   0.9   543     0  16.0  18 -15.5    4    0    0   25    0
 11  4  13.4   0.2   6.5   1.3   352     0  21.6  25  -7.8    8    0    0   15    0
 11  5  19.1   7.9  12.5   1.0   185     5  29.0  30   3.1    2    7    0    0    0
 11  6  22.9  10.0  15.6  -1.1    89     9  32.1  28   3.9   11    6    0    0    0
 11  7  28.4  14.2  20.8   0.8    11    90  35.9  23   7.9   25   21    0    0    0
 11  8  27.9  14.2  20.6   1.2     2    72  32.5   7   8.7   24   21    0    0    0
 11  9  25.3  10.9  17.5   1.6    54    30  31.5   5   1.0   28   10    0    0    0
 11 10  17.5   6.4  11.5   2.9   214     3  30.3   9  -2.5   31    2    0    2    0
 11 11  13.4   0.4   6.8   2.8   298     0  19.9  10  -9.0   22    0    0   13    0
 11 12   7.2  -3.4   1.7   2.4   510     0  16.9   5 -16.0   25    0    2   23    0
------------------------------------------------------------------------------------
        15.4   3.1   8.9   1.1  3575   212  35.9 Jul -20.6  Feb   67   20  137    6

                                Precipitation (mm)

              Dep.   Max        Days of Rain
              From   Obs.           >=
 YR MO Total  Norm   Day Date  0.2  2.0 20.0
---------------------------------------------
 11  1  38.1 -22.9   9.9   3    15    5    0
 11  2  44.1   3.1  24.0  25    11    4    1
 11  3  43.8 -14.2  17.4  12    10    6    0
 11  4  59.7   0.7  13.5  17    19   11    0
 11  5  81.9  -0.1  18.6   9    18    9    0
 11  6  95.1  17.1  40.5  15    12    6    2
 11  7  72.3 -20.7  22.8  30    10    5    1
 11  8 105.9  26.9  26.7   7    15    8    1
 11  9  56.1 -40.9  18.0  15    11    6    0
 11 10 202.5 105.5  54.3  20    17   12    3
 11 11  84.0 -12.0  57.0  11     7    3    2
 11 12  78.6   9.6  16.5   8    14   10    0
---------------------------------------------
       962.1  52.1  57.0  Nov  159   85   10

                                Wind Speed (km/h)
                          Dom
 YR MO   Avg.  Hi   Date  Dir
------------------------------
 11  1   8.7  60.1   21    NW
 11  2  11.2  70.9   25    NW
 11  3  15.7  70.9    7    SW
 11  4  13.5  80.6   17     S
 11  5  13.6  63.7   24   ESE
 11  6   9.6  57.6    2     E
 11  7   8.3  45.4    4   SSW
 11  8   9.4  68.4   28     S
 11  9   7.1  43.9   30   SSW
 11 10   9.8  67.3   15   WNW
 11 11   9.8  90.7   11   SSW
 11 12  10.6  80.6   28   SSW
------------------------------
        10.6  90.7  Nov   SSW