NOAA-Style Climate Reports

Select a Year or Month report
2018: Jan Feb Mar Apr May Jun Jul Aug Sep Oct Nov Dec
2017: Jan Feb Mar Apr May Jun Jul Aug Sep Oct Nov Dec
2016: Jan Feb Mar Apr May Jun Jul Aug Sep Oct Nov Dec
2015: Jan Feb Mar Apr May Jun Jul Aug Sep Oct Nov Dec
2014: Jan Feb Mar Apr May Jun Jul Aug Sep Oct Nov Dec
2013: Jan Feb Mar Apr May Jun Jul Aug Sep Oct Nov Dec
2012: Jan Feb Mar Apr May Jun Jul Aug Sep Oct Nov Dec
2011: Jan Feb Mar Apr May Jun Jul Aug Sep Oct Nov Dec

Report for 2018 July
                   Monthly Climatological Summary for Jul 2018

Name: Jared Court   City: Windsor   State: NS
Elevation: 48 m  Lat: N 44° 58' 41"   Lon: W 064° 06' 20"

                  Temperature (°C), Rain (mm), Wind Speed (km/h)

                                      Heat  Cool        Avg
    Mean                              Deg   Deg         Wind                 Dom
Day Temp  High   Time   Low    Time   Days  Days  Rain  Speed High   Time    Dir
----------------------------------------------------------------------------------
 1  21.8  27.7   3:24p  16.4  11:58p   0.0   3.9   0.6   2.9  19.3   5:50a    NE
 2  19.0  28.1   1:46p  12.5   5:17a   1.9   2.8   0.0   5.1  27.4   4:56p   ESE
 3  23.5  32.6   4:48p  16.3  12:00a   0.3   5.8   0.0   4.1  24.1   4:33p   SSE
 4  25.4  33.3   2:00p  16.3   5:39a   0.2   7.6   0.0   2.5  27.4   4:40p     W
 5  27.0  33.6   6:04p  18.6   6:10a   0.0   9.0   0.0   4.9  37.0   2:51p   ESE
 6  23.2  28.4  12:20p  18.9  11:57p   0.0   5.2  16.4   8.1  46.7   1:30p   SSE
 7  17.9  23.1   5:14p  12.5   6:11a   1.5   1.4   0.2   6.3  27.4   7:51a     W
 8  21.0  29.6   4:00p   9.8   5:12a   1.9   4.9   0.0   4.6  32.2   4:30p   SSE
 9  23.5  31.5   5:07p  16.3   5:54a   0.2   5.7   0.0   6.6  30.6   2:09p   SSE
10  22.1  28.7   2:55p  15.7   5:28a   0.2   4.3   0.0   7.1  30.6   5:28p   ESE
11  19.5  25.4   3:42p  15.2   3:09a   0.8   2.3   0.0   2.3  19.3   9:59p    NW
12  19.0  23.8   5:04p  14.2   5:10a   1.0   1.9   0.0   3.1  22.5  12:45p   WNW
13  19.3  26.3   5:04p  13.4  11:56p   0.9   2.2   0.0   3.0  24.1   6:52p   ESE
14  16.7  24.7   1:50p   8.5   6:24a   2.8   1.5   0.0   2.4  20.9  12:24p     E
15  19.9  26.6   2:37p  16.1   6:22a   0.4   2.3   0.0   1.4  16.1   3:21p    NW
16  21.2  28.3   3:07p  15.8   4:24a   0.6   3.8   0.0   1.7  17.7   5:31p    NW
17  21.2  28.8   2:13p  14.2   5:50a   0.8   4.0   0.0   7.1  32.2   3:55p   ESE
18  21.9  25.1   6:31p  19.1  11:55p   0.0   3.9   9.8   4.9  25.7   3:33a   ESE
19  20.5  26.9   4:31p  15.4   4:59a   0.6   3.0   0.0   1.7  17.7   6:42p    NW
20  20.4  29.8   3:03p  10.9   6:11a   1.7   4.2   0.2   3.1  29.0   6:35p   ESE
21  19.6  25.7   4:39p  15.8   7:00a   0.5   2.2   0.2   2.9  22.5   5:31p    NE
22  21.8  28.1   3:29p  17.2   5:09a   0.1   3.9   2.8   5.5  32.2   4:10p   ESE
----------------------------------------------------------------------------------
    21.2  33.6     5     8.5    14    16.4  85.8  30.2   4.2  46.7     6      SE

Max >=  27.0: 13
Max <=   0.0:  0
Min <=   0.0:  0
Min <= -18.0:  0
Max Rain: 16.4 on day 6
Days of Rain: 7 (>= 0.2 mm)  3 (>= 2.0 mm)  0 (>= 20.0 mm)
Heat Base: 18.0  Cool Base: 18.0  Method: Integration