NOAA-Style Climate Reports

Select a Year or Month report
2019: Jan Feb Mar Apr May Jun Jul Aug Sep Oct Nov Dec
2018: Jan Feb Mar Apr May Jun Jul Aug Sep Oct Nov Dec
2017: Jan Feb Mar Apr May Jun Jul Aug Sep Oct Nov Dec
2016: Jan Feb Mar Apr May Jun Jul Aug Sep Oct Nov Dec
2015: Jan Feb Mar Apr May Jun Jul Aug Sep Oct Nov Dec
2014: Jan Feb Mar Apr May Jun Jul Aug Sep Oct Nov Dec
2013: Jan Feb Mar Apr May Jun Jul Aug Sep Oct Nov Dec
2012: Jan Feb Mar Apr May Jun Jul Aug Sep Oct Nov Dec
2011: Jan Feb Mar Apr May Jun Jul Aug Sep Oct Nov Dec

Report for 2019 May
                   Monthly Climatological Summary for May 2019

Name: Jared Court   City: Windsor   State: NS
Elevation: 48 m  Lat: N 44° 58' 41"   Lon: W 064° 06' 20"

                  Temperature (°C), Rain (mm), Wind Speed (km/h)

                                      Heat  Cool        Avg
    Mean                              Deg   Deg         Wind                 Dom
Day Temp  High   Time   Low    Time   Days  Days  Rain  Speed High   Time    Dir
----------------------------------------------------------------------------------
 1   6.7  11.7   5:48p   2.1   6:22a  11.3   0.0   0.0  11.7  41.8   1:49p     W
 2   7.4  12.4   4:00p   1.5  11:59p  10.6   0.0   0.0   4.8  25.7   2:18p   WNW
 3   7.4  16.5   3:45p  -2.2   6:16a  10.6   0.0   0.2   2.9  22.5   5:00p   WNW
 4   6.9   8.6   5:04p   4.8   6:26a  11.1   0.0   2.2   6.0  22.5  10:26a   ESE
 5  11.5  19.5   5:52p   7.0  12:02a   6.7   0.1   0.0   3.5  22.5   7:17p    SW
 6   9.8  18.5   5:14p   2.9   6:08a   8.2   0.0   0.0   3.7  29.0   7:27p   ENE
 7  10.6  20.5   2:54p  -0.3   6:06a   7.5   0.1   0.8   5.0  32.2   5:00p    SE
 8   9.7  12.7   4:21p   6.4   6:00a   8.3   0.0   0.8   7.1  33.8  10:53a     W
 9   7.7  12.1   3:58p   3.6   6:14a  10.3   0.0   0.0   9.0  37.0   8:34a   WNW
10   5.2  11.4  12:49p  -0.3   5:13a  12.8   0.0  10.0   4.4  33.8  11:45p   ESE
11   9.8  15.3   4:45p   4.5  12:00a   8.2   0.0   0.8   8.7  40.2   6:02p   WSW
12   8.6  13.5   3:51p   3.8  11:58p   9.4   0.0   0.0   9.3  32.2   7:33a   WNW
13   6.3  11.7   4:51p   2.8   6:19a  11.7   0.0   0.0   5.3  25.7   6:26p    NE
14   4.6   9.3  10:50a   1.3   6:03a  13.3   0.0  12.4   7.7  37.0  12:42p   NNE
15   6.0   8.7   2:58p   4.2   4:34a  12.0   0.0   2.6   5.2  19.3   4:41p    NW
16   6.2   9.7   6:23p   3.4   5:41a  11.8   0.0   0.2   5.6  25.7  11:52a   WSW
17   8.6  14.9   2:15p   3.7   5:04a   9.4   0.0   1.8   4.2  35.4   4:01p   ESE
18   7.7   9.1   7:04p   4.6  11:50p  10.3   0.0  15.6   6.9  37.0   5:43p   WNW
19   9.6  17.1   3:04p   2.0   6:39a   8.4   0.0   0.0   3.9  29.0   5:04p   WSW
20  10.1  13.2   5:02p   7.3   7:03a   7.9   0.0   9.4   7.4  32.2  10:43a   ESE
----------------------------------------------------------------------------------
     8.0  20.5     7    -2.2     3   199.8   0.2  56.8   6.1  41.8     1       W

Max >=  27.0:  0
Max <=   0.0:  0
Min <=   0.0:  3
Min <= -18.0:  0
Max Rain: 15.6 on day 18
Days of Rain: 12 (>= 0.2 mm)  6 (>= 2.0 mm)  0 (>= 20.0 mm)
Heat Base: 18.0  Cool Base: 18.0  Method: Integration