NOAA-Style Climate Reports


Report for 2019 September
                   Monthly Climatological Summary for Sep 2019

Name: Jared Court   City: Windsor   State: NS
Elevation: 48 m  Lat: N 44° 58' 41"   Lon: W 064° 06' 20"

                  Temperature (°C), Rain (mm), Wind Speed (km/h)

                                      Heat  Cool        Avg
    Mean                              Deg   Deg         Wind                 Dom
Day Temp  High   Time   Low    Time   Days  Days  Rain  Speed High   Time    Dir
----------------------------------------------------------------------------------
 1  16.1  22.3   4:51p  10.0  11:50p   2.8   0.9   0.0   1.9  19.3   9:43a   WNW
 2  16.8  23.0   1:16p   9.0   4:05a   2.8   1.6   0.6   9.1  40.2   5:11p   ESE
 3  19.2  21.5   6:05p  17.1   6:53a   0.1   1.3   3.2   2.0  24.1  12:20a   ESE
 4  19.4  23.6   3:47p  17.0   3:07a   0.3   1.7   0.0   7.2  38.6   5:43p   ESE
 5  18.5  21.3   3:34a  12.5  11:58p   0.8   1.3   3.2   5.2  29.0   1:46a   WSW
 6  14.3  20.5   2:44p   7.7   7:17a   4.2   0.5   0.0   1.2  14.5   1:09p     W
 7  12.6  13.8   4:35a  10.1  12:30a   5.0   0.0  69.2   9.8  77.2   8:21p    NW
 8  12.4  17.1   3:35p   8.0   4:00a   5.1   0.0   0.0   9.0  69.2   1:00a   WSW
 9  14.6  21.6   2:13p   7.4   7:21a   4.0   0.8   0.0   2.6  20.9   3:56p   WSW
10  13.8  21.1   1:45p   6.6   6:59a   4.7   0.5   0.0   1.7  19.3   3:19p   WNW
11  15.4  18.2   6:48p  12.2   4:53a   2.6   0.0   2.0   5.3  43.5  12:48p    SE
12  13.8  18.2  12:00a   8.6  11:55p   4.2   0.0   0.4   2.9  25.7   1:08p   WNW
13  11.5  17.9   4:56p   5.7  11:57p   6.5   0.0   0.0   2.6  25.7   9:49a    NW
14  12.1  20.1   2:09p   3.3   4:46a   6.0   0.1   0.4   7.2  38.6   3:41p   ESE
15  18.2  23.6   3:26p  14.1  11:54p   1.1   1.3   0.4   6.2  30.6   6:23a   SSE
----------------------------------------------------------------------------------
    15.2  23.6     4     3.3    14    50.2  10.0  79.4   4.8  77.2     7       S

Max >=  27.0:  0
Max <=   0.0:  0
Min <=   0.0:  0
Min <= -18.0:  0
Max Rain: 69.2 on day 7
Days of Rain: 8 (>= 0.2 mm)  4 (>= 2.0 mm)  1 (>= 20.0 mm)
Heat Base: 18.0  Cool Base: 18.0  Method: Integration