NOAA-Style Climate Reports

Select a Year or Month report
2019: Jan Feb Mar Apr May Jun Jul Aug Sep Oct Nov Dec
2018: Jan Feb Mar Apr May Jun Jul Aug Sep Oct Nov Dec
2017: Jan Feb Mar Apr May Jun Jul Aug Sep Oct Nov Dec
2016: Jan Feb Mar Apr May Jun Jul Aug Sep Oct Nov Dec
2015: Jan Feb Mar Apr May Jun Jul Aug Sep Oct Nov Dec
2014: Jan Feb Mar Apr May Jun Jul Aug Sep Oct Nov Dec
2013: Jan Feb Mar Apr May Jun Jul Aug Sep Oct Nov Dec
2012: Jan Feb Mar Apr May Jun Jul Aug Sep Oct Nov Dec
2011: Jan Feb Mar Apr May Jun Jul Aug Sep Oct Nov Dec

Report for 2019 July
                   Monthly Climatological Summary for Jul 2019

Name: Jared Court   City: Windsor   State: NS
Elevation: 48 m  Lat: N 44° 58' 41"   Lon: W 064° 06' 20"

                  Temperature (°C), Rain (mm), Wind Speed (km/h)

                                      Heat  Cool        Avg
    Mean                              Deg   Deg         Wind                 Dom
Day Temp  High   Time   Low    Time   Days  Days  Rain  Speed High   Time    Dir
----------------------------------------------------------------------------------
 1  14.0  15.1   4:10p  13.1   6:28a   4.0   0.0   7.0   4.3  32.2   5:36p   WNW
 2  16.1  21.3   6:05p  12.9   6:39a   2.4   0.5   0.0   4.2  24.1   1:06a   WNW
 3  17.2  23.9   5:29p  11.3   3:51a   2.3   1.5   0.0   2.2  16.1  12:18p    NW
 4  21.8  29.4   5:24p  13.0   6:05a   1.2   4.9   0.0   2.2  19.3   3:11p   WNW
 5  25.5  33.7   4:07p  15.1   5:19a   0.3   7.8   0.0   2.4  32.2   4:50p   WSW
 6  25.4  31.6   2:31p  18.6   6:00a   0.0   7.4  10.0   5.2  30.6   4:41p   SSE
 7  20.0  24.5   5:30p  14.6  11:57p   0.4   2.4   0.0   3.1  22.5  10:27a   WNW
 8  20.2  27.0   2:41p  10.4   6:05a   1.7   3.9   0.0   2.9  24.1   2:45p   WSW
 9  19.9  25.4   2:22p  12.4   6:25a   1.1   3.0   0.0   5.1  33.8   6:33p     W
10  18.3  23.3   2:50p  12.0  11:55p   1.2   1.5   0.0   3.5  27.4   3:15p   WNW
11  16.8  25.4   4:48p   7.3   5:30a   3.2   2.0   0.0   2.5  20.9   6:43p   SSE
12  17.9  20.7  11:34a  15.7  12:14a   0.7   0.6   1.0   7.8  32.2  10:56a   ESE
13  20.0  26.7   5:16p  16.0   3:50a   0.4   2.4   0.0   1.8  12.9  12:10a     E
14  19.8  24.6  11:25a  16.6   4:07a   0.3   2.1   2.0   5.9  32.2   4:29p   ESE
15  19.5  23.9  12:52p  14.5   6:26a   0.8   2.3   0.8   4.4  30.6   7:04p   WSW
16  22.3  31.2   5:30p  15.4   6:35a   0.6   4.9   0.0   1.7  17.7   7:20p    NW
17  22.6  28.4   2:53p  18.0  12:45a   0.0   4.6   4.8   4.5  24.1   3:21p    SE
----------------------------------------------------------------------------------
    19.8  33.7     5     7.3    11    20.6  51.8  25.6   3.7  33.8     9      SW

Max >=  27.0:  6
Max <=   0.0:  0
Min <=   0.0:  0
Min <= -18.0:  0
Max Rain: 10.0 on day 6
Days of Rain: 6 (>= 0.2 mm)  4 (>= 2.0 mm)  0 (>= 20.0 mm)
Heat Base: 18.0  Cool Base: 18.0  Method: Integration